{"id":170,"date":"2023-11-06T19:13:26","date_gmt":"2023-11-06T22:13:26","guid":{"rendered":"https:\/\/www.unisantos.br\/workshoprecursosespaciais2024\/?page_id=170"},"modified":"2024-11-24T12:42:08","modified_gmt":"2024-11-24T15:42:08","slug":"programacao-2023","status":"publish","type":"page","link":"https:\/\/www.unisantos.br\/workshoprecursosespaciais2024\/programacao-2023\/","title":{"rendered":"Programa\u00e7\u00e3o 2024"},"content":{"rendered":"<p><strong>DIA 25\/11\/2024<\/strong><\/p>\n<p>&nbsp;<\/p>\n<p><strong>9h<\/strong><\/p>\n<p>&nbsp;<\/p>\n<p>Oficina de Pesquisa<\/p>\n<p>&nbsp;<\/p>\n<p><strong><b>15h<\/b><\/strong><\/p>\n<p>&nbsp;<\/p>\n<p>Abertura<\/p>\n<p>&nbsp;<\/p>\n<p><strong>Prof. Dr. Olavo Bittencourt<\/strong><\/p>\n<p>&nbsp;<\/p>\n<p>Palestra 1<\/p>\n<p>&nbsp;<\/p>\n<p><em><b><strong>Lunar Coordination: Legal Challenges<br \/>\n<\/strong><\/b><\/em>Palestrante<strong>:<\/strong><br \/>\n<strong>Michael Byers<br \/>\n<\/strong>Professor da Universidade de British Columbia, Canad\u00e1. Cofundador e codiretor do Outer Space Institute. Coautor do livro <em>Who Owns Outer Space? International Law, Astrophysics, and the Sustainable Development of Space<\/em> (Cambridge, 2023), premiado pela American Society of International Law.<br \/>\nIdioma: ingl\u00eas<\/p>\n<p>&nbsp;<\/p>\n<p>Palestra 2<\/p>\n<p>&nbsp;<\/p>\n<p><em><strong>Outer Space Institute: Atividades e Parcerias<br \/>\n<\/strong><\/em>Palestrante:<br \/>\n<strong>Beatriz Soeiro<br \/>\n<\/strong>Pesquisadora da Universidade de British Columbia, Canad\u00e1.<br \/>\nIdioma: portugu\u00eas<\/p>\n<p>&nbsp;<\/p>\n<p>Palestra 3<\/p>\n<p>&nbsp;<\/p>\n<p><em><strong>Perspectivas sobre Coopera\u00e7\u00e3o Internacional e Recursos Espaciais no \u00c2mbito do Comit\u00ea das Na\u00e7\u00f5es Unidas para Usos Pac\u00edficos do Espa\u00e7o<\/strong><\/em><br \/>\nPalestrante:<br \/>\n<strong>Eden Clabuchar Martingo<\/strong><br \/>\nDiplomata brasileiro. Divis\u00e3o de Mar, Ant\u00e1rtida e Espa\u00e7o (Demae), Minist\u00e9rio de Rela\u00e7\u00f5es Exteriores<br \/>\nIdioma; portugu\u00eas<\/p>\n<p>&nbsp;<\/p>\n<p>Perguntas e respostas<\/p>\n<p>&nbsp;<\/p>\n<p><strong>16h30<\/strong><\/p>\n<p>&nbsp;<\/p>\n<p>Encerramento<\/p>\n","protected":false},"excerpt":{"rendered":"<p>DIA 25\/11\/2024 &nbsp; 9h &nbsp; Oficina de Pesquisa &nbsp; 15h &nbsp; Abertura &nbsp; Prof. Dr. Olavo Bittencourt &nbsp; Palestra 1 &nbsp; Lunar Coordination: Legal Challenges Palestrante: Michael Byers Professor da Universidade de British Columbia, Canad\u00e1. Cofundador e codiretor do Outer Space Institute. Coautor do livro Who Owns Outer Space? International Law, Astrophysics, and the Sustainable [&hellip;]<\/p>\n","protected":false},"author":1,"featured_media":0,"parent":0,"menu_order":0,"comment_status":"closed","ping_status":"closed","template":"","meta":{"footnotes":""},"_links":{"self":[{"href":"https:\/\/www.unisantos.br\/workshoprecursosespaciais2024\/wp-json\/wp\/v2\/pages\/170"}],"collection":[{"href":"https:\/\/www.unisantos.br\/workshoprecursosespaciais2024\/wp-json\/wp\/v2\/pages"}],"about":[{"href":"https:\/\/www.unisantos.br\/workshoprecursosespaciais2024\/wp-json\/wp\/v2\/types\/page"}],"author":[{"embeddable":true,"href":"https:\/\/www.unisantos.br\/workshoprecursosespaciais2024\/wp-json\/wp\/v2\/users\/1"}],"replies":[{"embeddable":true,"href":"https:\/\/www.unisantos.br\/workshoprecursosespaciais2024\/wp-json\/wp\/v2\/comments?post=170"}],"version-history":[{"count":9,"href":"https:\/\/www.unisantos.br\/workshoprecursosespaciais2024\/wp-json\/wp\/v2\/pages\/170\/revisions"}],"predecessor-version":[{"id":204,"href":"https:\/\/www.unisantos.br\/workshoprecursosespaciais2024\/wp-json\/wp\/v2\/pages\/170\/revisions\/204"}],"wp:attachment":[{"href":"https:\/\/www.unisantos.br\/workshoprecursosespaciais2024\/wp-json\/wp\/v2\/media?parent=170"}],"curies":[{"name":"wp","href":"https:\/\/api.w.org\/{rel}","templated":true}]}}