{"id":71,"date":"2024-08-22T17:44:58","date_gmt":"2024-08-22T20:44:58","guid":{"rendered":"https:\/\/www.unisantos.br\/semanadepsicologia2025\/?page_id=71"},"modified":"2025-08-26T18:11:51","modified_gmt":"2025-08-26T21:11:51","slug":"programacao","status":"publish","type":"page","link":"https:\/\/www.unisantos.br\/semanadepsicologia2025\/programacao\/","title":{"rendered":"Programa\u00e7\u00e3o"},"content":{"rendered":"\n<p><strong>25\/08\/2025 &#8211; Segunda-feira<\/strong><\/p>\n\n\n\n<p><strong>8h \u00e0s 8h30<\/strong><\/p>\n\n\n\n<p><strong>Abertura da Semana da Psicologia<br><\/strong>Solenidade de abertura &#8211; Mesa composta pela Reitoria, Diretoria do Centro de Ci\u00eancias Sociais Aplicadas, Coordena\u00e7\u00e3o do Curso de Psicologia, professores da Comiss\u00e3o Organizadora e alunos representando a comiss\u00e3o de execu\u00e7\u00e3o do evento<br>Audit\u00f3rio 201<\/p>\n\n\n\n<p><strong>8h30 \u00e0s 10h<\/strong><\/p>\n\n\n\n<p>Mesa de debate<strong><br>As Dores do Nosso Tempo: Psicopatologia e aspectos psicossociais<br><\/strong>Convidados:<br><strong>Prof\u00aa. Me. Sarah Fernandes Santana<\/strong> (Docente da UniSantos)<br><strong>Prof\u00aa&nbsp; Me. Iara C\u00e2ndida Chalela Genovese<\/strong> (Docente da UniSantos)<br><strong>Filipe Chalela<\/strong> (Psiquiatra cl\u00ednico)Mediador: <strong>Prof. Dr. Igor da Costa Borysow<\/strong> (Docente da UniSantos)Audit\u00f3rio 201<br><a href=\"https:\/\/ww2.unisantos.br\/Relacionamento\/inscricao\/?id=1671\"><strong>Inscri\u00e7\u00e3o<\/strong><\/a><strong><\/strong><\/p>\n\n\n\n<p><strong>10h \u00e0s 11h30<\/strong><\/p>\n\n\n\n<p><strong>Mostra Cient\u00edfica<br><\/strong>Mesa de apresenta\u00e7\u00f5es<br>Respons\u00e1veis<strong>:<br>Prof\u00aa. Dr\u00aa. Thalita Lacerda Nobre <\/strong>(Docente da UniSantos)<strong><br>Prof\u00aa. Dr\u00aa. Hilda Rosa Capel\u00e3o Avoglia <\/strong>(Docente da UniSantos)<a href=\"https:\/\/eventos.unisantos.br\/3-mostra-cientifica-psicologia-614808\/\"><strong>Inscri\u00e7\u00e3o<\/strong><\/a><strong><\/strong><\/p>\n\n\n\n<p><strong>18h45 \u00e0s 20h10<\/strong><\/p>\n\n\n\n<p><strong>Mostra Cient\u00edfica<br><\/strong>Apresenta\u00e7\u00e3o dos alunos inscritos na mostraRespons\u00e1veis:<strong><br>Prof\u00aa. Dr\u00aa. Thalita Lacerda Nobre <\/strong>(Docente da UniSantos)<strong><br>Prof\u00aa. Dr\u00aa. Hilda Rosa Capel\u00e3o Avoglia <\/strong>(Docente da UniSantos)<br><a href=\"https:\/\/eventos.unisantos.br\/3-mostra-cientifica-psicologia-614808\/\"><strong>Inscri\u00e7\u00e3o<\/strong><\/a><strong><\/strong><\/p>\n\n\n\n<p><strong>20h30 \u00e0s 22h<\/strong><\/p>\n\n\n\n<p>Psicologia Jur\u00eddica<strong><br>Sistema de Justi\u00e7a: Direitos humanos x Judicializa\u00e7\u00e3o da vida<br><\/strong>Convidados:<strong><br>Aur\u00e9lia Rios <\/strong>(Psic\u00f3loga, conselheira municipal de Sa\u00fade, experi\u00eancia em psicologia cl\u00ednica e per\u00edcia judici\u00e1ria)<strong><br>Coletivo Ujima <\/strong>(Primeira rede de psic\u00f3logos negros do Litoral Paulista)Mediadores:<strong><br>Ana Clara Bezerra <\/strong>(Discente do Curso de Psicologia da UniSantos)<strong><br>Prof\u00aa. Me. Maria da Gra\u00e7a Giordano de Marcos Crescenti Aulicino <\/strong>(Docente da UniSantos)Audit\u00f3rio 201<a href=\"https:\/\/ww2.unisantos.br\/Relacionamento\/inscricao\/?id=1672\"><strong>Inscri\u00e7\u00e3o<\/strong><\/a><strong><\/strong><\/p>\n\n\n\n<p><strong>26\/08\/2025 &#8211; Ter\u00e7a-feira<\/strong><\/p>\n\n\n\n<p><strong>8h \u00e0s 9h40<\/strong><\/p>\n\n\n\n<p>Palestra<strong><br>Gerenciando a Ansiedade: Estrat\u00e9gias pr\u00e1ticas para um ambiente de trabalho mais saud\u00e1vel<br><\/strong>Convidada<strong><br>Michelle Barreto <\/strong>(Pedagoga e assistente social com especializa\u00e7\u00e3o em Gest\u00e3o Estrat\u00e9gica de RH)<br>Mediador:<strong><br>Prof\u00aa. Me. Rita de C\u00e1ssia Zaher Rosa Paul <\/strong>(Docente da UniSantos)Audit\u00f3rio 201<a href=\"https:\/\/ww2.unisantos.br\/Relacionamento\/inscricao\/?id=1673\"><strong>Inscri\u00e7\u00e3o<\/strong><\/a><strong><\/strong><\/p>\n\n\n\n<p><strong>10h \u00e0s 11h30<\/strong><\/p>\n\n\n\n<p>Oficina I<br><strong>Mindfulness: A import\u00e2ncia do cuidado e manejo do estresse na vida do psic\u00f3logo<br><\/strong>Mindfulness e Autocompaix\u00e3o<br>Convidada:<strong><br>Marcia Paviani <\/strong>(Psic\u00f3loga colaboradora no IPQ \u2013 FMUSP)<br>Mediadora<strong><br>Prof\u00aa. Me. Rita de C\u00e1ssia Zaher Rosa Paul <\/strong>(Docente da UniSantos)<br>174 vagas &#8211; Sala 201<br><a href=\"https:\/\/ww2.unisantos.br\/Relacionamento\/inscricao\/?id=1680\"><strong>Inscri\u00e7\u00e3o<\/strong><\/a><strong><\/strong><\/p>\n\n\n\n<p><strong>10h \u00e0s 11h30<\/strong><\/p>\n\n\n\n<p>Palestra<strong><br>A Pr\u00e1tica Cl\u00ednica do Psic\u00f3logo na Abordagem Psicanal\u00edtica de Pacientes com Depress\u00e3o ou Ansiedade<br><\/strong>Convidado<strong><br>Hern\u00e1n Siculer <\/strong>(Psic\u00f3logo e psicanalista cl\u00ednico)<br>Mediadora<strong><br>Prof\u00aa. Dr\u00aa. Thalita Lacerda Nobre <\/strong>(Docente da UniSantos)Audit\u00f3rio 206<br><a href=\"https:\/\/ww2.unisantos.br\/Relacionamento\/inscricao\/?id=1674\"><strong>Inscri\u00e7\u00e3o<\/strong><\/a><\/p>\n\n\n\n<p><strong>13h30 \u00e0s 15h30<\/strong><\/p>\n\n\n\n<p>Minicurso<strong><br>Arte, Psican\u00e1lise e M\u00e9todos Projetivos<br>Prof\u00aa. Dr\u00aa. Hilda Rosa Capel\u00e3o Avoglia <\/strong>(Docente da UniSantos)<br>40 vagas &#8211; Sala 128<br><a href=\"https:\/\/ww2.unisantos.br\/Relacionamento\/inscricao\/?id=1675\"><strong>Inscri\u00e7\u00e3o<\/strong><\/a><strong><\/strong><\/p>\n\n\n\n<p><strong>17h \u00e0s 19h<\/strong><\/p>\n\n\n\n<p>Oficina<strong><br>Wallon na Pr\u00e1tica: Resgatando a afetividade no processo de ensino e aprendizagem<br><\/strong>Convidada<strong><br>Prof\u00aa. Dr\u00aa. Priscila Larangeira Carvalho Scachetti <\/strong>(Docentes da UniSantos)40 vagas &#8211; Laborat\u00f3rio Neuro Psicopedagogia<br><a href=\"https:\/\/ww2.unisantos.br\/Relacionamento\/inscricao\/?id=1697\"><strong>Inscri\u00e7\u00e3o<\/strong><\/a><strong><\/strong><\/p>\n\n\n\n<p><strong>18h40 \u00e0s 20h10<\/strong><\/p>\n\n\n\n<p>Palestra<strong><br>Prazer, Winnicott!<br><\/strong>Convidado<strong><br>Prof. Dr. H\u00e9lio Alves <\/strong>(Docente da UniSantos)<br>Mediadora<strong><br>Prof\u00aa. Me. Edna Zarino <\/strong>(Docente da UniSantos)Audit\u00f3rio 206<br><a href=\"https:\/\/ww2.unisantos.br\/Relacionamento\/inscricao\/?id=1676\"><strong>Inscri\u00e7\u00e3o<\/strong><\/a><strong><\/strong><\/p>\n\n\n\n<p><strong>20h30 \u00e0s 22h<\/strong><\/p>\n\n\n\n<p>Palestra<strong><br>Depress\u00e3o e Suic\u00eddio<br><\/strong>Convidada<strong><br>Fabiana Oliveira Rodrigues <\/strong>(Psic\u00f3loga cl\u00ednica)Mediadoras<strong><br>Prof\u00aa. Me. T\u00e2nia Maria Corr\u00eaa Estevaletto <\/strong>(Docente da UniSantos)<strong><br>B\u00e1rbara Gabrielle <\/strong>(Discente do Curso de Psicologia da UniSantos)<strong><br>Audit\u00f3rio 201<br><\/strong><a href=\"https:\/\/ww2.unisantos.br\/Relacionamento\/inscricao\/?id=1677\"><strong>Inscri\u00e7\u00e3o<\/strong><\/a><strong><\/strong><\/p>\n\n\n\n<p><strong>20h30 \u00e0s 22h<\/strong><\/p>\n\n\n\n<p>Roda de Conversa<br><strong>Atua\u00e7\u00e3o de Profissionais de Psicologia e Uso Terap\u00eautico com Psicod\u00e9licos: Limites e aproxima\u00e7\u00f5es para uma pr\u00e1tica \u00e9tica<br><\/strong>Convidados<strong><br>Ca\u00edque Go\u00eds<\/strong> (Psic\u00f3logo cl\u00ednico, redutor de danos no grupo de estudos, pesquisa e extens\u00e3o \u201cDiv3rso\u201d\/Unifesp)<strong><br>Viviane Maria Ribeiro <\/strong>(Psic\u00f3logue, redutor de danos no grupo de estudos, pesquisa e extens\u00e3o \u201cDiv3rso\u201d\/Unifesp)Mediador<strong><br>Prof. Dr. Igor da Costa Borysow <\/strong>(Docente da UniSantos)<br>Audit\u00f3rio 206<br><a href=\"https:\/\/ww2.unisantos.br\/Relacionamento\/inscricao\/?id=1678\"><strong>inscri\u00e7\u00e3o<\/strong><\/a><strong><\/strong><\/p>\n\n\n\n<p><strong>27\/08\/2025 &#8211; Quarta-feira<\/strong><\/p>\n\n\n\n<p><strong>8h \u00e0s 9h40<\/strong><\/p>\n\n\n\n<p>Palestra<strong><br>A Tecnologia e o Impacto nas Rela\u00e7\u00f5es Humanas, do Ponto de Vista da Psican\u00e1lise<br><\/strong>Convidada<strong><br>Prof\u00aa. Dr\u00aa. Thalita Lacerda Nobre <\/strong>(Docente da UniSantos)<br>Mediadores<strong><br>Prof\u00aa. Me. Maria da Gra\u00e7a Giordano de Marcos Crescenti Aulicino <\/strong>(Docente da UniSantos)Audit\u00f3rio 201<br><a href=\"https:\/\/ww2.unisantos.br\/Relacionamento\/inscricao\/?id=1679\">inscri\u00e7\u00e3o<\/a><\/p>\n\n\n\n<p><strong>10h \u00e0s 12h<\/strong><\/p>\n\n\n\n<p>Oficina II<br><strong>Psicologia &amp; Yoga: Uma jornada de corpo, mente e cora\u00e7\u00e3o<br><\/strong>Explorar como a Psicologia e o Yoga se conectam para promover bem-estar, equil\u00edbrio emocional e autoconhecimento.Convidados<strong><br>Marcelo Marques <\/strong>(Psic\u00f3logo cl\u00ednico, atua na Illuminare Psicologia)<strong><br>Chris Souza <\/strong>(Professora de Yoga, atua no espa\u00e7o de Yoga Equilibrium3c)20 vagas &#8211; Sala 221<br><a href=\"https:\/\/ww2.unisantos.br\/Relacionamento\/inscricao\/?id=1681\"><strong>Inscri\u00e7\u00e3o<\/strong><\/a><strong><\/strong><\/p>\n\n\n\n<p><strong>16h30 \u00e0s 18h<\/strong><\/p>\n\n\n\n<p>Minicurso<br><strong>Sa\u00fade Mental e Medicaliza\u00e7\u00e3o da Inf\u00e2ncia: Desafios contempor\u00e2neos<br>Prof\u00aa. Dr\u00aa. Gleise Sales Arias <\/strong>(Docente UniSantos)<br>40 vagas &#8211; Sala 128<br><a href=\"https:\/\/ww2.unisantos.br\/Relacionamento\/inscricao\/?id=1682\"><strong>inscri\u00e7\u00e3o<\/strong><\/a><strong><\/strong><\/p>\n\n\n\n<p><strong>19h30 \u00e0s 22h<\/strong><\/p>\n\n\n\n<p>Celebra\u00e7\u00e3o<br><strong>50 Anos da Cl\u00ednica de Psicologia da UniSantos<br><\/strong>Audit\u00f3rio 201<br><a href=\"https:\/\/ww2.unisantos.br\/Relacionamento\/inscricao\/?id=1709\">Inscri\u00e7\u00e3o<\/a><strong><\/strong><\/p>\n\n\n\n<p><strong>28\/08\/2025 &#8211; Quinta-feira<\/strong><\/p>\n\n\n\n<p><strong>8h \u00e0s 12h<\/strong><\/p>\n\n\n\n<p>Minicurso<br><strong>Psicologia Breve na Comunidade<br><\/strong>Convidado<strong><br>Prof. Dr. H\u00e9lio Alves <\/strong>(Docente da UniSantos)<br>40 vagas &#8211; Sala 131<a href=\"https:\/\/ww2.unisantos.br\/Relacionamento\/inscricao\/?id=1685\"><strong>inscri\u00e7\u00e3o<\/strong><\/a><strong><\/strong><\/p>\n\n\n\n<p><strong>8h \u00e0s 12h<\/strong><\/p>\n\n\n\n<p>Minicurso<br><strong>Psicologia da Alimenta\u00e7\u00e3o: Para al\u00e9m dos transtornos alimentares e obesidade<br><\/strong>Convidadas<strong><br>Prof\u00aa. Dr\u00aa. Miria Benincasa Gomes <\/strong>(Docente da UniSantos)<strong><br>Ta\u00eds Grespan Souza <\/strong>(Psic\u00f3loga, especialista em Transtornos Alimentares e Obesidade, mestre em Psicologia da Sa\u00fade)40 vagas &#8211; Sala 129<a href=\"https:\/\/ww2.unisantos.br\/Relacionamento\/inscricao\/?id=1684\"><strong>Inscri\u00e7\u00e3o<\/strong><\/a><strong><\/strong><\/p>\n\n\n\n<p><strong>8h \u00e0s 10h<\/strong><\/p>\n\n\n\n<p>Minicurso<strong><br>Interpreta\u00e7\u00e3o dos Sonhos<br><\/strong>Convidada<br><strong>Prof\u00aa. Me. Iara C\u00e2ndida Chalela Genovese <\/strong>(Docente da UniSantos)<br>50 vagas &#8211; Sala 133<br><a href=\"https:\/\/ww2.unisantos.br\/Relacionamento\/inscricao\/?id=1686\"><strong>inscri\u00e7\u00e3o<\/strong><\/a><strong><\/strong><\/p>\n\n\n\n<p><strong>8h \u00e0s 10h<br><\/strong>Minicurso<br><strong>A T\u00e9cnica da Linha do Tempo para a Anamnese em Cl\u00ednica Psicanal\u00edtica<br><\/strong>Convidada<strong><br>Prof\u00aa. Dr\u00aa. Thalita Lacerda Nobre <\/strong>(Docente da UniSantos)<br>40 vagas &#8211; Sala 134<br><a href=\"https:\/\/ww2.unisantos.br\/Relacionamento\/inscricao\/?id=1687\"><strong>inscri\u00e7\u00e3o<\/strong><\/a><strong><\/strong><\/p>\n\n\n\n<p><strong>10h \u00e0s 11h30<\/strong><\/p>\n\n\n\n<p>Mesa de debate<strong><br>Avalia\u00e7\u00e3o Neuropsicol\u00f3gica ao Longo da Vida: Da inf\u00e2ncia \u00e0 vida adulta<br><\/strong>Convidadas<strong><br>Thamyris Savi (<\/strong>Neuropsic\u00f3loga e especialista em Terapia Cognitivo Comportamental)<strong><br>Thays Souza (<\/strong>Neuropsic\u00f3loga e especialista em An\u00e1lise do Comportamento Aplicada &#8211; ABA)Mediadora<br><strong>Prof\u00aa. Me. Iara C\u00e2ndida Chalela Genovese <\/strong>(Docente da UniSantos)Audit\u00f3rio 201<br><a href=\"https:\/\/ww2.unisantos.br\/Relacionamento\/inscricao\/?id=1688\"><strong>inscri\u00e7\u00e3o<\/strong><\/a><\/p>\n\n\n\n<p><strong>11h30 \u00e0s 13h<\/strong><\/p>\n\n\n\n<p>Minicurso<br><strong>Esquizofrenia: Possibilidades em avalia\u00e7\u00e3o e interven\u00e7\u00e3o neuropsicol\u00f3gica<br>Prof\u00aa. Dr\u00aa. Mariane Menezes Roldan <\/strong>(Docente da UniSantos)<br><strong>45 vagas &#8211; Sala 220<br><\/strong><a href=\"https:\/\/ww2.unisantos.br\/Relacionamento\/inscricao\/?id=1689\"><strong>Inscri\u00e7\u00e3o<\/strong><\/a><strong><\/strong><\/p>\n\n\n\n<p><strong>18h40 \u00e0s 20h10<\/strong><\/p>\n\n\n\n<p>Mesa de debate<strong><br>Psicologia do Esporte: A import\u00e2ncia da atua\u00e7\u00e3o da Psicologia no esporte<br><\/strong>Convidados<strong><br>Matheus Alexandre <\/strong>(Psic\u00f3logo do Esporte, atua no Santos Futebol Clube)<strong><br>Brunna Musa <\/strong>(Psic\u00f3loga Cl\u00ednica Esportiva)<br>Mediador<strong><br>Prof. Dr. Edgar Toschi Dias <\/strong>(Docente da UniSantos)<br>Audit\u00f3rio 201<br><a href=\"https:\/\/ww2.unisantos.br\/Relacionamento\/inscricao\/?id=1690\"><strong>inscri\u00e7\u00e3o<\/strong><\/a><strong><\/strong><\/p>\n\n\n\n<p><strong>20h30 \u00e0s 22h<\/strong><\/p>\n\n\n\n<p>Palestra<strong><br>Manejo de Pessoas em Situa\u00e7\u00e3o de Viol\u00eancia<br><\/strong>Convidadas<strong><br>Prof\u00aa. Dr\u00aa. Beatriz Borges Brambilla <\/strong>(Docente da UniSantos)<strong><br>Mirele Macedo <\/strong>(Psic\u00f3loga, mestranda em Psicologia e Pol\u00edticas P\u00fablicas)<strong><br>Laura Ribeiro <\/strong>(Psic\u00f3loga da Sa\u00fade, mestranda em Psicologia e Pol\u00edticas P\u00fablicas)<br>Mediadoras<strong><br>Ana Clara Bezerra <\/strong>(Discente do curso de Psicologia UniSantos)<strong><br>Prof\u00aa. Me. Sarah Fernandes Santana <\/strong>(Docente UniSantos)Audit\u00f3rio 201<br><a href=\"https:\/\/ww2.unisantos.br\/Relacionamento\/inscricao\/?id=1691\"><strong>inscri\u00e7\u00e3o<\/strong><\/a><\/p>\n\n\n\n<p><strong>29\/08\/2025 &#8211; Sexta-feira<\/strong><\/p>\n\n\n\n<p><strong>8h \u00e0s 10h<\/strong><\/p>\n\n\n\n<p><strong>III Mostra Cient\u00edfica<br><\/strong>Respons\u00e1veis<strong><br>Prof\u00aa. Dr\u00aa. Thalita Lacerda Nobre <\/strong>(Docente da UniSantos)<strong><br>Prof\u00aa. Dr\u00aa. Hilda Rosa Capel\u00e3o Avoglia <\/strong>(Docente da UniSantos)<br><a href=\"https:\/\/eventos.unisantos.br\/3-mostra-cientifica-psicologia-614808\/\"><strong>Inscri\u00e7\u00e3o<\/strong><\/a><strong><\/strong><\/p>\n\n\n\n<p><strong>10h \u00e0s 11h30<\/strong><\/p>\n\n\n\n<p><strong>Cuidar de Quem Gera: Conex\u00f5es entre Psicologia Obst\u00e9trica e o acompanhamento da doula no parto e p\u00f3s-parto<br><\/strong>Convidadas<strong><br>Carolina Beltr\u00e3o <\/strong>(Psic\u00f3loga cl\u00ednica, perinatal e obst\u00e9trica, s\u00f3cia-propriet\u00e1ria da Cl\u00ednica de Psicologia Espa\u00e7o Sa\u00fade e Bem-Estar, vice-presidente da ABEC \u2013 Associa\u00e7\u00e3o Bem-Estar na Comunidade)<strong><br>Tamara Santana <\/strong>(Doula, psic\u00f3loga especialista em psican\u00e1lise cl\u00ednica e psicologia perinatal e da parentalidade)<br>Mediadora<strong><br>Prof\u00aa. Me. Eliana Bruno Ferreira de Almeida <\/strong>(Docente da UniSantos)<br>Audit\u00f3rio 201<br><a href=\"https:\/\/ww2.unisantos.br\/Relacionamento\/inscricao\/?id=1692\"><strong>inscri\u00e7\u00e3o<\/strong><\/a><strong><\/strong><\/p>\n\n\n\n<p><strong>18h40 \u00e0s 20h<\/strong><\/p>\n\n\n\n<p><strong>Psicologia Hospitalar: As possibilidades de atua\u00e7\u00e3o da Psicologia na Unidade Neonatal<br><\/strong>Convidada<br><strong>Giovanna Estev\u00e3o <\/strong>(Psic\u00f3loga, p\u00f3s-graduanda HC-FMUSP)<br>Mediadora<strong><br>Prof\u00aa. Dr\u00aa. Eliana Bruno Ferreira de Almeida <\/strong>(Docente da UniSantos)<br>Audit\u00f3rio 201<br><a href=\"https:\/\/ww2.unisantos.br\/Relacionamento\/inscricao\/?id=1693\"><strong>inscri\u00e7\u00e3o<\/strong><\/a><\/p>\n\n\n\n<p><strong>20h10 \u00e0s 21h20<\/strong><\/p>\n\n\n\n<p><strong>Quest\u00f5es da Popula\u00e7\u00e3o LGBTQIAPN+ e a Psicologia<br><\/strong>Convidados<strong><br>Samuel Bittar <\/strong>(Psic\u00f3logo)<br><strong>Ayra Zaine Rodrigues Urbano<\/strong> (Farmac\u00eautica e doutoranda do Programa de P\u00f3s-Gradua\u00e7\u00e3o em Sa\u00fade Coletiva da UniSantos)<br><strong>Geovana Ramalho Gomes da Silva<\/strong> (Enfermeira, mestranda no Programa de P\u00f3s-Gradua\u00e7\u00e3o em Sa\u00fade Coletiva da UniSantos)<br><strong>Jos\u00e9 Reis dos Santos Junior<\/strong> (Enfermeiro, mestrando no Programa de P\u00f3s-Gradua\u00e7\u00e3o em Sa\u00fade Coletiva da UniSantos)<br>Mediador<br><strong>Gustavo At\u00e3es <\/strong>(Discente do curso de Psicologia da UniSantos)<strong><br>Prof. Dr. Igor da Costa Borysow <\/strong>(Docente da UniSantos)<br>Audit\u00f3rio 206<br><a href=\"https:\/\/ww2.unisantos.br\/Relacionamento\/inscricao\/?id=1694\"><strong>Inscri\u00e7\u00e3o<\/strong><\/a><\/p>\n\n\n\n<p><strong>20h10 \u00e0s 21h30<\/strong><\/p>\n\n\n\n<p>Roda de conversa<strong><br>TEA e o Trabalho na Cl\u00ednica Multiprofissional<br><\/strong>Convidados<strong><br>Marcela Dornellas, Hiuane Azevedo, Gusttavo Bueno, Let\u00edcia Medeiros, Marcio Gomes Vieira Junior <\/strong>(equipe multiprofissional, atuam com crian\u00e7as com TEA)<br>Mediador<strong><br>Prof. Dr. Edgar Toschi Dias <\/strong>(Docente da UniSantos)<br>Audit\u00f3rio 201<br><a href=\"https:\/\/ww2.unisantos.br\/Relacionamento\/inscricao\/?id=1683\"><strong>Inscri\u00e7\u00e3o<\/strong><\/a><\/p>\n\n\n\n<p><strong>21h30 \u00e0s 21h50<\/strong><\/p>\n\n\n\n<p><strong>Encerramento da Semana<\/strong><\/p>\n","protected":false},"excerpt":{"rendered":"<p>25\/08\/2025 &#8211; Segunda-feira 8h \u00e0s 8h30 Abertura da Semana da PsicologiaSolenidade de abertura &#8211; Mesa composta pela Reitoria, Diretoria do [&hellip;]<\/p>\n","protected":false},"author":1,"featured_media":0,"parent":0,"menu_order":0,"comment_status":"closed","ping_status":"closed","template":"","meta":{"footnotes":""},"_links":{"self":[{"href":"https:\/\/www.unisantos.br\/semanadepsicologia2025\/wp-json\/wp\/v2\/pages\/71"}],"collection":[{"href":"https:\/\/www.unisantos.br\/semanadepsicologia2025\/wp-json\/wp\/v2\/pages"}],"about":[{"href":"https:\/\/www.unisantos.br\/semanadepsicologia2025\/wp-json\/wp\/v2\/types\/page"}],"author":[{"embeddable":true,"href":"https:\/\/www.unisantos.br\/semanadepsicologia2025\/wp-json\/wp\/v2\/users\/1"}],"replies":[{"embeddable":true,"href":"https:\/\/www.unisantos.br\/semanadepsicologia2025\/wp-json\/wp\/v2\/comments?post=71"}],"version-history":[{"count":11,"href":"https:\/\/www.unisantos.br\/semanadepsicologia2025\/wp-json\/wp\/v2\/pages\/71\/revisions"}],"predecessor-version":[{"id":109,"href":"https:\/\/www.unisantos.br\/semanadepsicologia2025\/wp-json\/wp\/v2\/pages\/71\/revisions\/109"}],"wp:attachment":[{"href":"https:\/\/www.unisantos.br\/semanadepsicologia2025\/wp-json\/wp\/v2\/media?parent=71"}],"curies":[{"name":"wp","href":"https:\/\/api.w.org\/{rel}","templated":true}]}}