{"id":71,"date":"2024-08-22T17:44:58","date_gmt":"2024-08-22T20:44:58","guid":{"rendered":"https:\/\/www.unisantos.br\/semanacomunicacao2025\/?page_id=71"},"modified":"2025-10-03T16:38:38","modified_gmt":"2025-10-03T19:38:38","slug":"programacao","status":"publish","type":"page","link":"https:\/\/www.unisantos.br\/semanacomunicacao2025\/programacao\/","title":{"rendered":"Programa\u00e7\u00e3o"},"content":{"rendered":"\n<p><strong>06\/10\/2025 &#8211; Segunda-feira<\/strong><\/p>\n\n\n\n<p><strong>19h30<\/strong><\/p>\n\n\n\n<p><strong>Apresenta\u00e7\u00e3o do Document\u00e1rio 90 Anos do Roxy e debate com os diretores <\/strong><br><strong>Prof. Me. Wanderley Camargo<\/strong><br><strong>Prof. Me. Andr\u00e9 Azenha<\/strong> <br>Local: <strong>Roxy (Gonzaga)<\/strong><\/p>\n\n\n\n<p><strong>07\/10\/2025 &#8211; Ter\u00e7a-feira<\/strong><\/p>\n\n\n\n<p><strong>18h30-19h30<\/strong><\/p>\n\n\n\n<p><strong>VI Mostra de Pesquisa em Comunica\u00e7\u00e3o<\/strong><br>Exposi\u00e7\u00e3o e apresenta\u00e7\u00e3o de trabalhos \u2013 Gradua\u00e7\u00e3o, P\u00f3s e Ensino M\u00e9dio<\/p>\n\n\n\n<p><strong>19h30<\/strong><\/p>\n\n\n\n<p>Palestra (Cinema\/Publicidade e Propaganda)<br><strong>Curadoria de Conte\u00fado em Tempos de Plataformas e Redes Sociais<\/strong><br><strong>R\u00eamio Cabral<\/strong> (Gerente de Programa\u00e7\u00e3o &#8211; Globo Rio\/Paris Filmes\/Fox)<br>Audit\u00f3rio 201<br><strong><a href=\"https:\/\/ww2.unisantos.br\/Relacionamento\/inscricao\/?id=1734\">Inscreva-se<\/a><\/strong><\/p>\n\n\n\n<p>Palestra (Jornalismo)<br><strong>Jornalismo Especializado em Tempos de influencers <\/strong><br><strong>Michel Escanhola <\/strong>(Ford Brasil)<br><strong>Fernanda Lopes e Marcus Fernandes <\/strong>(A Tribuna)<br><strong>Leopoldo Figueiredo <\/strong>(Jornal da Orla)<br>Audit\u00f3rio 200<br><strong><a href=\"https:\/\/ww2.unisantos.br\/Relacionamento\/inscricao\/?id=1731\">Inscreva-se<\/a><\/strong><\/p>\n\n\n\n<p><strong>08\/10\/2025 &#8211; Quarta-feira<\/strong><\/p>\n\n\n\n<p><strong>VI Mostra de Pesquisa em Comunica\u00e7\u00e3o <\/strong><br>Exposi\u00e7\u00e3o de trabalhos<\/p>\n\n\n\n<p><strong>19h<\/strong><\/p>\n\n\n\n<p>Palestra (Cinema e Audiovisual)<br><strong>Margens Insurgentes: olhares da periferia<\/strong><br><strong>Coletivo Olhar Marginal<\/strong><br>Local: <strong>Sesc Santos<\/strong><\/p>\n\n\n\n<p><strong>19h30<\/strong><\/p>\n\n\n\n<p>Palestra (Publicidade e Propaganda)<br><strong>Por Tr\u00e1s das Grandes Marcas: Estrat\u00e9gias e produ\u00e7\u00e3o de campanhas de impacto<\/strong><br><strong>Alline Blanco<\/strong> (Assinou a dire\u00e7\u00e3o de produ\u00e7\u00e3o de campanhas para Volkswagen, Toyota, Natura, Ita\u00fa e BMW)<br>Audit\u00f3rio 206<br><strong><a href=\"https:\/\/ww2.unisantos.br\/Relacionamento\/inscricao\/?id=1735\">Inscreva-se<\/a><\/strong><\/p>\n\n\n\n<p>Palestra (Jornalismo)<br><strong>TV Aberta e Reportagem em Tempos de Desinforma\u00e7\u00e3o nas M\u00eddias Sociais <\/strong><br><strong>F\u00e1bio Garcez <\/strong>(TH+ Band Litoral)<br>Audit\u00f3rio 200<br><strong><a href=\"https:\/\/ww2.unisantos.br\/Relacionamento\/inscricao\/?id=1732\">Inscreva-se<\/a><\/strong><\/p>\n\n\n\n<p><strong>09\/10\/2025 &#8211; Quinta-feira<\/strong><\/p>\n\n\n\n<p><strong>VI Mostra de Pesquisa em Comunica\u00e7\u00e3o<\/strong><br>Exposi\u00e7\u00e3o de trabalhos<\/p>\n\n\n\n<p><strong>19h30<\/strong><\/p>\n\n\n\n<p><strong>Case: Jornal da Orla &#8211; Novas perspectivas editoriais e do mercado publicit\u00e1rio regional com o reposicionamento do ve\u00edculo de comunica\u00e7\u00e3o<\/strong><br><strong>Leopoldo Figueiredo <\/strong>(Diretor-geral)<br><strong>Gustavo Klein<\/strong> (Editor-executivo)<br><strong>Roberta Pereira<\/strong> (Diretora comercial)<br>Audit\u00f3rio 201<br><strong><a href=\"https:\/\/ww2.unisantos.br\/Relacionamento\/inscricao\/?id=1733\">Inscreva-se<\/a><\/strong><\/p>\n\n\n\n<p><\/p>\n","protected":false},"excerpt":{"rendered":"<p>06\/10\/2025 &#8211; Segunda-feira 19h30 Apresenta\u00e7\u00e3o do Document\u00e1rio 90 Anos do Roxy e debate com os diretores Prof. Me. Wanderley CamargoProf. [&hellip;]<\/p>\n","protected":false},"author":1,"featured_media":0,"parent":0,"menu_order":0,"comment_status":"closed","ping_status":"closed","template":"","meta":{"footnotes":""},"_links":{"self":[{"href":"https:\/\/www.unisantos.br\/semanacomunicacao2025\/wp-json\/wp\/v2\/pages\/71"}],"collection":[{"href":"https:\/\/www.unisantos.br\/semanacomunicacao2025\/wp-json\/wp\/v2\/pages"}],"about":[{"href":"https:\/\/www.unisantos.br\/semanacomunicacao2025\/wp-json\/wp\/v2\/types\/page"}],"author":[{"embeddable":true,"href":"https:\/\/www.unisantos.br\/semanacomunicacao2025\/wp-json\/wp\/v2\/users\/1"}],"replies":[{"embeddable":true,"href":"https:\/\/www.unisantos.br\/semanacomunicacao2025\/wp-json\/wp\/v2\/comments?post=71"}],"version-history":[{"count":27,"href":"https:\/\/www.unisantos.br\/semanacomunicacao2025\/wp-json\/wp\/v2\/pages\/71\/revisions"}],"predecessor-version":[{"id":181,"href":"https:\/\/www.unisantos.br\/semanacomunicacao2025\/wp-json\/wp\/v2\/pages\/71\/revisions\/181"}],"wp:attachment":[{"href":"https:\/\/www.unisantos.br\/semanacomunicacao2025\/wp-json\/wp\/v2\/media?parent=71"}],"curies":[{"name":"wp","href":"https:\/\/api.w.org\/{rel}","templated":true}]}}