{"id":6935,"date":"2025-08-12T18:18:28","date_gmt":"2025-08-12T21:18:28","guid":{"rendered":"https:\/\/www.unisantos.br\/pos\/?page_id=6935"},"modified":"2025-08-15T17:18:19","modified_gmt":"2025-08-15T20:18:19","slug":"comunicacao-oral-em-lingua-inglesa","status":"publish","type":"page","link":"https:\/\/www.unisantos.br\/pos\/centro-de-linguas\/comunicacao-oral-em-lingua-inglesa\/","title":{"rendered":"Comunica\u00e7\u00e3o Oral em L\u00edngua Inglesa"},"content":{"rendered":"<p><strong>PROFESSOR RESPONS\u00c1VEL<br \/>\n<\/strong>Prof. Andrew Charles Fox<strong>\u00a0<\/strong><\/p>\n<p><strong>CARGA HOR\u00c1RIA<br \/>\n<\/strong>24 h\/a<\/p>\n<p><strong>LOCAL<br \/>\n<\/strong>On-line (encontros s\u00edncronos)<\/p>\n<p><strong>OBJETIVO<br \/>\n<\/strong>O objetivo deste curso \u00e9 preparar os alunos para fazerem discursos em l\u00edngua inglesa, por meio de aulas te\u00f3ricas e pr\u00e1ticas. O aluno aprender\u00e1 a executar com sucesso as etapas do processo de produ\u00e7\u00e3o de discurso, incluindo: selecionar um t\u00f3pico, conduzir pesquisas, organizar um discurso, reduzir a ansiedade da produ\u00e7\u00e3o de discursos e apresenta\u00e7\u00e3o de discursos. Os alunos tamb\u00e9m trabalhar\u00e3o para desenvolver habilidades eficazes de escuta cr\u00edtica e pensamento cr\u00edtico.<\/p>\n<p><strong>\u00a0<\/strong><strong>P\u00daBLICO-ALVO<br \/>\n<\/strong>Alunos de gradua\u00e7\u00e3o e p\u00f3s-gradua\u00e7\u00e3o e professores de institui\u00e7\u00f5es de ensino superior.<\/p>\n<p><strong>\u00a0<\/strong><strong>CONTE\u00daDO<br \/>\n<\/strong>Introductory class and self intro speeches<br \/>\nFundamentals of Public Speaking<br \/>\nHow to prepare a speech<br \/>\nInformative presentations orientation \u2013 style, language and structure<br \/>\nInformative presentations &#8211; Gathering reliable information; using evidence and examples effectively<br \/>\nInformative presentations \u2013 practice class<br \/>\nDebate speech orientation \u2013 style, language and structure<br \/>\nDebate speech \u2013 practice class<br \/>\nPersuasive speech orientation \u2013 style, language and structure<br \/>\nPersuasive speech orientation &#8211; Phrases for emphasis, transitions, rhetorical questions, and ersuasive language<br \/>\nPersuasive speech \u2013 practice class<br \/>\nBusiness \/ Academic presentation \u2013 style, language and structure<br \/>\nBusiness \/ Academic presentation \u2013 practice class<br \/>\nFinal speech orientation and planning\/coaching<br \/>\nFinal speech presentations<br \/>\nFinal speech presentations\/Presentations feedback<\/p>\n<p><strong>OBSERVA\u00c7\u00d5ES<br \/>\n<\/strong>A Universidade se reserva o direito de alterar o cronograma e o corpo docente.<br \/>\nDocumenta\u00e7\u00e3o necess\u00e1ria para quem n\u00e3o \u00e9 aluno da Cat\u00f3lica de Santos: c\u00f3pias do RG, CPF, certid\u00e3o de nascimento ou casamento.<br \/>\nA inscri\u00e7\u00e3o presencial s\u00f3 poder\u00e1 ser efetuada pelo interessado no curso, ou por pessoa munida de procura\u00e7\u00e3o autenticada em cart\u00f3rio.<br \/>\nA efetiva\u00e7\u00e3o da matr\u00edcula est\u00e1 condicionada ao pagamento do boleto da 1\u00aa. parcela e entrega da documenta\u00e7\u00e3o exigida.<\/p>\n<p><strong>OUTRAS INFORMA\u00c7\u00d5ES<br \/>\n<\/strong>Departamento de Atendimento Integrado<br \/>\nTelefones: (13) 3205-5555<br \/>\nE-mail: dat@unisantos.br<\/p>\n","protected":false},"excerpt":{"rendered":"<p>PROFESSOR RESPONS\u00c1VEL Prof. Andrew Charles Fox\u00a0 CARGA HOR\u00c1RIA 24 h\/a LOCAL On-line (encontros s\u00edncronos) OBJETIVO O objetivo deste curso \u00e9 [&hellip;]<\/p>\n","protected":false},"author":1,"featured_media":0,"parent":397,"menu_order":0,"comment_status":"closed","ping_status":"closed","template":"","meta":{"footnotes":""},"_links":{"self":[{"href":"https:\/\/www.unisantos.br\/pos\/wp-json\/wp\/v2\/pages\/6935"}],"collection":[{"href":"https:\/\/www.unisantos.br\/pos\/wp-json\/wp\/v2\/pages"}],"about":[{"href":"https:\/\/www.unisantos.br\/pos\/wp-json\/wp\/v2\/types\/page"}],"author":[{"embeddable":true,"href":"https:\/\/www.unisantos.br\/pos\/wp-json\/wp\/v2\/users\/1"}],"replies":[{"embeddable":true,"href":"https:\/\/www.unisantos.br\/pos\/wp-json\/wp\/v2\/comments?post=6935"}],"version-history":[{"count":3,"href":"https:\/\/www.unisantos.br\/pos\/wp-json\/wp\/v2\/pages\/6935\/revisions"}],"predecessor-version":[{"id":6966,"href":"https:\/\/www.unisantos.br\/pos\/wp-json\/wp\/v2\/pages\/6935\/revisions\/6966"}],"up":[{"embeddable":true,"href":"https:\/\/www.unisantos.br\/pos\/wp-json\/wp\/v2\/pages\/397"}],"wp:attachment":[{"href":"https:\/\/www.unisantos.br\/pos\/wp-json\/wp\/v2\/media?parent=6935"}],"curies":[{"name":"wp","href":"https:\/\/api.w.org\/{rel}","templated":true}]}}