{"id":644,"date":"2018-10-16T14:31:06","date_gmt":"2018-10-16T17:31:06","guid":{"rendered":"https:\/\/www.unisantos.br\/pos\/?page_id=644"},"modified":"2023-01-03T21:29:22","modified_gmt":"2023-01-04T00:29:22","slug":"novo-codigo-de-processo-civil-e-as-modificacoes-no-sistema-processual-brasileiro","status":"publish","type":"page","link":"https:\/\/www.unisantos.br\/pos\/qualificacao\/novo-codigo-de-processo-civil-e-as-modificacoes-no-sistema-processual-brasileiro\/","title":{"rendered":"Novo C\u00f3digo de Processo Civil e as Modifica\u00e7\u00f5es no Sistema Processual Brasileiro"},"content":{"rendered":"<p><strong>CARGA HOR\u00c1RIA<\/strong><br \/>\n48 h\/a<\/p>\n<p><strong>LOCAL<\/strong><br \/>\nCampus Dom Id\u00edlio Jos\u00e9 Soares<\/p>\n<p><strong>OBJETIVOS<br \/>\n<\/strong>Conhecer as disposi\u00e7\u00f5es do Novo C\u00f3digo de Processo Civil (Lei n. 13.105\/2015)<br \/>\nAnalisar os impactos das altera\u00e7\u00f5es trazidas pela nova legisla\u00e7\u00e3o no sistema processual brasileiro<br \/>\nRefletir sobre os novos \u201cparadigma\u201d do Direito Processual Civil<br \/>\nAprimorar habilidades operativas no exerc\u00edcio da pr\u00e1tica processual<\/p>\n<p><strong>P\u00daBLICO ALVO<br \/>\n<\/strong>Advogados, membros das carreiras jur\u00eddicas em geral, serventu\u00e1rios da Justi\u00e7a, estudantes e demais interessados<\/p>\n<p><strong>CONTE\u00daDO<\/strong><br \/>\n\u2022 Princ\u00edpios previstos no Novo CPC: Coopera\u00e7\u00e3o, lealdade e boa-f\u00e9. A nova fei\u00e7\u00e3o do contradit\u00f3rio e a motiva\u00e7\u00e3o das decis\u00f5es judiciais. Da jurisdi\u00e7\u00e3o, da a\u00e7\u00e3o e do processo. Condi\u00e7\u00f5es da a\u00e7\u00e3o no Novo CPC. Compet\u00eancia interna e coopera\u00e7\u00e3o nacional. Novas regras sobre compet\u00eancia territorial. O menor rigor formal na coopera\u00e7\u00e3o entre os \u00f3rg\u00e3os jurisdicionais.<br \/>\n\u2022 Partes e seus procuradores. Honor\u00e1rios advocat\u00edcios e gratuidade de justi\u00e7a Litiscons\u00f3rcio. Esp\u00e9cies e consequ\u00eancias da n\u00e3o forma\u00e7\u00e3o do litiscons\u00f3rcio necess\u00e1rio. Interven\u00e7\u00e3o de terceiros. Aspectos gerais. Assist\u00eancia. Denuncia\u00e7\u00e3o da lide. Chamamento ao processo. <em>Amicus curiae<\/em>. Incidente de Desconsidera\u00e7\u00e3o da personalidade jur\u00eddica.<br \/>\n\u2022 Panorama geral das inova\u00e7\u00f5es na fase postulat\u00f3ria do processo de conhecimento. Peti\u00e7\u00e3o inicial, pedido e a possibilidade de sua improced\u00eancia liminar. Audi\u00eancia Pr\u00e9via e equivalentes jurisdicionais (media\u00e7\u00e3o e concilia\u00e7\u00e3o). Respostas do r\u00e9u: prazo, formas e conte\u00fado. A absor\u00e7\u00e3o da nomea\u00e7\u00e3o \u00e0 autoria como mat\u00e9ria preliminar na contesta\u00e7\u00e3o. Revelia.<br \/>\n\u2022 Provid\u00eancias preliminares e saneamento compartilhado. Audi\u00eancia de Instru\u00e7\u00e3o e Julgamento. Senten\u00e7a e coisa julgada. Julgamento antecipado parcial de m\u00e9rito. Coisa julgada: Conceito e esp\u00e9cies. Limites subjetivos e objetivos.<br \/>\n\u2022 Atos processuais. Forma dos atos e nulidades. Comunica\u00e7\u00e3o dos atos processuais: cita\u00e7\u00e3o e intima\u00e7\u00e3o. Prazos processuais. Especificidades e nova forma de contagem. Neg\u00f3cios ou conven\u00e7\u00f5es processuais.<br \/>\n\u2022 Impactos do Novo CPC no \u00e2mbito probat\u00f3rio. Princ\u00edpios. \u00d4nus da prova e invers\u00e3o. Procedimento em mat\u00e9ria probat\u00f3ria. A produ\u00e7\u00e3o antecipada da prova. Provas em esp\u00e9cie. Peculiaridades da prova testemunhal, pericial e documental. A argui\u00e7\u00e3o de falsidade.<br \/>\n\u2022 Tutela de urg\u00eancia e evid\u00eancia: o novo regime da tutela provis\u00f3ria. Tutelas de urg\u00eancia e evidencia. Conceito, requisitos, natureza e finalidade. Disposi\u00e7\u00f5es gerais A tutela jurisdicional cautelar. Caracter\u00edsticas, abrang\u00eancia e limites da tutela cautelar. A tutela antecipada. Fungibilidade.<br \/>\n\u2022 O papel da jurisprud\u00eancia e dos precedentes no novo CPC. Incidente de resolu\u00e7\u00e3o de demandas repetitivas. Processamento e julgamento de demandas repetitivas. Suspens\u00e3o dos processos id\u00eanticos. Outras T\u00e9cnicas de uniformiza\u00e7\u00e3o da jurisprud\u00eancia e de forma\u00e7\u00e3o de precedentes. O recurso extraordin\u00e1rio e especial repetitivos.<br \/>\n\u2022 Altera\u00e7\u00f5es em sede de Teoria Geral dos recursos. Princ\u00edpios. Ju\u00edzo de admissibilidade recursal. Requisitos. Efeitos (expansivo, translativo, suspensivo). O novo regime do agravo contra as decis\u00f5es de 1\u00ba grau. Apela\u00e7\u00e3o e reexame necess\u00e1rio. Embargos de declara\u00e7\u00e3o. Recursos excepcionais: Recurso especial e Extraordin\u00e1rio.<br \/>\n\u2022 Liquida\u00e7\u00e3o de senten\u00e7a e suas formas. Cumprimento provis\u00f3rio de senten\u00e7a. Finalidade e procedimento. Cumprimento de senten\u00e7a para pagamento de quantia fundada em t\u00edtulo executivo judicial. T\u00edtulos executivos. Prazo para o cumprimento volunt\u00e1rio e multa morat\u00f3ria. A impugna\u00e7\u00e3o ao cumprimento de senten\u00e7a. Execu\u00e7\u00e3o espec\u00edfica para entrega de coisa, fazer e n\u00e3o fazer fundada em t\u00edtulo executivo judicial.<br \/>\n\u2022 Processo de execu\u00e7\u00e3o de t\u00edtulo extrajudicial. Principais altera\u00e7\u00f5es procedimentais. Mecanismos de penhora e expropria\u00e7\u00e3o. Defesas do executado no novo CPC. O Contradit\u00f3rio na execu\u00e7\u00e3o civil. Formas e conte\u00fado das defesas do executado. Embargos do executado: sua natureza jur\u00eddica, admissibilidade, elementos e condi\u00e7\u00f5es. Defesas incidentais na execu\u00e7\u00e3o e defesas at\u00edpicas. Recursos na Execu\u00e7\u00e3o. Cumprimento de senten\u00e7a e Execu\u00e7\u00e3o contra a Fazenda P\u00fablica \u2013 Sistema de Precat\u00f3rios. Defesas Apropriadas. Execu\u00e7\u00e3o de t\u00edtulo extrajudicial contra a Fazenda P\u00fablica.<br \/>\n\u2022 Procedimentos especiais: a\u00e7\u00f5es possess\u00f3rias. Usucapi\u00e3o. A\u00e7\u00e3o de presta\u00e7\u00e3o de contas. A\u00e7\u00e3o de consigna\u00e7\u00e3o em pagamento. A\u00e7\u00e3o de dissolu\u00e7\u00e3o parcial de sociedade. Procedimentos especiais das a\u00e7\u00f5es ligadas ao Direito de Fam\u00edlia e a execu\u00e7\u00e3o de alimentos. Direito intertemporal: o Novo CPC e os processos pendentes.<\/p>\n<p><strong>OBSERVA\u00c7\u00d5ES<\/strong><br \/>\nA Universidade se reserva o direito de alterar o cronograma e o corpo docente.<br \/>\nDocumenta\u00e7\u00e3o necess\u00e1ria: c\u00f3pias do RG, CPF, certid\u00e3o de nascimento ou casamento.<br \/>\nA inscri\u00e7\u00e3o presencial s\u00f3 poder\u00e1 ser efetuada pelo interessado no curso, ou por pessoa munida de procura\u00e7\u00e3o autenticada em cart\u00f3rio.<br \/>\nA efetiva\u00e7\u00e3o da matr\u00edcula est\u00e1 condicionada ao pagamento do boleto da 1\u00aa. parcela e entrega da documenta\u00e7\u00e3o exigida.<\/p>\n<p><strong>OUTRAS INFORMA\u00c7\u00d5ES<br \/>\n<\/strong>Departamento de Atendimento Integrado<br \/>\nTelefone: (13) 3205-5555<br \/>\nE-mail: dat@unisantos.br<\/p>\n","protected":false},"excerpt":{"rendered":"<p>CARGA HOR\u00c1RIA 48 h\/a LOCAL Campus Dom Id\u00edlio Jos\u00e9 Soares OBJETIVOS Conhecer as disposi\u00e7\u00f5es do Novo C\u00f3digo de Processo Civil [&hellip;]<\/p>\n","protected":false},"author":1,"featured_media":671,"parent":399,"menu_order":0,"comment_status":"closed","ping_status":"closed","template":"","meta":{"footnotes":""},"_links":{"self":[{"href":"https:\/\/www.unisantos.br\/pos\/wp-json\/wp\/v2\/pages\/644"}],"collection":[{"href":"https:\/\/www.unisantos.br\/pos\/wp-json\/wp\/v2\/pages"}],"about":[{"href":"https:\/\/www.unisantos.br\/pos\/wp-json\/wp\/v2\/types\/page"}],"author":[{"embeddable":true,"href":"https:\/\/www.unisantos.br\/pos\/wp-json\/wp\/v2\/users\/1"}],"replies":[{"embeddable":true,"href":"https:\/\/www.unisantos.br\/pos\/wp-json\/wp\/v2\/comments?post=644"}],"version-history":[{"count":3,"href":"https:\/\/www.unisantos.br\/pos\/wp-json\/wp\/v2\/pages\/644\/revisions"}],"predecessor-version":[{"id":4689,"href":"https:\/\/www.unisantos.br\/pos\/wp-json\/wp\/v2\/pages\/644\/revisions\/4689"}],"up":[{"embeddable":true,"href":"https:\/\/www.unisantos.br\/pos\/wp-json\/wp\/v2\/pages\/399"}],"wp:featuredmedia":[{"embeddable":true,"href":"https:\/\/www.unisantos.br\/pos\/wp-json\/wp\/v2\/media\/671"}],"wp:attachment":[{"href":"https:\/\/www.unisantos.br\/pos\/wp-json\/wp\/v2\/media?parent=644"}],"curies":[{"name":"wp","href":"https:\/\/api.w.org\/{rel}","templated":true}]}}