{"id":640,"date":"2018-10-16T14:30:07","date_gmt":"2018-10-16T17:30:07","guid":{"rendered":"https:\/\/www.unisantos.br\/pos\/?page_id=640"},"modified":"2021-09-28T18:31:36","modified_gmt":"2021-09-28T21:31:36","slug":"norma-regulamentadora-nr-10-instalacoes-e-servicos-em-eletricidade-reciclagem","status":"publish","type":"page","link":"https:\/\/www.unisantos.br\/pos\/qualificacao\/norma-regulamentadora-nr-10-instalacoes-e-servicos-em-eletricidade-reciclagem\/","title":{"rendered":"Norma Regulamentadora NR 10 Instala\u00e7\u00f5es e Servi\u00e7os em Eletricidade &#8211; Reciclagem"},"content":{"rendered":"<p><strong>CARGA HOR\u00c1RIA<\/strong><br \/>\n8 h\/a<\/p>\n<p><strong>OBJETIVO<\/strong><br \/>\nImplementar as medidas de controle e sistemas preventivos, de forma a garantir a seguran\u00e7a e a sa\u00fade dos trabalhadores em instala\u00e7\u00f5es el\u00e9tricas e servi\u00e7os com eletricidade.<\/p>\n<p><strong>P\u00daBLICO-ALVO<\/strong><br \/>\nProfissionais que direta ou indiretamente interagem em instala\u00e7\u00f5es el\u00e9tricas e servi\u00e7os com eletricidade.<\/p>\n<p><strong>CONTE\u00daDO<\/strong><br \/>\nIntrodu\u00e7\u00e3o \u00e0 seguran\u00e7a com eletricidade;<br \/>\nRiscos em instala\u00e7\u00f5es e servi\u00e7os com eletricidade;<br \/>\nT\u00e9cnicas de An\u00e1lise de Risco;<br \/>\nMedidas de Controle do Risco El\u00e9trico;<br \/>\nNormas T\u00e9cnicas Brasileiras \u2013 NBR da ABNT: NBR-5410, NBR 14039 e outras;<br \/>\nRegulamenta\u00e7\u00f5es do MTE;<br \/>\nEquipamentos de prote\u00e7\u00e3o coletiva;<br \/>\nEquipamentos de prote\u00e7\u00e3o individual;<br \/>\nRotinas de trabalho \u2013 Procedimentos;<br \/>\nDocumenta\u00e7\u00e3o de instala\u00e7\u00f5es el\u00e9tricas;<br \/>\nRiscos adicionais;<br \/>\nProte\u00e7\u00e3o e combate a inc\u00eandios;<br \/>\nAcidentes de origem el\u00e9trica;<br \/>\nPrimeiros socorros;<br \/>\nResponsabilidades.<\/p>\n<p><strong>OBSERVA\u00c7\u00d5ES<\/strong><br \/>\nA Universidade se reserva o direito de alterar o cronograma e o corpo docente.<br \/>\nDocumenta\u00e7\u00e3o necess\u00e1ria para quem n\u00e3o \u00e9 aluno da Cat\u00f3lica de Santos:\u00a0c\u00f3pias do RG, CPF, certid\u00e3o de nascimento ou casamento.<br \/>\nA inscri\u00e7\u00e3o presencial s\u00f3 poder\u00e1 ser efetuada pelo interessado no curso, ou por pessoa munida de procura\u00e7\u00e3o autenticada em cart\u00f3rio.<br \/>\nA efetiva\u00e7\u00e3o da matr\u00edcula est\u00e1 condicionada ao pagamento do boleto da 1\u00aa. parcela e entrega da documenta\u00e7\u00e3o exigida.<\/p>\n<div><strong>OUTRAS INFORMA\u00c7\u00d5ES<\/strong><\/div>\n<div>Departamento de Atendimento Integrado<\/div>\n<div>Telefones: (13) 3205-5555 \u2013 ramais 1354\/1384<\/div>\n<div>E-mail: dat@unisantos.br<\/div>\n","protected":false},"excerpt":{"rendered":"<p>CARGA HOR\u00c1RIA 8 h\/a OBJETIVO Implementar as medidas de controle e sistemas preventivos, de forma a garantir a seguran\u00e7a e [&hellip;]<\/p>\n","protected":false},"author":1,"featured_media":686,"parent":399,"menu_order":0,"comment_status":"closed","ping_status":"closed","template":"","meta":{"footnotes":""},"_links":{"self":[{"href":"https:\/\/www.unisantos.br\/pos\/wp-json\/wp\/v2\/pages\/640"}],"collection":[{"href":"https:\/\/www.unisantos.br\/pos\/wp-json\/wp\/v2\/pages"}],"about":[{"href":"https:\/\/www.unisantos.br\/pos\/wp-json\/wp\/v2\/types\/page"}],"author":[{"embeddable":true,"href":"https:\/\/www.unisantos.br\/pos\/wp-json\/wp\/v2\/users\/1"}],"replies":[{"embeddable":true,"href":"https:\/\/www.unisantos.br\/pos\/wp-json\/wp\/v2\/comments?post=640"}],"version-history":[{"count":2,"href":"https:\/\/www.unisantos.br\/pos\/wp-json\/wp\/v2\/pages\/640\/revisions"}],"predecessor-version":[{"id":4006,"href":"https:\/\/www.unisantos.br\/pos\/wp-json\/wp\/v2\/pages\/640\/revisions\/4006"}],"up":[{"embeddable":true,"href":"https:\/\/www.unisantos.br\/pos\/wp-json\/wp\/v2\/pages\/399"}],"wp:featuredmedia":[{"embeddable":true,"href":"https:\/\/www.unisantos.br\/pos\/wp-json\/wp\/v2\/media\/686"}],"wp:attachment":[{"href":"https:\/\/www.unisantos.br\/pos\/wp-json\/wp\/v2\/media?parent=640"}],"curies":[{"name":"wp","href":"https:\/\/api.w.org\/{rel}","templated":true}]}}