{"id":636,"date":"2018-10-16T14:28:56","date_gmt":"2018-10-16T17:28:56","guid":{"rendered":"https:\/\/www.unisantos.br\/pos\/?page_id=636"},"modified":"2023-08-14T14:15:33","modified_gmt":"2023-08-14T17:15:33","slug":"microsoft-excel-completo","status":"publish","type":"page","link":"https:\/\/www.unisantos.br\/pos\/qualificacao\/microsoft-excel-completo\/","title":{"rendered":"Microsoft Excel Completo"},"content":{"rendered":"<p><b>PROFESSOR RESPONS\u00c1VEL<br \/>\n<\/b>Prof. Me. Jo\u00e3o Alfredo Carvalho Rodrigues Gon\u00e7alves<\/p>\n<p><b>CARGA HOR\u00c1RIA<br \/>\n<\/b>24 h\/a<\/p>\n<p><b>LOCAL<br \/>\n<\/b>Campus Dom Id\u00edlio Jos\u00e9 Soares<b>\u00a0<\/b><\/p>\n<p><strong>OBJETIVO<br \/>\n<\/strong>Capacitar o aluno para utilizar o Microsoft Excel, incluindo os recursos: b\u00e1sico, intermedi\u00e1rio, financeiro, formul\u00e1rio, dados e fun\u00e7\u00f5es avan\u00e7adas.<\/p>\n<p><strong>P\u00daBLICO-ALVO<br \/>\n<\/strong>Alunos da Universidade Cat\u00f3lica de Santos e o p\u00fablico em geral.<strong>\u00a0<\/strong><\/p>\n<p><strong>CONTE\u00daDO<br \/>\n<\/strong>Apresenta\u00e7\u00e3o do Microsoft Excel;<br \/>\nAcesso, requisitos e defini\u00e7\u00f5es;<br \/>\nAbrir, Salvar e Incluir arquivos e pastas;<br \/>\nInser\u00e7\u00e3o de dados e Formata\u00e7\u00e3o de C\u00e9lulas;<br \/>\nInser\u00e7\u00e3o das f\u00f3rmulas b\u00e1sicas: Soma, M\u00e9dia, Contar N\u00fameros, M\u00e1ximo e M\u00ednimo, e Formata\u00e7\u00e3o de Planilhas;<br \/>\nApresenta\u00e7\u00e3o de algumas f\u00f3rmulas por classe: Data e hora; Estat\u00edstica; Financeira; Informa\u00e7\u00f5es; L\u00f3gica; Pesquisa e Refer\u00eancia e<br \/>\nTexto;<br \/>\nApresenta\u00e7\u00e3o de algumas f\u00f3rmulas por classe:<br \/>\nData e Hora;<br \/>\nEstat\u00edstica;<br \/>\nFinanceira;<br \/>\nInforma\u00e7\u00f5es;<br \/>\nL\u00f3gica;<br \/>\nPesquisa e Refer\u00eancia, e Texto.<br \/>\nGr\u00e1ficos, Imagens e Hiperlinks;<br \/>\nTabela Din\u00e2mica e Relat\u00f3rios de Tabelas Din\u00e2micas;<br \/>\nDados e Formul\u00e1rios;<br \/>\nCria\u00e7\u00e3o de Macros e Bot\u00f5es com Macros.<\/p>\n<p><strong>OBSERVA\u00c7\u00d5ES<br \/>\n<\/strong>A Universidade se reserva o direito de alterar o cronograma e o corpo docente.<br \/>\nDocumenta\u00e7\u00e3o necess\u00e1ria: c\u00f3pias do RG, CPF, certid\u00e3o de nascimento ou casamento.<br \/>\nA inscri\u00e7\u00e3o presencial s\u00f3 poder\u00e1 ser efetuada pelo interessado no curso, ou por pessoa munida de procura\u00e7\u00e3o autenticada em cart\u00f3rio.<br \/>\nA efetiva\u00e7\u00e3o da matr\u00edcula est\u00e1 condicionada ao pagamento do boleto da 1\u00aa. parcela e entrega da documenta\u00e7\u00e3o exigida.<\/p>\n<p><strong>OUTRAS INFORMA\u00c7\u00d5ES<br \/>\n<\/strong>DAT (Departamento de Atendimento Integrado)<br \/>\nTelefones: (13) 3205-5555 ramal: 1354<br \/>\nE-mail: dat@unisantos.br<\/p>\n","protected":false},"excerpt":{"rendered":"<p>PROFESSOR RESPONS\u00c1VEL Prof. Me. Jo\u00e3o Alfredo Carvalho Rodrigues Gon\u00e7alves CARGA HOR\u00c1RIA 24 h\/a LOCAL Campus Dom Id\u00edlio Jos\u00e9 Soares\u00a0 OBJETIVO [&hellip;]<\/p>\n","protected":false},"author":1,"featured_media":678,"parent":399,"menu_order":0,"comment_status":"closed","ping_status":"closed","template":"","meta":{"footnotes":""},"_links":{"self":[{"href":"https:\/\/www.unisantos.br\/pos\/wp-json\/wp\/v2\/pages\/636"}],"collection":[{"href":"https:\/\/www.unisantos.br\/pos\/wp-json\/wp\/v2\/pages"}],"about":[{"href":"https:\/\/www.unisantos.br\/pos\/wp-json\/wp\/v2\/types\/page"}],"author":[{"embeddable":true,"href":"https:\/\/www.unisantos.br\/pos\/wp-json\/wp\/v2\/users\/1"}],"replies":[{"embeddable":true,"href":"https:\/\/www.unisantos.br\/pos\/wp-json\/wp\/v2\/comments?post=636"}],"version-history":[{"count":9,"href":"https:\/\/www.unisantos.br\/pos\/wp-json\/wp\/v2\/pages\/636\/revisions"}],"predecessor-version":[{"id":5544,"href":"https:\/\/www.unisantos.br\/pos\/wp-json\/wp\/v2\/pages\/636\/revisions\/5544"}],"up":[{"embeddable":true,"href":"https:\/\/www.unisantos.br\/pos\/wp-json\/wp\/v2\/pages\/399"}],"wp:featuredmedia":[{"embeddable":true,"href":"https:\/\/www.unisantos.br\/pos\/wp-json\/wp\/v2\/media\/678"}],"wp:attachment":[{"href":"https:\/\/www.unisantos.br\/pos\/wp-json\/wp\/v2\/media?parent=636"}],"curies":[{"name":"wp","href":"https:\/\/api.w.org\/{rel}","templated":true}]}}