{"id":603,"date":"2018-10-16T13:43:49","date_gmt":"2018-10-16T16:43:49","guid":{"rendered":"https:\/\/www.unisantos.br\/pos\/?page_id=603"},"modified":"2023-08-14T13:51:19","modified_gmt":"2023-08-14T16:51:19","slug":"identificacao-de-areas-contaminadas","status":"publish","type":"page","link":"https:\/\/www.unisantos.br\/pos\/qualificacao\/identificacao-de-areas-contaminadas\/","title":{"rendered":"Identifica\u00e7\u00e3o de \u00c1reas Contaminadas"},"content":{"rendered":"<p><strong>PROFESSOR RESPONS\u00c1VEL<\/strong><br \/>\nProf\u00aa. Dr\u00aa. Michele Leiko Uemura<\/p>\n<p><strong>CARGA HOR\u00c1RIA<\/strong><br \/>\n16 h\/a<\/p>\n<p><strong>LOCAL<\/strong><br \/>\nCampus Dom Id\u00edlio Jos\u00e9 Soares<\/p>\n<p><strong>OBJETIVOS<\/strong><br \/>\nDiferenciar aspectos presentes nas \u00e1reas contaminados;<br \/>\nIdentificar os processos de localiza\u00e7\u00e3o de \u00e1reas com potencial de contamina\u00e7\u00e3o, suspeitas de contamina\u00e7\u00e3o e \u00e1reas contaminadas; das t\u00e9cnicas de amostragem, mapeamento da contamina\u00e7\u00e3o, avalia\u00e7\u00e3o e valida\u00e7\u00e3o de dados ambientais;<br \/>\nConhecer a legisla\u00e7\u00e3o aplic\u00e1vel e a DECIS\u00c3O DE DIRETORIA N\u00ba 103\/2007\/C\/E, de 22 de junho de 2007.<\/p>\n<p><strong>P\u00daBLICO-ALVO<\/strong><br \/>\nGestores e profissionais que atuam na \u00e1rea ambiental, profissionais de consultoria, especialistas em gest\u00e3o e demais interessados que buscam aperfei\u00e7oamento profissional.<\/p>\n<p><strong>CONTE\u00daDO<\/strong><br \/>\nConceitos b\u00e1sicos;<br \/>\nManual de Gerenciamento de \u00c1reas contaminadas e legisla\u00e7\u00f5es correlatas;<br \/>\nFases da investiga\u00e7\u00e3o ambiental;<br \/>\nDesenvolvimento do modelo conceitual;<br \/>\nColeta de amostras representativas;<br \/>\nDistribui\u00e7\u00e3o espacial dos pontos de amostragem;<br \/>\nEquipamentos de amostragem;<br \/>\nM\u00e9todos de sondagem;<br \/>\nControle de qualidade na coleta de amostras;<br \/>\nAtividade para consolida\u00e7\u00e3o dos conhecimentos adquiridos.<\/p>\n<p><strong>OBSERVA\u00c7\u00d5ES<\/strong><br \/>\nA Universidade se reserva o direito de alterar o cronograma e o corpo docente.<br \/>\nDocumenta\u00e7\u00e3o necess\u00e1ria para quem n\u00e3o \u00e9 aluno da Cat\u00f3lica de Santos:\u00a0c\u00f3pias do RG, CPF, certid\u00e3o de nascimento ou casamento.<br \/>\nA inscri\u00e7\u00e3o presencial s\u00f3 poder\u00e1 ser efetuada pelo interessado no curso, ou por pessoa munida de procura\u00e7\u00e3o autenticada em cart\u00f3rio.<br \/>\nA efetiva\u00e7\u00e3o da matr\u00edcula est\u00e1 condicionada ao pagamento do boleto da 1\u00aa. parcela e entrega da documenta\u00e7\u00e3o exigida.<\/p>\n<div><strong>OUTRAS INFORMA\u00c7\u00d5ES<\/strong><\/div>\n<div>Departamento de Atendimento Integrado<\/div>\n<div>Telefones: (13) 3205-5555 \u2013 ramais 1354\/1384<\/div>\n<div>E-mail: dat@unisantos.br<\/div>\n<p>&nbsp;<\/p>\n","protected":false},"excerpt":{"rendered":"<p>PROFESSOR RESPONS\u00c1VEL Prof\u00aa. Dr\u00aa. Michele Leiko Uemura CARGA HOR\u00c1RIA 16 h\/a LOCAL Campus Dom Id\u00edlio Jos\u00e9 Soares OBJETIVOS Diferenciar aspectos [&hellip;]<\/p>\n","protected":false},"author":1,"featured_media":675,"parent":399,"menu_order":0,"comment_status":"closed","ping_status":"closed","template":"","meta":{"footnotes":""},"_links":{"self":[{"href":"https:\/\/www.unisantos.br\/pos\/wp-json\/wp\/v2\/pages\/603"}],"collection":[{"href":"https:\/\/www.unisantos.br\/pos\/wp-json\/wp\/v2\/pages"}],"about":[{"href":"https:\/\/www.unisantos.br\/pos\/wp-json\/wp\/v2\/types\/page"}],"author":[{"embeddable":true,"href":"https:\/\/www.unisantos.br\/pos\/wp-json\/wp\/v2\/users\/1"}],"replies":[{"embeddable":true,"href":"https:\/\/www.unisantos.br\/pos\/wp-json\/wp\/v2\/comments?post=603"}],"version-history":[{"count":3,"href":"https:\/\/www.unisantos.br\/pos\/wp-json\/wp\/v2\/pages\/603\/revisions"}],"predecessor-version":[{"id":5502,"href":"https:\/\/www.unisantos.br\/pos\/wp-json\/wp\/v2\/pages\/603\/revisions\/5502"}],"up":[{"embeddable":true,"href":"https:\/\/www.unisantos.br\/pos\/wp-json\/wp\/v2\/pages\/399"}],"wp:featuredmedia":[{"embeddable":true,"href":"https:\/\/www.unisantos.br\/pos\/wp-json\/wp\/v2\/media\/675"}],"wp:attachment":[{"href":"https:\/\/www.unisantos.br\/pos\/wp-json\/wp\/v2\/media?parent=603"}],"curies":[{"name":"wp","href":"https:\/\/api.w.org\/{rel}","templated":true}]}}