{"id":566,"date":"2018-10-11T17:46:12","date_gmt":"2018-10-11T20:46:12","guid":{"rendered":"https:\/\/www.unisantos.br\/pos\/?page_id=566"},"modified":"2023-08-14T13:47:20","modified_gmt":"2023-08-14T16:47:20","slug":"revitbim-para-projeto-de-arquitetura-e-engenharia-civil","status":"publish","type":"page","link":"https:\/\/www.unisantos.br\/pos\/qualificacao\/revitbim-para-projeto-de-arquitetura-e-engenharia-civil\/","title":{"rendered":"Revit\/BIM para Projeto de Arquitetura e Engenharia Civil"},"content":{"rendered":"<p><strong>PROFESSORES RESPONS\u00c1VEIS<\/strong><br \/>\nProf. Me. Ant\u00f4nio Miranda Galle\u00e3o (UniSantos)<br \/>\nProf. Dr. Evandro Gama (Cadware)<\/p>\n<p><strong>CARGA HOR\u00c1RIA<\/strong><br \/>\n32 h\/a<\/p>\n<p><b>LOCAL<br \/>\n<\/b>Campus Dom Id\u00edlio Jos\u00e9 Soares<\/p>\n<p><strong>OBJETIVO<br \/>\n<\/strong>Desenvolver habilidades quanto ao conhecimento de projetos 3D e gerenciamento de empreendimentos da constru\u00e7\u00e3o civil.<\/p>\n<p>Conhecer aplica\u00e7\u00f5es de arquitetura, MEP (<em>Mechanical, Electrical &amp; Plumbing<\/em>) e engenharia estrutural com base na modelagem BIM &#8211; <em>Building Information Modeling<\/em>.<br \/>\nOperacionalizar cen\u00e1rios de colabora\u00e7\u00e3o na WEB (A360), dispositivos m\u00f3veis e trabalho em <em>cloud<\/em>.<\/p>\n<p><strong>P\u00daBLICO-ALVO<\/strong><br \/>\nEstudantes de gradua\u00e7\u00e3o e p\u00f3s-gradua\u00e7\u00e3o dos cursos de Arquitetura, Tecnologia e Engenharia &#8211; ciclo b\u00e1sico, engenharia civil, el\u00e9trica, telecomunica\u00e7\u00f5es, infraestrutura, ambiental, sanit\u00e1ria, produ\u00e7\u00e3o, entre outras. Profissionais da ind\u00fastria e servi\u00e7os.<\/p>\n<p><strong>CONTE\u00daDO<\/strong><br \/>\n&#8211; Vis\u00e3o completa da plataforma de projeto Revit;<br \/>\n&#8211; Revit Workspace &#8211; Configura\u00e7\u00e3o da \u00e1rea de trabalho e interfaces;<br \/>\n&#8211; A360 &#8211; Ferramentas de colabora\u00e7\u00e3o local e remota;<br \/>\n&#8211; Introdu\u00e7\u00e3o e conceitos de Modelagem BIM;<br \/>\n&#8211; Cria\u00e7\u00e3o e edi\u00e7\u00e3o de objetos b\u00e1sicos e complexos 2D e 3D;<br \/>\n&#8211; Ferramentas para layout, controle de vistas e estilos de visualiza\u00e7\u00e3o;<br \/>\n&#8211; Conceptual Design \u2013 implanta\u00e7\u00e3o da obra, estudo de espa\u00e7os, insola\u00e7\u00e3o, ajuste do terreno e terraplanagem;<br \/>\n&#8211; Componentes do Revit Architecture: paredes, cortinas, janelas, portas, pisos, tetos, telhados, escadas, m\u00f3veis, equipamentos etc;<br \/>\n&#8211; Laborat\u00f3rio 01;<br \/>\n&#8211; Componentes do Revit Structural: funda\u00e7\u00f5es, colunas, paredes estruturais, vigas e treli\u00e7as, lajes, refor\u00e7os, vis\u00e3o de sistemas estruturais, carregamento e modelos anal\u00edticos;<br \/>\n&#8211; Componentes do Revit MEP: vis\u00e3o de circuitos el\u00e9tricos, sistemas hidr\u00e1ulicos, projeto de tubula\u00e7\u00f5es, HVAC (conforto ambiental interior), climatiza\u00e7\u00e3o, dispositivos mec\u00e2nicos, dutos e analise de cargas para aquecimento e refrigera\u00e7\u00e3o;<br \/>\n&#8211; Laborat\u00f3rio 02;<br \/>\n&#8211; Elementos e conceito de fam\u00edlias: inser\u00e7\u00e3o, organiza\u00e7\u00e3o e edi\u00e7\u00e3o de s\u00edmbolos e bibliotecas;<br \/>\n&#8211; Ferramentas de escala, ajustes, grids, layers, textos, cotas, tabelas;<br \/>\n&#8211; Laborat\u00f3rio 03;<br \/>\n&#8211; Laborat\u00f3rio 04;<br \/>\n&#8211; Sheets setup: configura\u00e7\u00e3o de folhas normatizadas para impress\u00e3o &#8211; margens, legendas, r\u00f3tulos, especifica\u00e7\u00f5es, cotas, detalhes, tags e tabelas;<br \/>\n&#8211; Formatos de importa\u00e7\u00e3o e exporta\u00e7\u00e3o de arquivos 2D\/3D para papel, Web, cloud, impress\u00e3o 3D (maquetes) e anima\u00e7\u00e3o fotorreal\u00edstica: DWG, DWFx (XML), IFC, imagens, raster, 3DS etc.;<br \/>\n&#8211; Laborat\u00f3rio 05;<br \/>\n&#8211; Modelagem BIM \u2013 no\u00e7\u00f5es de 4D (tempo), 5D (custo) e 6D (facilities management);<br \/>\n&#8211; Avalia\u00e7\u00e3o Final.<\/p>\n<p><strong>OBSERVA\u00c7\u00d5ES<\/strong><br \/>\nA Universidade se reserva o direito de alterar o cronograma e o corpo docente.<br \/>\nDocumenta\u00e7\u00e3o necess\u00e1ria para quem n\u00e3o \u00e9 aluno da Cat\u00f3lica de Santos:\u00a0c\u00f3pias do RG, CPF, certid\u00e3o de nascimento ou casamento.<br \/>\nA inscri\u00e7\u00e3o presencial s\u00f3 poder\u00e1 ser efetuada pelo interessado no curso, ou por pessoa munida de procura\u00e7\u00e3o autenticada em cart\u00f3rio.<br \/>\nA efetiva\u00e7\u00e3o da matr\u00edcula est\u00e1 condicionada ao pagamento do boleto da 1\u00aa. parcela e entrega da documenta\u00e7\u00e3o exigida.<\/p>\n<div><strong>OUTRAS INFORMA\u00c7\u00d5ES<\/strong><\/div>\n<div>Departamento de Atendimento Integrado<\/div>\n<div>Telefones: (13) 3205-5555 \u2013 ramais 1354\/1384<\/div>\n<div>E-mail: dat@unisantos.br<\/div>\n","protected":false},"excerpt":{"rendered":"<p>PROFESSORES RESPONS\u00c1VEIS Prof. Me. Ant\u00f4nio Miranda Galle\u00e3o (UniSantos) Prof. Dr. Evandro Gama (Cadware) CARGA HOR\u00c1RIA 32 h\/a LOCAL Campus Dom [&hellip;]<\/p>\n","protected":false},"author":1,"featured_media":673,"parent":399,"menu_order":0,"comment_status":"closed","ping_status":"closed","template":"","meta":{"footnotes":""},"_links":{"self":[{"href":"https:\/\/www.unisantos.br\/pos\/wp-json\/wp\/v2\/pages\/566"}],"collection":[{"href":"https:\/\/www.unisantos.br\/pos\/wp-json\/wp\/v2\/pages"}],"about":[{"href":"https:\/\/www.unisantos.br\/pos\/wp-json\/wp\/v2\/types\/page"}],"author":[{"embeddable":true,"href":"https:\/\/www.unisantos.br\/pos\/wp-json\/wp\/v2\/users\/1"}],"replies":[{"embeddable":true,"href":"https:\/\/www.unisantos.br\/pos\/wp-json\/wp\/v2\/comments?post=566"}],"version-history":[{"count":2,"href":"https:\/\/www.unisantos.br\/pos\/wp-json\/wp\/v2\/pages\/566\/revisions"}],"predecessor-version":[{"id":5484,"href":"https:\/\/www.unisantos.br\/pos\/wp-json\/wp\/v2\/pages\/566\/revisions\/5484"}],"up":[{"embeddable":true,"href":"https:\/\/www.unisantos.br\/pos\/wp-json\/wp\/v2\/pages\/399"}],"wp:featuredmedia":[{"embeddable":true,"href":"https:\/\/www.unisantos.br\/pos\/wp-json\/wp\/v2\/media\/673"}],"wp:attachment":[{"href":"https:\/\/www.unisantos.br\/pos\/wp-json\/wp\/v2\/media?parent=566"}],"curies":[{"name":"wp","href":"https:\/\/api.w.org\/{rel}","templated":true}]}}