{"id":560,"date":"2018-10-11T17:44:59","date_gmt":"2018-10-11T20:44:59","guid":{"rendered":"https:\/\/www.unisantos.br\/pos\/?page_id=560"},"modified":"2023-08-14T13:44:54","modified_gmt":"2023-08-14T16:44:54","slug":"quimica-dos-produtos-perigosos","status":"publish","type":"page","link":"https:\/\/www.unisantos.br\/pos\/qualificacao\/quimica-dos-produtos-perigosos\/","title":{"rendered":"Qu\u00edmica dos Produtos Perigosos"},"content":{"rendered":"<p><strong>PROFESSORA RESPONS\u00c1VEL<\/strong><br \/>\nProf\u00aa. Dr\u00aa. Michele Leiko Uemura<\/p>\n<p><strong>CARGA HOR\u00c1RIA<\/strong><br \/>\n8 h\/a<\/p>\n<p><strong>LOCAL<\/strong><br \/>\nCampus Dom Id\u00edlio Jos\u00e9 Soares<\/p>\n<p><strong>OBJETIVOS<br \/>\n<\/strong>&#8211; Conceituar os perigos e riscos oferecidos ao homem e ao meio ambiente pelos produtos qu\u00edmicos.<br \/>\n&#8211; Distinguir as pr\u00e1ticas seguras de armazenamento, manipula\u00e7\u00e3o e atendimento a emerg\u00eancias qu\u00edmicas.<br \/>\n&#8211; Operacionalizar as a\u00e7\u00f5es previstas no Manual de Atendimento \u00e0s Emerg\u00eancias Qu\u00edmicas.<\/p>\n<p><strong>P\u00daBLICO-ALVO<\/strong><br \/>\nOperadores, encarregados e gerentes de terminais de armazenamento e\/ou distribui\u00e7\u00e3o de produtos qu\u00edmicos; brigadistas, t\u00e9cnicos e engenheiros de seguran\u00e7a do trabalho; t\u00e9cnicos ambientais e de laborat\u00f3rio; corpo de bombeiros; profissionais de Defesa Civil; inspetores de tr\u00e1fego de concession\u00e1rias e administradoras de rodovias e ferrovias; equipes de emerg\u00eancia; e demais profissionais envolvidos com o tema seguran\u00e7a qu\u00edmica.<\/p>\n<p><strong>CONTE\u00daDO<\/strong><br \/>\n&#8211; \u00canfase aos conceitos e perigos associados \u00e0s classes de produtos perigosos: Explosivos; Gases; L\u00edquidos inflam\u00e1veis; S\u00f3lidos inflam\u00e1veis; Oxidantes; Per\u00f3xidos org\u00e2nicos; T\u00f3xicos e corrosivos.<br \/>\n&#8211; Cuidados a serem observados durante o atendimento emergencial aos produtos de cada classe de risco.<\/p>\n<p><strong>OBSERVA\u00c7\u00d5ES<\/strong><br \/>\nA Universidade se reserva o direito de alterar o cronograma e o corpo docente.<br \/>\nDocumenta\u00e7\u00e3o necess\u00e1ria para quem n\u00e3o \u00e9 aluno da Cat\u00f3lica de Santos:\u00a0c\u00f3pias do RG, CPF, certid\u00e3o de nascimento ou casamento.<br \/>\nA inscri\u00e7\u00e3o presencial s\u00f3 poder\u00e1 ser efetuada pelo interessado no curso, ou por pessoa munida de procura\u00e7\u00e3o autenticada em cart\u00f3rio.<br \/>\nA efetiva\u00e7\u00e3o da matr\u00edcula est\u00e1 condicionada ao pagamento do boleto da 1\u00aa. parcela e entrega da documenta\u00e7\u00e3o exigida.<\/p>\n<div>\n<div><strong>OUTRAS INFORMA\u00c7\u00d5ES<\/strong><\/div>\n<div>Departamento de Atendimento Integrado<\/div>\n<div>Telefones: (13) 3205-5555 \u2013 ramais 1354\/1384<\/div>\n<div>E-mail: dat@unisantos.br<\/div>\n<\/div>\n","protected":false},"excerpt":{"rendered":"<p>PROFESSORA RESPONS\u00c1VEL Prof\u00aa. Dr\u00aa. Michele Leiko Uemura CARGA HOR\u00c1RIA 8 h\/a LOCAL Campus Dom Id\u00edlio Jos\u00e9 Soares OBJETIVOS &#8211; Conceituar [&hellip;]<\/p>\n","protected":false},"author":1,"featured_media":681,"parent":399,"menu_order":0,"comment_status":"closed","ping_status":"closed","template":"","meta":{"footnotes":""},"_links":{"self":[{"href":"https:\/\/www.unisantos.br\/pos\/wp-json\/wp\/v2\/pages\/560"}],"collection":[{"href":"https:\/\/www.unisantos.br\/pos\/wp-json\/wp\/v2\/pages"}],"about":[{"href":"https:\/\/www.unisantos.br\/pos\/wp-json\/wp\/v2\/types\/page"}],"author":[{"embeddable":true,"href":"https:\/\/www.unisantos.br\/pos\/wp-json\/wp\/v2\/users\/1"}],"replies":[{"embeddable":true,"href":"https:\/\/www.unisantos.br\/pos\/wp-json\/wp\/v2\/comments?post=560"}],"version-history":[{"count":3,"href":"https:\/\/www.unisantos.br\/pos\/wp-json\/wp\/v2\/pages\/560\/revisions"}],"predecessor-version":[{"id":5478,"href":"https:\/\/www.unisantos.br\/pos\/wp-json\/wp\/v2\/pages\/560\/revisions\/5478"}],"up":[{"embeddable":true,"href":"https:\/\/www.unisantos.br\/pos\/wp-json\/wp\/v2\/pages\/399"}],"wp:featuredmedia":[{"embeddable":true,"href":"https:\/\/www.unisantos.br\/pos\/wp-json\/wp\/v2\/media\/681"}],"wp:attachment":[{"href":"https:\/\/www.unisantos.br\/pos\/wp-json\/wp\/v2\/media?parent=560"}],"curies":[{"name":"wp","href":"https:\/\/api.w.org\/{rel}","templated":true}]}}