{"id":544,"date":"2018-10-11T17:40:59","date_gmt":"2018-10-11T20:40:59","guid":{"rendered":"https:\/\/www.unisantos.br\/pos\/?page_id=544"},"modified":"2023-08-14T13:49:15","modified_gmt":"2023-08-14T16:49:15","slug":"geoprocessamento-aplicado-a-gestao-de-recursos-hidricos","status":"publish","type":"page","link":"https:\/\/www.unisantos.br\/pos\/qualificacao\/geoprocessamento-aplicado-a-gestao-de-recursos-hidricos\/","title":{"rendered":"Geoprocessamento Aplicado \u00e0 Gest\u00e3o de Recursos H\u00eddricos"},"content":{"rendered":"<p><strong>PROFESSOR RESPONS\u00c1VEL<\/strong><br \/>\nProf. Me. Jhonnes Alberto Vaz<\/p>\n<p><strong>CARGA HOR\u00c1RIA<\/strong><br \/>\n15 h\/a<\/p>\n<p><strong>LOCAL<\/strong><br \/>\nCampus Dom Id\u00edlio Jos\u00e9 Soares<\/p>\n<p><strong>OBJETIVOS<\/strong><br \/>\nConceituar hidrologia e geoprocessamento aplicado aos recursos h\u00eddricos;<br \/>\nOperacionalizar o software <em>open source<\/em> QGIS como uma poderosa ferramenta gratuita de geoprocessamento, para a gest\u00e3o dos recursos h\u00eddricos;<br \/>\nRefletir, a partir de discuss\u00e3o de casos reais, a manipula\u00e7\u00e3o de dados espaciais e a extra\u00e7\u00e3o de informa\u00e7\u00f5es sobre recursos h\u00eddricos utilizando o Geoprocessamento;<br \/>\nConhecer as fontes, nacionais e internacionais, de dados h\u00eddricos e geogr\u00e1ficos;<br \/>\nRealizar an\u00e1lises espaciais dos recursos h\u00eddricos utilizando o geoprocessamento;<br \/>\nProduzir cartas e mapas tem\u00e1ticos utilizando o geoprocessamento.<\/p>\n<p><strong>P\u00daBLICO-ALVO<\/strong><br \/>\nDiscentes de quaisquer cursos da Universidade Cat\u00f3lica de Santos, principalmente, dos cursos de Engenharia, Arquitetura e Urbanismo e Ci\u00eancias Biol\u00f3gicas, bem como, profissionais que tenham interesse e o objetivo de conhecer o geoprocessamento e o software QGIS como ferramenta de gest\u00e3o de recursos h\u00eddricos.<\/p>\n<p><strong>PR\u00c9-REQUISITOS<\/strong><br \/>\nTer realizado o curso de introdu\u00e7\u00e3o ao geoprocessamento utilizando o software QGIS; ou<br \/>\nSe aluno de Ci\u00eancias Biol\u00f3gicas, da Universidade Cat\u00f3lica de Santos, ter cursado e aprovado na disciplina de An\u00e1lise Espacial e Sensoriamento Remoto; ou<br \/>\nSe aluno de Arquitetura e Urbanismo da Universidade Cat\u00f3lica de Santos, ter cursado e aprovado na disciplina de Inform\u00e1tica Aplicada IV; ou<br \/>\nSe aluno de Engenharia Ambiental da Universidade Cat\u00f3lica de Santos, ter cursado e aprovado na disciplina de Sistemas de Informa\u00e7\u00f5es Geogr\u00e1ficas; ou<br \/>\nComprovar que cursou alguma disciplina ou algum outro curso de capacita\u00e7\u00e3o em geoprocessamento e com o software QGIS.<\/p>\n<p><strong>CONTE\u00daDO<\/strong><br \/>\nNo\u00e7\u00f5es b\u00e1sicas de hidrologia;<br \/>\nIntrodu\u00e7\u00e3o ao geoprocessamento e sua intera\u00e7\u00e3o com os recursos h\u00eddricos;<br \/>\nFontes de dados h\u00eddricos e espaciais.<br \/>\nExtra\u00e7\u00e3o de curvas de n\u00edvel;<br \/>\nGera\u00e7\u00e3o de modelos digitais de eleva\u00e7\u00e3o e reconhecimento de fei\u00e7\u00f5es;<br \/>\nCurvas de n\u00edvel e em modelos digitais de eleva\u00e7\u00e3o.<br \/>\nMapas de declividade;<br \/>\nDelimita\u00e7\u00e3o de bacias hidrogr\u00e1ficas.<br \/>\nAltitudes m\u00ednima, m\u00e9dia e m\u00e1xima de bacia;<br \/>\nCurvas hipsom\u00e9tricas e declividade para a bacia;<br \/>\nPrecipita\u00e7\u00e3o m\u00e9dia na bacia e pol\u00edgonos de thiessen.<br \/>\nBacias hidrogr\u00e1ficas da baixada santista e monitoramento dos processos costeiros.<\/p>\n<p><strong>OBSERVA\u00c7\u00d5ES<\/strong><br \/>\nA Universidade se reserva o direito de alterar o cronograma e o corpo docente.<br \/>\nDocumenta\u00e7\u00e3o necess\u00e1ria para quem n\u00e3o \u00e9 aluno da Cat\u00f3lica de Santos:\u00a0c\u00f3pias do RG, CPF, certid\u00e3o de nascimento ou casamento.<br \/>\nA inscri\u00e7\u00e3o presencial s\u00f3 poder\u00e1 ser efetuada pelo interessado no curso, ou por pessoa munida de procura\u00e7\u00e3o autenticada em cart\u00f3rio.<br \/>\nA efetiva\u00e7\u00e3o da matr\u00edcula est\u00e1 condicionada ao pagamento do boleto da 1\u00aa. parcela e entrega da documenta\u00e7\u00e3o exigida.<\/p>\n<div><strong>OUTRAS INFORMA\u00c7\u00d5ES<\/strong><\/div>\n<div>Departamento de Atendimento Integrado<\/div>\n<div>Telefones: (13) 3205-5555 \u2013 ramais 1354\/1384<\/div>\n<div>E-mail: dat@unisantos.br<\/div>\n<p>&nbsp;<\/p>\n","protected":false},"excerpt":{"rendered":"<p>PROFESSOR RESPONS\u00c1VEL Prof. Me. Jhonnes Alberto Vaz CARGA HOR\u00c1RIA 15 h\/a LOCAL Campus Dom Id\u00edlio Jos\u00e9 Soares OBJETIVOS Conceituar hidrologia [&hellip;]<\/p>\n","protected":false},"author":1,"featured_media":682,"parent":399,"menu_order":0,"comment_status":"closed","ping_status":"closed","template":"","meta":{"footnotes":""},"_links":{"self":[{"href":"https:\/\/www.unisantos.br\/pos\/wp-json\/wp\/v2\/pages\/544"}],"collection":[{"href":"https:\/\/www.unisantos.br\/pos\/wp-json\/wp\/v2\/pages"}],"about":[{"href":"https:\/\/www.unisantos.br\/pos\/wp-json\/wp\/v2\/types\/page"}],"author":[{"embeddable":true,"href":"https:\/\/www.unisantos.br\/pos\/wp-json\/wp\/v2\/users\/1"}],"replies":[{"embeddable":true,"href":"https:\/\/www.unisantos.br\/pos\/wp-json\/wp\/v2\/comments?post=544"}],"version-history":[{"count":3,"href":"https:\/\/www.unisantos.br\/pos\/wp-json\/wp\/v2\/pages\/544\/revisions"}],"predecessor-version":[{"id":5493,"href":"https:\/\/www.unisantos.br\/pos\/wp-json\/wp\/v2\/pages\/544\/revisions\/5493"}],"up":[{"embeddable":true,"href":"https:\/\/www.unisantos.br\/pos\/wp-json\/wp\/v2\/pages\/399"}],"wp:featuredmedia":[{"embeddable":true,"href":"https:\/\/www.unisantos.br\/pos\/wp-json\/wp\/v2\/media\/682"}],"wp:attachment":[{"href":"https:\/\/www.unisantos.br\/pos\/wp-json\/wp\/v2\/media?parent=544"}],"curies":[{"name":"wp","href":"https:\/\/api.w.org\/{rel}","templated":true}]}}