{"id":4984,"date":"2023-01-25T01:16:50","date_gmt":"2023-01-25T04:16:50","guid":{"rendered":"https:\/\/www.unisantos.br\/pos\/?page_id=4984"},"modified":"2025-03-07T17:12:09","modified_gmt":"2025-03-07T20:12:09","slug":"neurociencias-e-educacao-enfase-em-neuropsicomotricidade","status":"publish","type":"page","link":"https:\/\/www.unisantos.br\/pos\/lato-sensu\/neurociencias-e-educacao-enfase-em-neuropsicomotricidade\/","title":{"rendered":"Neuroci\u00eancias e Educa\u00e7\u00e3o: \u00canfase em Neuropsicomotricidade"},"content":{"rendered":"<p><strong>PROFESSOR RESPONS\u00c1VEL<\/strong><br \/>\nProf. Dr. Edgar Toschi Dias<\/p>\n<p><strong>CARGA HOR\u00c1RIA<\/strong><br \/>\n360 horas<\/p>\n<p><strong>IN\u00cdCIO<\/strong><br \/>\nMar\u00e7o\/2025<\/p>\n<p><strong>DIAS\/HOR\u00c1RIOS<\/strong><br \/>\nSegundas e quartas feiras, das 18h45 \u00e0s 22h45<\/p>\n<p><strong>MODALIDADE<\/strong><br \/>\nH\u00edbrida, organizada em encontros presenciais e conte\u00fados digitais dispon\u00edveis em Ambiente Virtual de Aprendizagem<\/p>\n<p><strong>P\u00daBLICO-ALVO<\/strong><br \/>\nPsic\u00f3logos, psicopedagogos, pedagogos, psicomotricistas fonoaudi\u00f3logos e terapeutas ocupacionais.<\/p>\n<p><strong>OBJETIVO<\/strong><br \/>\nPromover conhecimentos te\u00f3ricos e pr\u00e1ticos em Neuroci\u00eancias e educa\u00e7\u00e3o, propiciando o desenvolvimento das compet\u00eancias necess\u00e1rias ao especialista para promover interven\u00e7\u00f5es em neuropsicomotricidade.<\/p>\n<p><strong>INVESTIMENTO<\/strong><br \/>\n16 parcelas de R$ 500<\/p>\n<p><strong>CONTE\u00daDO<\/strong><br \/>\n\u2022 Introdu\u00e7\u00e3o \u00e0s Neuroci\u00eancias<br \/>\n\u2022 Neuroci\u00eancias e neuroeduca\u00e7\u00e3o: reflex\u00f5es te\u00f3ricas<br \/>\n\u2022 Temas em neuroci\u00eancias (EAD)<br \/>\n\u2022 A perspectiva l\u00fadica<br \/>\n\u2022 Psicomotricidade: hist\u00f3ria e evolu\u00e7\u00e3o\u00a0(EAD)<br \/>\n\u2022 Bases neuropsicomotoras para a matem\u00e1tica<br \/>\n\u2022 Bases neuropsicomotoras para leitura e produ\u00e7\u00e3o textual<br \/>\n\u2022 Diagn\u00f3stico e estimula\u00e7\u00e3o neuropsicomotora<br \/>\n\u2022 Teoria e supervis\u00e3o<br \/>\n\u2022 Atendimento em diagn\u00f3stico e estimula\u00e7\u00e3o neuropsicomotora-<br \/>\n\u2022 Pr\u00e1tica extensionista\/extra classe<\/p>\n<p><strong>DIFERENCIAIS<\/strong><br \/>\n\u2022 Corpo docente altamente especializado.<br \/>\n\u2022 Material did\u00e1tico elaborado por profissionais do mercado, mestres e doutores, com larga experi\u00eancia.<br \/>\n\u2022 Polo de apoio presencial com estrutura \u00fanica na regi\u00e3o.<br \/>\n\u2022 Biblioteca f\u00edsica e digital com amplo espa\u00e7o para estudos.<br \/>\n\u2022 Laborat\u00f3rio de Neuropsicopedagogia.<\/p>\n<p><strong>OBSERVA\u00c7\u00d5ES<\/strong><br \/>\nA Universidade se reserva o direito de alterar o cronograma e o corpo docente.<br \/>\nDocumenta\u00e7\u00e3o necess\u00e1ria: c\u00f3pias do RG, CPF, certid\u00e3o de nascimento ou casamento e Diploma da Gradua\u00e7\u00e3o ou Certificado de Cola\u00e7\u00e3o de Grau.<br \/>\nA inscri\u00e7\u00e3o presencial s\u00f3 poder\u00e1 ser efetuada pelo interessado no curso, ou por pessoa munida de procura\u00e7\u00e3o autenticada em cart\u00f3rio.<br \/>\nA efetiva\u00e7\u00e3o da matr\u00edcula est\u00e1 condicionada ao pagamento do boleto da 1\u00aa. parcela e entrega da documenta\u00e7\u00e3o exigida.<\/p>\n<p><strong>OUTRAS INFORMA\u00c7\u00d5ES<\/strong><br \/>\nE-mail: atendimentovirtual@unisantos.br<\/p>\n","protected":false},"excerpt":{"rendered":"<p>PROFESSOR RESPONS\u00c1VEL Prof. Dr. Edgar Toschi Dias CARGA HOR\u00c1RIA 360 horas IN\u00cdCIO Mar\u00e7o\/2025 DIAS\/HOR\u00c1RIOS Segundas e quartas feiras, das 18h45 [&hellip;]<\/p>\n","protected":false},"author":1,"featured_media":0,"parent":210,"menu_order":0,"comment_status":"closed","ping_status":"closed","template":"","meta":{"footnotes":""},"_links":{"self":[{"href":"https:\/\/www.unisantos.br\/pos\/wp-json\/wp\/v2\/pages\/4984"}],"collection":[{"href":"https:\/\/www.unisantos.br\/pos\/wp-json\/wp\/v2\/pages"}],"about":[{"href":"https:\/\/www.unisantos.br\/pos\/wp-json\/wp\/v2\/types\/page"}],"author":[{"embeddable":true,"href":"https:\/\/www.unisantos.br\/pos\/wp-json\/wp\/v2\/users\/1"}],"replies":[{"embeddable":true,"href":"https:\/\/www.unisantos.br\/pos\/wp-json\/wp\/v2\/comments?post=4984"}],"version-history":[{"count":20,"href":"https:\/\/www.unisantos.br\/pos\/wp-json\/wp\/v2\/pages\/4984\/revisions"}],"predecessor-version":[{"id":6764,"href":"https:\/\/www.unisantos.br\/pos\/wp-json\/wp\/v2\/pages\/4984\/revisions\/6764"}],"up":[{"embeddable":true,"href":"https:\/\/www.unisantos.br\/pos\/wp-json\/wp\/v2\/pages\/210"}],"wp:attachment":[{"href":"https:\/\/www.unisantos.br\/pos\/wp-json\/wp\/v2\/media?parent=4984"}],"curies":[{"name":"wp","href":"https:\/\/api.w.org\/{rel}","templated":true}]}}