{"id":4981,"date":"2023-01-25T01:05:42","date_gmt":"2023-01-25T04:05:42","guid":{"rendered":"https:\/\/www.unisantos.br\/pos\/?page_id=4981"},"modified":"2025-03-07T16:53:09","modified_gmt":"2025-03-07T19:53:09","slug":"multilinguagens-cultura-e-sociedade-conexoes-interdisciplinares-e-intersemioticas-na-sala-de-aula","status":"publish","type":"page","link":"https:\/\/www.unisantos.br\/pos\/lato-sensu\/multilinguagens-cultura-e-sociedade-conexoes-interdisciplinares-e-intersemioticas-na-sala-de-aula\/","title":{"rendered":"Multilinguagens, Cultura e Sociedade: Conex\u00f5es Interdisciplinares e Intersemi\u00f3ticas na Sala de Aula"},"content":{"rendered":"<p><strong>PROFESSORA RESPONS\u00c1VEL<\/strong><br \/>\nProf\u00aa. Me. Ermelinda Maura Chezzi<\/p>\n<p><strong>CARGA HOR\u00c1RIA<\/strong><br \/>\n360 horas<\/p>\n<p><strong>IN\u00cdCIO<\/strong><br \/>\nMar\u00e7o\/2025<\/p>\n<p><strong>DIAS\/HOR\u00c1RIOS<\/strong><br \/>\nQuinta-feira, das 18h45 \u00e0s 22h45; e s\u00e1bado, das 8h30 \u00e0s 12h30 e das 13h30 \u00e0s 17h30<\/p>\n<p><strong>MODALIDADE<br \/>\n<\/strong>EAD Live, organizada em encontros digitais ao vivo com suporte de Ambiente Virtual de Aprendizagem<\/p>\n<p><strong>P\u00daBLICO-ALVO<\/strong><br \/>\nLicenciados, professores do Ensino Fundamental dos anos iniciais e dos anos finais, do Ensino M\u00e9dio e da Educa\u00e7\u00e3o de Jovens e Adultos, da Educa\u00e7\u00e3o B\u00e1sica, professores de Ensino Superior e demais interessados.<\/p>\n<p><strong>OBJETIVO<\/strong><br \/>\nAprofundar os conhecimentos te\u00f3ricos e pr\u00e1ticos adquiridos na forma\u00e7\u00e3o da gradua\u00e7\u00e3o e pr\u00e1tica da sala de aula, dos licenciados interessados e em cursos de forma\u00e7\u00e3o continuada.<br \/>\nEstimular os licenciados da necessidade de estar atento \u00e0s constantes transforma\u00e7\u00f5es do mundo contempor\u00e2neo e a buscar sempre novos conhecimentos, aprender a crescer constantemente e, assim, introduzir esses novos conhecimentos em sua pr\u00e1tica docente.<\/p>\n<p><strong>INVESTIMENTO<\/strong><br \/>\n16 parcelas de R$ 399<\/p>\n<p><strong>CONTE\u00daDO<\/strong><br \/>\n\u2022 A Linguagem Semi\u00f3tica, Simb\u00f3lica e Ideol\u00f3gica no Mundo Contempor\u00e2neo da Comunica\u00e7\u00e3o e Intera\u00e7\u00e3o<br \/>\n\u2022 As Diferentes Linguagens Po\u00e9ticas nas Manifesta\u00e7\u00f5es Culturais, Sociais e Art\u00edsticas na Literatura e Arte Ind\u00edgena Contempor\u00e2nea<br \/>\n\u2022 As Manifesta\u00e7\u00f5es Art\u00edsticas das Linguagens Multisemi\u00f3ticas e Multiculturais nos Meios Digitais<br \/>\n\u2022 Literatura Africana e Afrobrasileira: Interdiscursividade, Multiculturalismo e Multilinguagens<br \/>\n\u2022 Literatura, Cinema, Cultura e Sociedade: As Multilinguagens nas Conex\u00f5es Pedag\u00f3gicas Interdisciplinares na Sala de Aula<br \/>\n\u2022 Literatura Infantil e Juvenil na Contemporaneidade \u2013 Novas Linguagens Multisemi\u00f3ticas<br \/>\n\u2022 M\u00fasica Popular e Manifesta\u00e7\u00f5es Art\u00edsticas Populares da Cultura Brasileira<br \/>\n\u2022 Oficina de Cria\u00e7\u00e3o de Multilinguagens Digitais<br \/>\n\u2022 Palestras com Professores e Profissionais da \u00c1rea Convidados<br \/>\n\u2022 TCE \u2013 Trabalho de Conclus\u00e3o de Especializa\u00e7\u00e3o<br \/>\n\u2022 Tecnologias Digitais: Linguagem, Interatividade e Inser\u00e7\u00e3o Pedag\u00f3gica<\/p>\n<p><strong>DIFERENCIAIS<\/strong><br \/>\n\u2022 \u00danico curso da regi\u00e3o focado na BNCC da Educa\u00e7\u00e3o B\u00e1sica e que aborda a tem\u00e1tica das multilinguagens de maneira interdisciplinar.<br \/>\n\u2022 Corpo docente altamente especializado.<br \/>\n\u2022 Polo de apoio presencial com estrutura \u00fanica na regi\u00e3o.<br \/>\n\u2022 Biblioteca f\u00edsica e digital com amplo espa\u00e7o para estudos.<\/p>\n<p><strong>OBSERVA\u00c7\u00d5ES<\/strong><br \/>\nA Universidade se reserva o direito de alterar o cronograma e o corpo docente.<br \/>\nDocumenta\u00e7\u00e3o necess\u00e1ria: c\u00f3pias do RG, CPF, certid\u00e3o de nascimento ou casamento e Diploma da Gradua\u00e7\u00e3o ou Certificado de Cola\u00e7\u00e3o de Grau.<br \/>\nA inscri\u00e7\u00e3o presencial s\u00f3 poder\u00e1 ser efetuada pelo interessado no curso, ou por pessoa munida de procura\u00e7\u00e3o autenticada em cart\u00f3rio.<br \/>\nA efetiva\u00e7\u00e3o da matr\u00edcula est\u00e1 condicionada ao pagamento do boleto da 1\u00aa. parcela e entrega da documenta\u00e7\u00e3o exigida.<\/p>\n<p><strong>OUTRAS INFORMA\u00c7\u00d5ES<\/strong><br \/>\nE-mail: atendimentovirtual@unisantos.br<\/p>\n","protected":false},"excerpt":{"rendered":"<p>PROFESSORA RESPONS\u00c1VEL Prof\u00aa. Me. Ermelinda Maura Chezzi CARGA HOR\u00c1RIA 360 horas IN\u00cdCIO Mar\u00e7o\/2025 DIAS\/HOR\u00c1RIOS Quinta-feira, das 18h45 \u00e0s 22h45; e [&hellip;]<\/p>\n","protected":false},"author":1,"featured_media":0,"parent":210,"menu_order":0,"comment_status":"closed","ping_status":"closed","template":"","meta":{"footnotes":""},"_links":{"self":[{"href":"https:\/\/www.unisantos.br\/pos\/wp-json\/wp\/v2\/pages\/4981"}],"collection":[{"href":"https:\/\/www.unisantos.br\/pos\/wp-json\/wp\/v2\/pages"}],"about":[{"href":"https:\/\/www.unisantos.br\/pos\/wp-json\/wp\/v2\/types\/page"}],"author":[{"embeddable":true,"href":"https:\/\/www.unisantos.br\/pos\/wp-json\/wp\/v2\/users\/1"}],"replies":[{"embeddable":true,"href":"https:\/\/www.unisantos.br\/pos\/wp-json\/wp\/v2\/comments?post=4981"}],"version-history":[{"count":16,"href":"https:\/\/www.unisantos.br\/pos\/wp-json\/wp\/v2\/pages\/4981\/revisions"}],"predecessor-version":[{"id":6745,"href":"https:\/\/www.unisantos.br\/pos\/wp-json\/wp\/v2\/pages\/4981\/revisions\/6745"}],"up":[{"embeddable":true,"href":"https:\/\/www.unisantos.br\/pos\/wp-json\/wp\/v2\/pages\/210"}],"wp:attachment":[{"href":"https:\/\/www.unisantos.br\/pos\/wp-json\/wp\/v2\/media?parent=4981"}],"curies":[{"name":"wp","href":"https:\/\/api.w.org\/{rel}","templated":true}]}}