{"id":4974,"date":"2023-01-25T00:24:38","date_gmt":"2023-01-25T03:24:38","guid":{"rendered":"https:\/\/www.unisantos.br\/pos\/?page_id=4974"},"modified":"2025-03-07T16:57:49","modified_gmt":"2025-03-07T19:57:49","slug":"mba-em-gestao-estrategica-de-recursos-humanos-2","status":"publish","type":"page","link":"https:\/\/www.unisantos.br\/pos\/lato-sensu\/mba-em-gestao-estrategica-de-recursos-humanos-2\/","title":{"rendered":"MBA em Gest\u00e3o Estrat\u00e9gica de Recursos Humanos"},"content":{"rendered":"<p><strong>PROFESSORA RESPONS\u00c1VEL<\/strong><br \/>\nProf\u00aa. Me. Rita de C\u00e1ssia Zaher Rosa Paul<\/p>\n<p><strong>CARGA HOR\u00c1RIA<\/strong><br \/>\n360 horas<\/p>\n<p><strong>IN\u00cdCIO<\/strong><br \/>\nMar\u00e7o\/2025<\/p>\n<p><strong>DIAS\/HOR\u00c1RIOS<\/strong><br \/>\nTer\u00e7as e quintas-feiras, das 19h \u00e0s 22h40<\/p>\n<p><strong>MODALIDADE<\/strong><br \/>\nEAD Live, organizada em encontros digitais ao vivo com suporte de Ambiente Virtual de Aprendizagem<\/p>\n<p><strong>P\u00daBLICO-ALVO<\/strong><br \/>\nProfissionais e l\u00edderes interessados em aprofundar conhecimentos sobre gest\u00e3o de recursos humanos, em n\u00edvel estrat\u00e9gico nas organiza\u00e7\u00f5es, bem como no pr\u00f3prio desenvolvimento profissional.<\/p>\n<p><strong>OBJETIVOS<\/strong><br \/>\n\u2022 Aprofundar conhecimentos para atuar na gest\u00e3o de pessoas nas organiza\u00e7\u00f5es com os conceitos mais atuais existentes no mercado de trabalho.<br \/>\n\u2022 Especializar profissionais com vis\u00e3o global e din\u00e2mica do ambiente empresarial, com vistas a descentralizar a Administra\u00e7\u00e3o de RH e adequ\u00e1-la aos novos paradigmas da arquitetura estrat\u00e9gica organizacional no gerenciamento de pessoas.<br \/>\n\u2022 Desenvolver compet\u00eancias para a atua\u00e7\u00e3o estrat\u00e9gica na gest\u00e3o de pessoas, por meio do conhecimento das t\u00e9cnicas de constru\u00e7\u00e3o do plano de carreira nas organiza\u00e7\u00f5es.<br \/>\n\u2022 Ampliar conhecimentos sobre a realidade das organiza\u00e7\u00f5es, bem como a compreens\u00e3o das equipes de profissionais, com vistas a aumentar a produtividade e a competitividade das organiza\u00e7\u00f5es.<br \/>\n\u2022 Desenvolver conhecimentos de an\u00e1lise, interpreta\u00e7\u00e3o e articula\u00e7\u00e3o de dados e informa\u00e7\u00f5es, em conson\u00e2ncia com a cultura da empresa, para o alcance dos objetivos organizacionais.<br \/>\n\u2022 Desenvolver compet\u00eancias emocionais, a fim de identificar e motivar lideran\u00e7as para a integra\u00e7\u00e3o organizacional.<br \/>\n\u2022 Contribuir para ampliar o conhecimento de temas atuais sobre gest\u00e3o e comunica\u00e7\u00e3o estrat\u00e9gica.<\/p>\n<p><strong>INVESTIMENTO<\/strong><br \/>\n16 parcelas de R$ 199<\/p>\n<p><strong>CONTE\u00daDO<\/strong><br \/>\n\u2022 Qualidade de Vida e Psicologia Positiva nas Organiza\u00e7\u00f5es<br \/>\n\u2022 Gest\u00e3o de Mudan\u00e7as e Cultura Organizacional<br \/>\n\u2022 T\u00f3picos Especiais em Gest\u00e3o de Pessoas<br \/>\n\u2022 Gest\u00e3o Estrat\u00e9gica e Sustentabilidade<br \/>\n\u2022 Recrutamento e Sele\u00e7\u00e3o de Talentos<br \/>\n\u2022 Treinamento e Desenvolvimento de Talentos<br \/>\n\u2022 Inova\u00e7\u00e3o e Jogos de Empresas<br \/>\n\u2022 Comunica\u00e7\u00e3o Empresarial Estrat\u00e9gica<br \/>\n\u2022 Gest\u00e3o de Pessoas e Lideran\u00e7a<br \/>\n\u2022 Estrat\u00e9gia de Remunera\u00e7\u00e3o e Benef\u00edcios<br \/>\n\u2022 RH \u00c1gil<br \/>\n\u2022 Comportamento Humano nas Organiza\u00e7\u00f5es<br \/>\n\u2022 Legisla\u00e7\u00e3o Trabalhista<\/p>\n<p><strong>DIFERENCIAIS<\/strong><br \/>\n\u2022 Professores com ampla experi\u00eancia de atua\u00e7\u00e3o e reconhecimento no mercado de trabalho;<br \/>\n\u2022 Temas atuais e relevantes para a \u00e1rea.<br \/>\n\u2022 Linguagem acess\u00edvel aos diversos n\u00edveis de conhecimento sobre o trabalho com pessoas.<br \/>\n\u2022 Ideal para quem deseja desenvolver maior conhecimento sobre os processos que envolvem as pessoas nas empresas e compet\u00eancias gerenciais.<\/p>\n<p><strong>OBSERVA\u00c7\u00d5ES<\/strong><br \/>\nA Universidade se reserva o direito de alterar o cronograma e o corpo docente.<br \/>\nDocumenta\u00e7\u00e3o necess\u00e1ria: c\u00f3pias do RG, CPF, certid\u00e3o de nascimento ou casamento e Diploma da Gradua\u00e7\u00e3o ou Certificado de Cola\u00e7\u00e3o de Grau.<br \/>\nA inscri\u00e7\u00e3o presencial s\u00f3 poder\u00e1 ser efetuada pelo interessado no curso, ou por pessoa munida de procura\u00e7\u00e3o autenticada em cart\u00f3rio.<br \/>\nA efetiva\u00e7\u00e3o da matr\u00edcula est\u00e1 condicionada ao pagamento do boleto da 1\u00aa. parcela e entrega da documenta\u00e7\u00e3o exigida.<\/p>\n<p><strong>OUTRAS INFORMA\u00c7\u00d5ES<\/strong><br \/>\nE-mail: atendimentovirtual@unisantos.br<\/p>\n","protected":false},"excerpt":{"rendered":"<p>PROFESSORA RESPONS\u00c1VEL Prof\u00aa. Me. Rita de C\u00e1ssia Zaher Rosa Paul CARGA HOR\u00c1RIA 360 horas IN\u00cdCIO Mar\u00e7o\/2025 DIAS\/HOR\u00c1RIOS Ter\u00e7as e quintas-feiras, [&hellip;]<\/p>\n","protected":false},"author":1,"featured_media":0,"parent":210,"menu_order":0,"comment_status":"closed","ping_status":"closed","template":"","meta":{"footnotes":""},"_links":{"self":[{"href":"https:\/\/www.unisantos.br\/pos\/wp-json\/wp\/v2\/pages\/4974"}],"collection":[{"href":"https:\/\/www.unisantos.br\/pos\/wp-json\/wp\/v2\/pages"}],"about":[{"href":"https:\/\/www.unisantos.br\/pos\/wp-json\/wp\/v2\/types\/page"}],"author":[{"embeddable":true,"href":"https:\/\/www.unisantos.br\/pos\/wp-json\/wp\/v2\/users\/1"}],"replies":[{"embeddable":true,"href":"https:\/\/www.unisantos.br\/pos\/wp-json\/wp\/v2\/comments?post=4974"}],"version-history":[{"count":19,"href":"https:\/\/www.unisantos.br\/pos\/wp-json\/wp\/v2\/pages\/4974\/revisions"}],"predecessor-version":[{"id":6758,"href":"https:\/\/www.unisantos.br\/pos\/wp-json\/wp\/v2\/pages\/4974\/revisions\/6758"}],"up":[{"embeddable":true,"href":"https:\/\/www.unisantos.br\/pos\/wp-json\/wp\/v2\/pages\/210"}],"wp:attachment":[{"href":"https:\/\/www.unisantos.br\/pos\/wp-json\/wp\/v2\/media?parent=4974"}],"curies":[{"name":"wp","href":"https:\/\/api.w.org\/{rel}","templated":true}]}}