{"id":4971,"date":"2023-01-25T00:15:19","date_gmt":"2023-01-25T03:15:19","guid":{"rendered":"https:\/\/www.unisantos.br\/pos\/?page_id=4971"},"modified":"2025-03-07T16:59:10","modified_gmt":"2025-03-07T19:59:10","slug":"mba-em-gestao-estrategica-de-negocios","status":"publish","type":"page","link":"https:\/\/www.unisantos.br\/pos\/lato-sensu\/mba-em-gestao-estrategica-de-negocios\/","title":{"rendered":"MBA em Gest\u00e3o Estrat\u00e9gica de Neg\u00f3cios"},"content":{"rendered":"<p><strong>PROFESSOR RESPONS\u00c1VEL<\/strong><br \/>\nProf. Dr. Jo\u00e3o Alfredo Carvalho Rodrigues Gon\u00e7alves<\/p>\n<p><strong>CARGA HOR\u00c1RIA<\/strong><br \/>\n360 horas<\/p>\n<p><strong>IN\u00cdCIO<\/strong><br \/>\nMar\u00e7o\/2025<\/p>\n<p><strong>DIAS\/HOR\u00c1RIOS<\/strong><br \/>\nTer\u00e7as e quintas-feiras, das 18h45 \u00e0s 22h45<\/p>\n<p><strong>MODALIDADE<\/strong><br \/>\nH\u00edbrida: 132 horas EAD ass\u00edncronas (20 s\u00edncronas facultativas ao estudante, uma vez que ser\u00e3o gravadas) e 228 presenciais<\/p>\n<p><strong>P\u00daBLICO-ALVO<\/strong><br \/>\nProfissionais interessados em contribuir ativamente na gest\u00e3o das organiza\u00e7\u00f5es e\/ou na Transforma\u00e7\u00e3o Digital da sociedade.<\/p>\n<p><strong>OBJETIVO<\/strong><br \/>\nAprimorar a forma\u00e7\u00e3o de profissionais dispostos a impactarem positivamente a gest\u00e3o do futuro das organiza\u00e7\u00f5es, apostando no desenvolvimento de lideran\u00e7a em qualquer segmento e frente aos mais diversos profissionais.<\/p>\n<p><strong>INVESTIMENTO<\/strong><br \/>\n16 parcelas de R$ 350<\/p>\n<p><strong>CONTE\u00daDO<\/strong><br \/>\n\u2022 Legisla\u00e7\u00e3o: Legisla\u00e7\u00e3o Aplicada a Neg\u00f3cios (EAD)<br \/>\n\u2022 Gest\u00e3o Estrat\u00e9gica de Neg\u00f3cios: Strategic Management<br \/>\n\u2022 Futuro das Organiza\u00e7\u00f5es: Inova\u00e7\u00e3o e Transforma\u00e7\u00e3o Digital<br \/>\n\u2022 Pensamento Estrat\u00e9gico: Strategic Thinking, Negotiation &amp; Growth Hacking (EAD)<br \/>\n\u2022 Gest\u00e3o da Experi\u00eancia do Cliente: Design Thinking &amp; Customer Experience Management<br \/>\n\u2022 Gest\u00e3o Estrat\u00e9gica de Marketing: Strategic Marketing Management<br \/>\n\u2022 Mudan\u00e7as &amp; Mindset: Change Management &amp; Growth Mindset (EAD)<br \/>\n\u2022 H&amp;S Skills: Lideran\u00e7a, Gest\u00e3o de Pessoas e Equipes de Alta Performance<br \/>\n\u2022 Comportamento Organizacional: Managing Organizational Behaviour &amp; Leadership Communications<br \/>\n\u2022 Projetos: PMI \u00ae &amp; Agile Project Management (EAD)<br \/>\n\u2022 ESG: Environmental, Social &amp; Governance<br \/>\n\u2022 Finan\u00e7as: Financial Management &amp; Accountability<br \/>\n\u2022 Business Plan Presentation &amp; Investment: Seed Simulator (Presencial e EAD)<\/p>\n<p><strong>OBSERVA\u00c7\u00d5ES<\/strong><br \/>\nA Universidade se reserva o direito de alterar o cronograma e o corpo docente.<br \/>\nDocumenta\u00e7\u00e3o necess\u00e1ria: c\u00f3pias do RG, CPF, certid\u00e3o de nascimento ou casamento e Diploma da Gradua\u00e7\u00e3o ou Certificado de Cola\u00e7\u00e3o de Grau.<br \/>\nA inscri\u00e7\u00e3o presencial s\u00f3 poder\u00e1 ser efetuada pelo interessado no curso, ou por pessoa munida de procura\u00e7\u00e3o autenticada em cart\u00f3rio.<br \/>\nA efetiva\u00e7\u00e3o da matr\u00edcula est\u00e1 condicionada ao pagamento do boleto da 1\u00aa. parcela e entrega da documenta\u00e7\u00e3o exigida.<\/p>\n<p><strong>OUTRAS INFORMA\u00c7\u00d5ES<\/strong><br \/>\nE-mail: atendimentovirtual@unisantos.br<\/p>\n","protected":false},"excerpt":{"rendered":"<p>PROFESSOR RESPONS\u00c1VEL Prof. Dr. Jo\u00e3o Alfredo Carvalho Rodrigues Gon\u00e7alves CARGA HOR\u00c1RIA 360 horas IN\u00cdCIO Mar\u00e7o\/2025 DIAS\/HOR\u00c1RIOS Ter\u00e7as e quintas-feiras, das [&hellip;]<\/p>\n","protected":false},"author":1,"featured_media":0,"parent":210,"menu_order":0,"comment_status":"closed","ping_status":"closed","template":"","meta":{"footnotes":""},"_links":{"self":[{"href":"https:\/\/www.unisantos.br\/pos\/wp-json\/wp\/v2\/pages\/4971"}],"collection":[{"href":"https:\/\/www.unisantos.br\/pos\/wp-json\/wp\/v2\/pages"}],"about":[{"href":"https:\/\/www.unisantos.br\/pos\/wp-json\/wp\/v2\/types\/page"}],"author":[{"embeddable":true,"href":"https:\/\/www.unisantos.br\/pos\/wp-json\/wp\/v2\/users\/1"}],"replies":[{"embeddable":true,"href":"https:\/\/www.unisantos.br\/pos\/wp-json\/wp\/v2\/comments?post=4971"}],"version-history":[{"count":17,"href":"https:\/\/www.unisantos.br\/pos\/wp-json\/wp\/v2\/pages\/4971\/revisions"}],"predecessor-version":[{"id":6761,"href":"https:\/\/www.unisantos.br\/pos\/wp-json\/wp\/v2\/pages\/4971\/revisions\/6761"}],"up":[{"embeddable":true,"href":"https:\/\/www.unisantos.br\/pos\/wp-json\/wp\/v2\/pages\/210"}],"wp:attachment":[{"href":"https:\/\/www.unisantos.br\/pos\/wp-json\/wp\/v2\/media?parent=4971"}],"curies":[{"name":"wp","href":"https:\/\/api.w.org\/{rel}","templated":true}]}}