{"id":486,"date":"2018-10-11T17:11:25","date_gmt":"2018-10-11T20:11:25","guid":{"rendered":"https:\/\/www.unisantos.br\/pos\/?page_id=486"},"modified":"2023-01-03T21:31:11","modified_gmt":"2023-01-04T00:31:11","slug":"regularizacao-fundiaria-de-acordo-com-a-lei-13-465-2017","status":"publish","type":"page","link":"https:\/\/www.unisantos.br\/pos\/qualificacao\/regularizacao-fundiaria-de-acordo-com-a-lei-13-465-2017\/","title":{"rendered":"Regulariza\u00e7\u00e3o Fundi\u00e1ria de Acordo com a Lei 13.465\/2017"},"content":{"rendered":"<p><strong>CARGA HOR\u00c1RIA<br \/>\n<\/strong>30\u00a0 h\/a<strong>\u00a0<\/strong><strong>\u00a0<\/strong><\/p>\n<p><strong>LOCAL<br \/>\n<\/strong>Campus Dom Id\u00edlio Jos\u00e9 Soares<\/p>\n<p><strong>\u00a0<\/strong><strong>OBJETIVO<br \/>\n<\/strong>Capacitar gestores e demais interessados para o processo de regulariza\u00e7\u00e3o fundi\u00e1ria no \u00e2mbito municipal e regional. Esclarecer lacunas da Lei e como se pode entender determinados dispositivos. Como compatibilizar o Plano Diretor com o PDUI e como se pode por em pr\u00e1tica as diversas formas de regulariza\u00e7\u00e3o existentes na Lei.<\/p>\n<p><strong>P\u00daBLICO-ALVO<br \/>\n<\/strong>Profissionais do direito e da arquitetura. Servidores municipais e sobretudo da Ag\u00eancia Metropolitana (quem est\u00e1 solicitando um curso)<\/p>\n<p><strong>CONTE\u00daDO<br \/>\n<\/strong>Decreto Lei 58\/37<br \/>\nLei Federal 6.766\/79<br \/>\nLei 9.785\/99<br \/>\nA quest\u00e3o urbana na Constitui\u00e7\u00e3o Federal 1988<br \/>\nRegulariza\u00e7\u00e3o e o Estatuto da Cidade<br \/>\nMP 2.220\/01<br \/>\nLei Federal 11.977\/2009 \u2013 Cap. III da Lei da Minha Casa, Minha Vida<br \/>\nAs modifica\u00e7\u00f5es introduzidas pela Lei 12.424\/2011<br \/>\nMP 759\/16<br \/>\nLei n\u00ba. 13.465\/17<br \/>\nConceito de Regulariza\u00e7\u00e3o Fundi\u00e1ria e sua abrang\u00eancia e fundamentos legais \u2013 REURB S e REURB E<br \/>\nMarco temporal e especificidade do instrumento<br \/>\nObjetivos da REURB<br \/>\nConceitos Legais \u2013 REURB S \u2013 REURB E; n\u00facleo urbano; n\u00facleo urbano informal; n\u00facleo urbano consolidado; demarca\u00e7\u00e3o urban\u00edstica; CRF &#8211; certid\u00e3o de regulariza\u00e7\u00e3o fundi\u00e1ria; legitima\u00e7\u00e3o da posse; legitima\u00e7\u00e3o fundi\u00e1ria; ocupante \u2013 infraestrutura essencial<br \/>\n\u00c2mbito de aplicabilidade: excludente da Lei: \u00e1reas indispens\u00e1veis \u00e0 seguran\u00e7a nacional ou de interesse da defesa; \u00e2mbito territorial urbano e rural<br \/>\nLegitimados para propor a Reurb<\/p>\n<p><strong>OBSERVA\u00c7\u00d5ES<br \/>\n<\/strong>A Universidade se reserva o direito de alterar o cronograma e o corpo docente.<br \/>\nDocumenta\u00e7\u00e3o necess\u00e1ria para quem n\u00e3o \u00e9 aluno da Cat\u00f3lica de Santos: c\u00f3pias do RG, CPF, certid\u00e3o de nascimento ou casamento.<br \/>\nA inscri\u00e7\u00e3o presencial s\u00f3 poder\u00e1 ser efetuada pelo interessado no curso, ou por pessoa munida de procura\u00e7\u00e3o autenticada em cart\u00f3rio.<br \/>\nA efetiva\u00e7\u00e3o da matr\u00edcula est\u00e1 condicionada ao pagamento do boleto da 1\u00aa. parcela e entrega da documenta\u00e7\u00e3o exigida.<\/p>\n<p><strong>OUTRAS INFORMA\u00c7\u00d5ES<br \/>\n<\/strong>Departamento de Atendimento Integrado<br \/>\nTelefone: (13) 3205-5555<br \/>\nE-mail: dat@unisantos.br<\/p>\n","protected":false},"excerpt":{"rendered":"<p>CARGA HOR\u00c1RIA 30\u00a0 h\/a\u00a0\u00a0 LOCAL Campus Dom Id\u00edlio Jos\u00e9 Soares \u00a0OBJETIVO Capacitar gestores e demais interessados para o processo de [&hellip;]<\/p>\n","protected":false},"author":1,"featured_media":671,"parent":399,"menu_order":0,"comment_status":"closed","ping_status":"closed","template":"","meta":{"footnotes":""},"_links":{"self":[{"href":"https:\/\/www.unisantos.br\/pos\/wp-json\/wp\/v2\/pages\/486"}],"collection":[{"href":"https:\/\/www.unisantos.br\/pos\/wp-json\/wp\/v2\/pages"}],"about":[{"href":"https:\/\/www.unisantos.br\/pos\/wp-json\/wp\/v2\/types\/page"}],"author":[{"embeddable":true,"href":"https:\/\/www.unisantos.br\/pos\/wp-json\/wp\/v2\/users\/1"}],"replies":[{"embeddable":true,"href":"https:\/\/www.unisantos.br\/pos\/wp-json\/wp\/v2\/comments?post=486"}],"version-history":[{"count":4,"href":"https:\/\/www.unisantos.br\/pos\/wp-json\/wp\/v2\/pages\/486\/revisions"}],"predecessor-version":[{"id":4691,"href":"https:\/\/www.unisantos.br\/pos\/wp-json\/wp\/v2\/pages\/486\/revisions\/4691"}],"up":[{"embeddable":true,"href":"https:\/\/www.unisantos.br\/pos\/wp-json\/wp\/v2\/pages\/399"}],"wp:featuredmedia":[{"embeddable":true,"href":"https:\/\/www.unisantos.br\/pos\/wp-json\/wp\/v2\/media\/671"}],"wp:attachment":[{"href":"https:\/\/www.unisantos.br\/pos\/wp-json\/wp\/v2\/media?parent=486"}],"curies":[{"name":"wp","href":"https:\/\/api.w.org\/{rel}","templated":true}]}}