{"id":480,"date":"2018-10-11T17:10:01","date_gmt":"2018-10-11T20:10:01","guid":{"rendered":"https:\/\/www.unisantos.br\/pos\/?page_id=480"},"modified":"2023-08-14T13:43:37","modified_gmt":"2023-08-14T16:43:37","slug":"oficina-de-musica-corporal","status":"publish","type":"page","link":"https:\/\/www.unisantos.br\/pos\/qualificacao\/oficina-de-musica-corporal\/","title":{"rendered":"Oficina de M\u00fasica Corporal"},"content":{"rendered":"<p><strong>PROFESSORA RESPONS\u00c1VEL<\/strong><br \/>\nProf\u00aa. Esp. Mariana Gomes Maziero<\/p>\n<p><strong>CARGA HOR\u00c1RIA<\/strong><br \/>\n12 h\/a<\/p>\n<p><strong>LOCAL<\/strong><br \/>\nCampus Dom Id\u00edlio Jos\u00e9 Soares<\/p>\n<p><strong>OBJETIVO<\/strong><br \/>\nEsse curso de extens\u00e3o tem como instrumento um objeto sonoro ancestral: o corpo e o objetivo \u00e9 apresentar o corpo como fonte sonora, tendo, como t\u00e9cnica, a percuss\u00e3o corporal\/m\u00fasica corporal, portanto, considera-se, aqui, o corpo como instrumento musical, com o desenvolvimento de t\u00e9cnicas, timbres, alturas, ritmo, entre outros par\u00e2metros musicais, bem como pr\u00e1ticas de improvisa\u00e7\u00e3o. O corpo \u00e9 o primeiro instrumento do homem, o mais acess\u00edvel, democr\u00e1tico e inerente ao ser humano, podendo ser tocado a qualquer momento, apresentando, cada um, uma particularidade, com timbre e sons espec\u00edficos. Somos seres musicais por natureza e esta abordagem, por meio de jogos musicais coletivos, contribui, al\u00e9m dos aspectos te\u00f3ricos musicais, com saberes sociais, como reconhecer igualdades e diferen\u00e7as, imita\u00e7\u00e3o e cria\u00e7\u00e3o, saber a hora de ser o protagonista e coadjuvante, bem como desenvolve aspectos individuais e coletivos. Portanto, \u00e9 uma maneira de se fazer m\u00fasica em conjunto. N\u00e3o \u00e9 necess\u00e1rio conhecimento pr\u00e9vio musical.<\/p>\n<p><strong>P\u00daBLICO-ALVO<\/strong><br \/>\nAlunos do curso de licenciatura em m\u00fasica, professores da rede p\u00fablica e privada, m\u00fasicos e interessados em geral acima de 17 anos.<\/p>\n<p><strong>CONTE\u00daDO<\/strong><br \/>\nAquecimento<br \/>\nJogo de pulsa\u00e7\u00e3o, tempo e contra-tempo<br \/>\nApresenta\u00e7\u00e3o e pr\u00e1tica de alguns timbres<br \/>\nCombinar timbres para realizar o r\u00edtmo 1<br \/>\n\u201cmini\u201d arranjo para uma can\u00e7\u00e3o popular<br \/>\nJogos de improvisa\u00e7\u00e3o 1 e 2<br \/>\nAvalia\u00e7\u00e3o dialogada<br \/>\nAquecimento<br \/>\nJogo de pulsa\u00e7\u00e3o, tempo, contra-tempo e subdivis\u00e3o quatern\u00e1ria<br \/>\nApresenta\u00e7\u00e3o e pr\u00e1tica de outros timbres<br \/>\nCombinar timbres para realizar o r\u00edtmo 2<br \/>\nCria\u00e7\u00e3o de arranjo em pequenos grupos<br \/>\nJogos de improvisa\u00e7\u00e3o 3 e 4<br \/>\nAvalia\u00e7\u00e3o dialogada<br \/>\nAquecimento<br \/>\nApresenta\u00e7\u00e3o de refer\u00eancias<br \/>\nPr\u00e1tica dos jogos de pulsa\u00e7\u00e3o, tempo, contra-tempo e subdivis\u00e3o quatern\u00e1ria, conquistando a musicalidade destes jogos<br \/>\nJogo de coordena\u00e7\u00e3o motora, trabalhando dois timbres simultaneamente<br \/>\nJogos de improvisa\u00e7\u00e3o 5 e 6 + pr\u00e1tica de reg\u00eancia (comunica\u00e7\u00e3o por sinais)<br \/>\nApresenta\u00e7\u00e3o das cria\u00e7\u00f5es dos arranjos da aula anterior.<br \/>\nAvalia\u00e7\u00e3o dialogada final<\/p>\n<p><strong>OBSERVA\u00c7\u00d5ES<\/strong><br \/>\nA Universidade se reserva o direito de alterar o cronograma e o corpo docente.<br \/>\nDocumenta\u00e7\u00e3o necess\u00e1ria para quem n\u00e3o \u00e9 aluno da Cat\u00f3lica de Santos: c\u00f3pias do RG, CPF, certid\u00e3o de nascimento ou casamento.<br \/>\nA inscri\u00e7\u00e3o presencial s\u00f3 poder\u00e1 ser efetuada pelo interessado no curso, ou por pessoa munida de procura\u00e7\u00e3o autenticada em cart\u00f3rio.<br \/>\nA efetiva\u00e7\u00e3o da matr\u00edcula est\u00e1 condicionada ao pagamento do boleto da 1\u00aa. parcela e entrega da documenta\u00e7\u00e3o exigida.<\/p>\n<p><strong>OUTRAS INFORMA\u00c7\u00d5ES<\/strong><br \/>\nDepartamento de Atendimento Integrado<br \/>\nTelefones: (13) 3205-5555<br \/>\nE-mail: dat@unisantos.br<\/p>\n","protected":false},"excerpt":{"rendered":"<p>PROFESSORA RESPONS\u00c1VEL Prof\u00aa. Esp. Mariana Gomes Maziero CARGA HOR\u00c1RIA 12 h\/a LOCAL Campus Dom Id\u00edlio Jos\u00e9 Soares OBJETIVO Esse curso [&hellip;]<\/p>\n","protected":false},"author":1,"featured_media":672,"parent":399,"menu_order":0,"comment_status":"closed","ping_status":"closed","template":"","meta":{"footnotes":""},"_links":{"self":[{"href":"https:\/\/www.unisantos.br\/pos\/wp-json\/wp\/v2\/pages\/480"}],"collection":[{"href":"https:\/\/www.unisantos.br\/pos\/wp-json\/wp\/v2\/pages"}],"about":[{"href":"https:\/\/www.unisantos.br\/pos\/wp-json\/wp\/v2\/types\/page"}],"author":[{"embeddable":true,"href":"https:\/\/www.unisantos.br\/pos\/wp-json\/wp\/v2\/users\/1"}],"replies":[{"embeddable":true,"href":"https:\/\/www.unisantos.br\/pos\/wp-json\/wp\/v2\/comments?post=480"}],"version-history":[{"count":7,"href":"https:\/\/www.unisantos.br\/pos\/wp-json\/wp\/v2\/pages\/480\/revisions"}],"predecessor-version":[{"id":5474,"href":"https:\/\/www.unisantos.br\/pos\/wp-json\/wp\/v2\/pages\/480\/revisions\/5474"}],"up":[{"embeddable":true,"href":"https:\/\/www.unisantos.br\/pos\/wp-json\/wp\/v2\/pages\/399"}],"wp:featuredmedia":[{"embeddable":true,"href":"https:\/\/www.unisantos.br\/pos\/wp-json\/wp\/v2\/media\/672"}],"wp:attachment":[{"href":"https:\/\/www.unisantos.br\/pos\/wp-json\/wp\/v2\/media?parent=480"}],"curies":[{"name":"wp","href":"https:\/\/api.w.org\/{rel}","templated":true}]}}