{"id":454,"date":"2018-10-11T16:49:07","date_gmt":"2018-10-11T19:49:07","guid":{"rendered":"https:\/\/www.unisantos.br\/pos\/?page_id=454"},"modified":"2023-08-14T14:12:30","modified_gmt":"2023-08-14T17:12:30","slug":"envelhecimento-saudavel-e-qualidade-de-vida-perspectivas-contemporaneas","status":"publish","type":"page","link":"https:\/\/www.unisantos.br\/pos\/qualificacao\/envelhecimento-saudavel-e-qualidade-de-vida-perspectivas-contemporaneas\/","title":{"rendered":"Envelhecimento Saud\u00e1vel e Qualidade de Vida: Perspectivas Contempor\u00e2neas"},"content":{"rendered":"<p><strong>PROFESSORA RESPONS\u00c1VEL<br \/>\n<\/strong>Prof\u00aa. Me. Carolina Vicaria D\u2019Aurea Kasabkojian<\/p>\n<p><strong>CARGA HOR\u00c1RIA<br \/>\n<\/strong>9\u00a0 h\/a<strong>\u00a0<\/strong><\/p>\n<p><strong>LOCAL<br \/>\n<\/strong>Campus Dom Id\u00edlio Jos\u00e9 Soares<\/p>\n<p><strong>OBJETIVO<br \/>\n<\/strong>Fornecer subs\u00eddios acerca do envelhecimento normal e patol\u00f3gico;<br \/>\nAvaliar e intervir nos diversos n\u00edveis de aten\u00e7\u00e3o ao idoso;<br \/>\nAmpliar a vis\u00e3o interdisciplinar e demonstrar o panorama atual de evid\u00eancias cient\u00edficas acerca do sono, alimenta\u00e7\u00e3o, atividade f\u00edsica e exerc\u00edcio f\u00edsico, e cuidados com a psique (mente) no processo de envelhecimento saud\u00e1vel.<br \/>\nConhecer a fisiopatologia do envelhecimento, bem como a atua\u00e7\u00e3o de uma equipe multidisciplinar nesse processo;<br \/>\nPrevenir transtornos funcionais e promover sa\u00fade aos idosos de forma individual e em grupo;<br \/>\nAvaliar e aplicar t\u00e9cnicas e procedimentos fisioterap\u00eauticos nas diversas patologias que acometem o idoso.<strong>\u00a0<\/strong><\/p>\n<p><strong>P\u00daBLICO-ALVO<br \/>\n<\/strong>Profissionais da \u00e1rea da sa\u00fade, familiares, cuidadores e todos aqueles que tiverem interesse em descobrir como envelhecer com mais sa\u00fade e qualidade de vida.<strong>\u00a0<\/strong><\/p>\n<p><strong>CONTE\u00daDO<br \/>\n<\/strong>O processo de envelhecimento saud\u00e1vel<br \/>\nDoen\u00e7as: Panorama da popula\u00e7\u00e3o idosa<br \/>\nIntervalo<br \/>\nA atividade f\u00edsica no processo de envelhecimento saud\u00e1vel<br \/>\nA alimenta\u00e7\u00e3o no processo de envelhecimento saud\u00e1vel<br \/>\nAlmo\u00e7o<br \/>\nO sono no processo de envelhecimento saud\u00e1vel<br \/>\nPreven\u00e7\u00e3o e manejo de quedas<br \/>\nIntervalo<br \/>\nSocializa\u00e7\u00e3o, atividades de recrea\u00e7\u00e3o e lazer no envelhecimento saud\u00e1vel<br \/>\nCuidar em fam\u00edlia: como cuidadores e familiares podem auxiliar na qualidade de vida do idoso durante o envelhecer<\/p>\n<p><strong>OBSERVA\u00c7\u00d5ES<br \/>\n<\/strong>A Universidade se reserva o direito de alterar o cronograma e o corpo docente.<br \/>\nDocumenta\u00e7\u00e3o necess\u00e1ria para quem n\u00e3o \u00e9 aluno da Cat\u00f3lica de Santos: c\u00f3pias do RG, CPF, certid\u00e3o de nascimento ou casamento.<br \/>\nA inscri\u00e7\u00e3o presencial s\u00f3 poder\u00e1 ser efetuada pelo interessado no curso, ou por pessoa munida de procura\u00e7\u00e3o autenticada em cart\u00f3rio.<br \/>\nA efetiva\u00e7\u00e3o da matr\u00edcula est\u00e1 condicionada ao pagamento do boleto da 1\u00aa. parcela e entrega da documenta\u00e7\u00e3o exigida.<\/p>\n<p><strong>OUTRAS INFORMA\u00c7\u00d5ES<br \/>\n<\/strong><strong>Departamento de Atendimento Integrado<br \/>\n<\/strong>Telefone: (13) 3205-5555<br \/>\nE-mail: dat@unisantos.br<\/p>\n<p>&nbsp;<\/p>\n","protected":false},"excerpt":{"rendered":"<p>PROFESSORA RESPONS\u00c1VEL Prof\u00aa. Me. Carolina Vicaria D\u2019Aurea Kasabkojian CARGA HOR\u00c1RIA 9\u00a0 h\/a\u00a0 LOCAL Campus Dom Id\u00edlio Jos\u00e9 Soares OBJETIVO Fornecer [&hellip;]<\/p>\n","protected":false},"author":1,"featured_media":677,"parent":399,"menu_order":0,"comment_status":"closed","ping_status":"closed","template":"","meta":{"footnotes":""},"_links":{"self":[{"href":"https:\/\/www.unisantos.br\/pos\/wp-json\/wp\/v2\/pages\/454"}],"collection":[{"href":"https:\/\/www.unisantos.br\/pos\/wp-json\/wp\/v2\/pages"}],"about":[{"href":"https:\/\/www.unisantos.br\/pos\/wp-json\/wp\/v2\/types\/page"}],"author":[{"embeddable":true,"href":"https:\/\/www.unisantos.br\/pos\/wp-json\/wp\/v2\/users\/1"}],"replies":[{"embeddable":true,"href":"https:\/\/www.unisantos.br\/pos\/wp-json\/wp\/v2\/comments?post=454"}],"version-history":[{"count":13,"href":"https:\/\/www.unisantos.br\/pos\/wp-json\/wp\/v2\/pages\/454\/revisions"}],"predecessor-version":[{"id":5534,"href":"https:\/\/www.unisantos.br\/pos\/wp-json\/wp\/v2\/pages\/454\/revisions\/5534"}],"up":[{"embeddable":true,"href":"https:\/\/www.unisantos.br\/pos\/wp-json\/wp\/v2\/pages\/399"}],"wp:featuredmedia":[{"embeddable":true,"href":"https:\/\/www.unisantos.br\/pos\/wp-json\/wp\/v2\/media\/677"}],"wp:attachment":[{"href":"https:\/\/www.unisantos.br\/pos\/wp-json\/wp\/v2\/media?parent=454"}],"curies":[{"name":"wp","href":"https:\/\/api.w.org\/{rel}","templated":true}]}}