{"id":452,"date":"2018-10-11T16:48:43","date_gmt":"2018-10-11T19:48:43","guid":{"rendered":"https:\/\/www.unisantos.br\/pos\/?page_id=452"},"modified":"2023-08-14T13:42:24","modified_gmt":"2023-08-14T16:42:24","slug":"editoracao-de-partituras-musescore-e-sibelius","status":"publish","type":"page","link":"https:\/\/www.unisantos.br\/pos\/qualificacao\/editoracao-de-partituras-musescore-e-sibelius\/","title":{"rendered":"Editora\u00e7\u00e3o de Partituras \u2013 Musescore e Sibelius"},"content":{"rendered":"<p><strong>PROFESSOR RESPONS\u00c1VEL<\/strong><br \/>\nProf. Me. Ricardo Cardim de Cerqueira<\/p>\n<p><strong>CARGA HOR\u00c1RIA<\/strong><br \/>\n24\u00a0h\/a<\/p>\n<p><strong>LOCAL<\/strong><br \/>\nCampus Dom Id\u00edlio Jos\u00e9 Soares<\/p>\n<p><strong>OBJETIVO<br \/>\n<\/strong>Capacitar o estudante a criar, recriar e transcrever partituras, a partir de softwares de editora\u00e7\u00e3o musical como o Musescore (gratuito) e a mais completa ferramenta de cria\u00e7\u00e3o de partituras, Sibelius. Com eles, o aluno aprender\u00e1 a lidar com recursos avan\u00e7ados dos programas de forma a encurtar o tempo de elabora\u00e7\u00e3o.<br \/>\nAp\u00f3s o curso, o aluno ser\u00e1 capaz de copiar todos os tipos de partitura (com grafia convencional); poder\u00e1 criar as partituras de suas pr\u00f3prias m\u00fasicas, utilizar os recursos para realizar seus arranjos para quaisquer forma\u00e7\u00f5es musicais ou criar exerc\u00edcios te\u00f3rico pr\u00e1ticos para utilizar em aulas de instrumentos, teoria musical ou musicaliza\u00e7\u00e3o.<\/p>\n<p><strong>P\u00daBLICO-ALVO<\/strong><br \/>\nEstudantes, professores e profissionais de m\u00fasica.<\/p>\n<p><strong>CONTE\u00daDO<\/strong><br \/>\n&#8211; Panorama geral das regras de grafia musical e fundamentos da escrita musical;<br \/>\n&#8211; Apresenta\u00e7\u00e3o dos Softwares;<br \/>\n<strong>Introdu\u00e7\u00e3o ao Musescore:<\/strong><br \/>\n&#8211; Recursos principais: pautas, claves, f\u00f3rmulas de compasso, figuras musicais;<br \/>\n&#8211; Inser\u00e7\u00e3o de notas: armaduras de clave, acidentes e outros elementos;<br \/>\n&#8211; Configura\u00e7\u00e3o gera;<br \/>\n&#8211; Principais teclas de atalhos.<br \/>\n&#8211; Inserindo elementos de express\u00e3o;<br \/>\n&#8211; Inserindo elementos de articula\u00e7\u00e3o;<br \/>\n&#8211; Configura\u00e7\u00e3o de instrumentos;<br \/>\n&#8211; Inser\u00e7\u00e3o de textos;<br \/>\n&#8211; Harmoniza\u00e7\u00e3o\/acordes\/cifras;<br \/>\n&#8211; Transposi\u00e7\u00e3o de tonalidades.<br \/>\n<strong>Introdu\u00e7\u00e3o ao Sibelius:<\/strong><br \/>\n&#8211; Principais recursos de escrita;<br \/>\n&#8211; Principais recursos de \u00e1udio;<br \/>\n&#8211; Ferramentas adicionais;<br \/>\n&#8211; Configurando uma partitura padr\u00e3o;<br \/>\n&#8211; Inser\u00e7\u00e3o de notas e teclas de atalho.<br \/>\n<strong>Os principais elementos de uma partitura convencional (como configurar):<\/strong><br \/>\n&#8211; Barras de compasso;<br \/>\n&#8211; Armaduras de clave;<br \/>\n&#8211; F\u00f3rmulas de compasso;<br \/>\n&#8211; Textos de express\u00e3o e din\u00e2mica;<br \/>\n&#8211; Articula\u00e7\u00f5es;<br \/>\n&#8211; Tempo e andamentos.<br \/>\n<strong>Textos:<\/strong><br \/>\n&#8211; Textos de m\u00fasicas;<br \/>\n&#8211; Express\u00f5es e explica\u00e7\u00f5es na partitura;<br \/>\n&#8211; Cifras e indica\u00e7\u00f5es de acordes;<br \/>\n&#8211; Criando uma partitura para coro.<br \/>\n<strong>Criando uma grade de instrumentos:<\/strong><br \/>\n&#8211; Inser\u00e7\u00e3o de novos instrumentos;<br \/>\n&#8211; Altera\u00e7\u00e3o dos nomes;<br \/>\n&#8211; Modificando o tamanho da pauta e da grade.<br \/>\n<strong>Instrumentos de percuss\u00e3o:<\/strong><br \/>\n&#8211; a escolha dos instrumentos;<br \/>\n&#8211; configura\u00e7\u00e3o do som de cada instrumentos;<br \/>\n&#8211; altera\u00e7\u00e3o da cabe\u00e7a da nota para diversos instrumentos de percuss\u00e3o na mesma pauta.<br \/>\n<strong>Configura\u00e7\u00f5es avan\u00e7adas de \u00e1udio:<\/strong><br \/>\n&#8211; modificando o som do instrumento;<br \/>\n&#8211; alterando o timbre do instrumento em diferentes momentos da pauta;<br \/>\n&#8211; Configura\u00e7\u00e3o dos par\u00e2metros de express\u00e3o e din\u00e2mica.<br \/>\n<strong>Configura\u00e7\u00f5es avan\u00e7adas de layout e diagrama\u00e7\u00e3o de partituras:<\/strong><br \/>\n&#8211; Regras de disposi\u00e7\u00e3o de compassos e pautas;<br \/>\n&#8211; Compassos de espera;<br \/>\n&#8211; Distribui\u00e7\u00e3o das pautas na p\u00e1gina;<br \/>\n&#8211; Configura\u00e7\u00f5es personalizadas de layout;<br \/>\n<strong>Cria\u00e7\u00e3o de partituras did\u00e1ticas e para exerc\u00edcios:<\/strong><br \/>\n&#8211; Folha de exerc\u00edcios te\u00f3ricos;<br \/>\n&#8211; Exemplos musicais;<br \/>\n&#8211; Configura\u00e7\u00e3o de linhas e barras para exerc\u00edcios r\u00edtmicos.<br \/>\n<strong>Cria\u00e7\u00e3o de modelos (templates):<\/strong><br \/>\n&#8211; Modelos de grades personalizadas;<br \/>\n&#8211; Cria\u00e7\u00e3o de instrumentos personalizados;<br \/>\n&#8211; Estilos de textos personalizados;<br \/>\n&#8211; Modelos de folha de exerc\u00edcios.<\/p>\n<p><strong>OBSERVA\u00c7\u00d5ES<\/strong><br \/>\nA Universidade se reserva o direito de alterar o cronograma e o corpo docente.<br \/>\nDocumenta\u00e7\u00e3o necess\u00e1ria para quem n\u00e3o \u00e9 aluno da Cat\u00f3lica de Santos: c\u00f3pias do RG, CPF, certid\u00e3o de nascimento ou casamento.<br \/>\nA inscri\u00e7\u00e3o presencial s\u00f3 poder\u00e1 ser efetuada pelo interessado no curso, ou por pessoa munida de procura\u00e7\u00e3o autenticada em cart\u00f3rio.<br \/>\nA efetiva\u00e7\u00e3o da matr\u00edcula est\u00e1 condicionada ao pagamento do boleto da 1\u00aa. parcela e entrega da documenta\u00e7\u00e3o exigida.<\/p>\n<p><strong>OUTRAS INFORMA\u00c7\u00d5ES<\/strong><br \/>\nDepartamento de Atendimento Integrado<br \/>\nTelefones: (13) 3205-5555<br \/>\nE-mail: dat@unisantos.br<\/p>\n","protected":false},"excerpt":{"rendered":"<p>PROFESSOR RESPONS\u00c1VEL Prof. Me. Ricardo Cardim de Cerqueira CARGA HOR\u00c1RIA 24\u00a0h\/a LOCAL Campus Dom Id\u00edlio Jos\u00e9 Soares OBJETIVO Capacitar o [&hellip;]<\/p>\n","protected":false},"author":1,"featured_media":672,"parent":399,"menu_order":0,"comment_status":"closed","ping_status":"closed","template":"","meta":{"footnotes":""},"_links":{"self":[{"href":"https:\/\/www.unisantos.br\/pos\/wp-json\/wp\/v2\/pages\/452"}],"collection":[{"href":"https:\/\/www.unisantos.br\/pos\/wp-json\/wp\/v2\/pages"}],"about":[{"href":"https:\/\/www.unisantos.br\/pos\/wp-json\/wp\/v2\/types\/page"}],"author":[{"embeddable":true,"href":"https:\/\/www.unisantos.br\/pos\/wp-json\/wp\/v2\/users\/1"}],"replies":[{"embeddable":true,"href":"https:\/\/www.unisantos.br\/pos\/wp-json\/wp\/v2\/comments?post=452"}],"version-history":[{"count":2,"href":"https:\/\/www.unisantos.br\/pos\/wp-json\/wp\/v2\/pages\/452\/revisions"}],"predecessor-version":[{"id":5469,"href":"https:\/\/www.unisantos.br\/pos\/wp-json\/wp\/v2\/pages\/452\/revisions\/5469"}],"up":[{"embeddable":true,"href":"https:\/\/www.unisantos.br\/pos\/wp-json\/wp\/v2\/pages\/399"}],"wp:featuredmedia":[{"embeddable":true,"href":"https:\/\/www.unisantos.br\/pos\/wp-json\/wp\/v2\/media\/672"}],"wp:attachment":[{"href":"https:\/\/www.unisantos.br\/pos\/wp-json\/wp\/v2\/media?parent=452"}],"curies":[{"name":"wp","href":"https:\/\/api.w.org\/{rel}","templated":true}]}}