{"id":448,"date":"2018-10-11T16:44:10","date_gmt":"2018-10-11T19:44:10","guid":{"rendered":"https:\/\/www.unisantos.br\/pos\/?page_id=448"},"modified":"2023-08-14T13:42:41","modified_gmt":"2023-08-14T16:42:41","slug":"descomplicando-a-leitura-e-percepcao-ritmica","status":"publish","type":"page","link":"https:\/\/www.unisantos.br\/pos\/qualificacao\/descomplicando-a-leitura-e-percepcao-ritmica\/","title":{"rendered":"Descomplicando a Leitura e Percep\u00e7\u00e3o R\u00edtmica"},"content":{"rendered":"<p><strong>PROFESSORA RESPONS\u00c1VEL<\/strong><br \/>\nProf\u00aa. Giovanna Spinelli Salaro<\/p>\n<p><strong>CARGA HOR\u00c1RIA<\/strong><br \/>\n28 h\/a<\/p>\n<p><strong>LOCAL<\/strong><br \/>\nCampus Dom Id\u00edlio Jos\u00e9 Soares<\/p>\n<p><strong>OBJETIVO<\/strong><br \/>\nAperfei\u00e7oar a leitura, coordena\u00e7\u00e3o motora e percep\u00e7\u00e3o r\u00edtmica do aluno com o instrumento musical, por meio de exerc\u00edcios de leitura, solfejos, ditados e jogos r\u00edtmicos.<\/p>\n<p><strong>P\u00daBLICO-ALVO<\/strong><br \/>\nEstudantes do Curso de Licenciatura em M\u00fasica; docentes\u00a0da rede p\u00fablica municipal de ensino; estudantes da Cat\u00f3lica de Santos; e p\u00fablico interessado.<\/p>\n<p><strong>CONTE\u00daDO<\/strong><br \/>\nOrigem da nota\u00e7\u00e3o musical;<br \/>\nFiguras musicais;<br \/>\nF\u00f3rmula de compasso simples;<br \/>\nExerc\u00edcios de f\u00f3rmula de compasso;<br \/>\nC\u00e9lulas r\u00edtmicas;<br \/>\nExerc\u00edcios de percuss\u00e3o corporal;<br \/>\nLeitura r\u00edtmica;<br \/>\nDitado r\u00edtmico;<br \/>\nSolfejo (d\u00f3, mi e sol);<br \/>\nNovas c\u00e9lulas r\u00edtmicas;<br \/>\nLeitura r\u00edtmica;<br \/>\nDitado r\u00edtmico;<br \/>\nLeitura a duas vozes;<br \/>\nSolfejo (r\u00e9, f\u00e1 e l\u00e1);<br \/>\nExerc\u00edcios de percuss\u00e3o corporal;<br \/>\nExecu\u00e7\u00e3o da leitura r\u00edtmica utilizando instrumentos de percuss\u00e3o;<br \/>\nLigadura e s\u00edncopas;<br \/>\nLeitura r\u00edtmica;<br \/>\nDitado r\u00edtmico de dois compassos;<br \/>\nLeitura a duas vozes;<br \/>\nExecu\u00e7\u00e3o da leitura r\u00edtmica utilizando instrumentos de percuss\u00e3o;<br \/>\nSolfejo de uma oitava (d\u00f33 ao d\u00f34);<br \/>\nExecu\u00e7\u00e3o de partituras utilizando as c\u00e9lulas r\u00edtmicas e notas aprendidas, no pr\u00f3prio instrumento do aluno;<br \/>\nLeitura r\u00edtmica marcando \u00bc o tempo;<br \/>\nLeitura a tr\u00eas vozes;<br \/>\nLeitura r\u00edtmica;<br \/>\nDitado r\u00edtmico de tr\u00eas compassos;<br \/>\nExecu\u00e7\u00e3o da leitura r\u00edtmica utilizando instrumentos de percuss\u00e3o;<br \/>\nSolfejo;<br \/>\nExecu\u00e7\u00e3o de partituras, no pr\u00f3prio instrumento do aluno;<br \/>\nF\u00f3rmula de compasso composto;<br \/>\nQui\u00e1lteras;<br \/>\nExecu\u00e7\u00e3o da leitura r\u00edtmica utilizando instrumentos de percuss\u00e3o;<br \/>\nLeitura r\u00edtmica;<br \/>\nDitado r\u00edtmico;<br \/>\nExecu\u00e7\u00e3o de partituras;<br \/>\nIdentifica\u00e7\u00e3o de compasso simples e composto;<br \/>\nSolfejo d\u00f33 ao sol4;<br \/>\nLeitura r\u00edtmica;<br \/>\nDitado r\u00edtmico com 4 compassos;<br \/>\nDitado r\u00edtmico a duas vozes;<br \/>\nExecu\u00e7\u00e3o da leitura r\u00edtmica utilizando instrumentos de percuss\u00e3o;<br \/>\nExecu\u00e7\u00e3o de partituras, no pr\u00f3prio instrumento do aluno;<br \/>\nC\u00e9lulas r\u00edtmicas de estilos brasileiros;<br \/>\nExecu\u00e7\u00e3o de escalas utilizando essas c\u00e9lulas r\u00edtmicas;<br \/>\nExecu\u00e7\u00e3o da leitura r\u00edtmica utilizando instrumentos de percuss\u00e3o;<br \/>\nDitado r\u00edtmico a duas vozes;<br \/>\nExecu\u00e7\u00e3o de partituras, no pr\u00f3prio instrumento do aluno.<\/p>\n<p><strong>OBSERVA\u00c7\u00d5ES<\/strong><br \/>\nA Universidade se reserva o direito de alterar o cronograma e o corpo docente.<br \/>\nDocumenta\u00e7\u00e3o necess\u00e1ria para quem n\u00e3o \u00e9 aluno da Cat\u00f3lica de Santos: c\u00f3pias do RG, CPF, certid\u00e3o de nascimento ou casamento.<br \/>\nA inscri\u00e7\u00e3o presencial s\u00f3 poder\u00e1 ser efetuada pelo interessado no curso, ou por pessoa munida de procura\u00e7\u00e3o autenticada em cart\u00f3rio.<br \/>\nA efetiva\u00e7\u00e3o da matr\u00edcula est\u00e1 condicionada ao pagamento do boleto da 1\u00aa. parcela e entrega da documenta\u00e7\u00e3o exigida.<\/p>\n<p><strong>OUTRAS INFORMA\u00c7\u00d5ES<\/strong><br \/>\nDepartamento de Atendimento Integrado<br \/>\nTelefones: (13) 3205-5555<br \/>\nE-mail: dat@unisantos.br<\/p>\n","protected":false},"excerpt":{"rendered":"<p>PROFESSORA RESPONS\u00c1VEL Prof\u00aa. Giovanna Spinelli Salaro CARGA HOR\u00c1RIA 28 h\/a LOCAL Campus Dom Id\u00edlio Jos\u00e9 Soares OBJETIVO Aperfei\u00e7oar a leitura, [&hellip;]<\/p>\n","protected":false},"author":1,"featured_media":672,"parent":399,"menu_order":0,"comment_status":"closed","ping_status":"closed","template":"","meta":{"footnotes":""},"_links":{"self":[{"href":"https:\/\/www.unisantos.br\/pos\/wp-json\/wp\/v2\/pages\/448"}],"collection":[{"href":"https:\/\/www.unisantos.br\/pos\/wp-json\/wp\/v2\/pages"}],"about":[{"href":"https:\/\/www.unisantos.br\/pos\/wp-json\/wp\/v2\/types\/page"}],"author":[{"embeddable":true,"href":"https:\/\/www.unisantos.br\/pos\/wp-json\/wp\/v2\/users\/1"}],"replies":[{"embeddable":true,"href":"https:\/\/www.unisantos.br\/pos\/wp-json\/wp\/v2\/comments?post=448"}],"version-history":[{"count":3,"href":"https:\/\/www.unisantos.br\/pos\/wp-json\/wp\/v2\/pages\/448\/revisions"}],"predecessor-version":[{"id":5470,"href":"https:\/\/www.unisantos.br\/pos\/wp-json\/wp\/v2\/pages\/448\/revisions\/5470"}],"up":[{"embeddable":true,"href":"https:\/\/www.unisantos.br\/pos\/wp-json\/wp\/v2\/pages\/399"}],"wp:featuredmedia":[{"embeddable":true,"href":"https:\/\/www.unisantos.br\/pos\/wp-json\/wp\/v2\/media\/672"}],"wp:attachment":[{"href":"https:\/\/www.unisantos.br\/pos\/wp-json\/wp\/v2\/media?parent=448"}],"curies":[{"name":"wp","href":"https:\/\/api.w.org\/{rel}","templated":true}]}}