{"id":409,"date":"2018-10-11T16:13:09","date_gmt":"2018-10-11T19:13:09","guid":{"rendered":"https:\/\/www.unisantos.br\/pos\/?page_id=409"},"modified":"2025-09-01T17:25:54","modified_gmt":"2025-09-01T20:25:54","slug":"frances-basico-ii","status":"publish","type":"page","link":"https:\/\/www.unisantos.br\/pos\/centro-de-linguas\/frances-basico-ii\/","title":{"rendered":"Franc\u00eas B\u00e1sico II"},"content":{"rendered":"<p><strong>PROFESSORA RESPONS\u00c1VEL<\/strong><br \/>\nProf\u00aa. Dr\u00aa. Rosa Maria Valente Fernandes<\/p>\n<p><strong>CARGA HOR\u00c1RIA<\/strong><br \/>\n30 h\/a<\/p>\n<p><strong>LOCAL<br \/>\n<\/strong>Campus Dom Id\u00edlio Jos\u00e9 Soares<\/p>\n<p><strong>OBJETIVOS<br \/>\n<\/strong>Aprofundar os estudos da francofonia, notadamente da Fran\u00e7a;<br \/>\nPropiciar ao aluno o dom\u00ednio das habilidades lingu\u00edsticas j\u00e1 adquiridas no Franc\u00eas b\u00e1sico I no que concerne \u00e0 compreens\u00e3o oral e escrita;<br \/>\nExercitar a leitura e produ\u00e7\u00e3o textual de textos em franc\u00eas;<br \/>\nAssimilar e praticar o idioma em seus mais variados n\u00edveis<\/p>\n<p><strong>P\u00daBLICO-ALVO<br \/>\n<\/strong>Comunidade acad\u00eamica e p\u00fablico em geral da Baixada Santista.<\/p>\n<p><strong>CONTE\u00daDO<br \/>\n<\/strong>R\u00e9vision.Proposer\/Acepter\/refuser une invitation.Cartons d\u00b4invitation<br \/>\nL\u2019heure et la date\/Indicateurs du temps.Production orale et \u00e9crite\u00a0:Organiser une soir\u00e9e de cin\u00e9ma et cartons d\u00b4invitation.<br \/>\nChanson. Le Pass\u00e9 Compos\u00e9 avec avoir et \u00eatre. Exercices.<br \/>\nL\u00b4Imparfait.Production orale et \u00e9crite avec l\u00b4Imparfait et le Pass\u00e9 Compos\u00e9. Raconter un voyage.<br \/>\nS\u00b4informer sur les prix\/S\u00b4informer sur la quantit\u00e9\/Exprimer la quantit\u00e9<br \/>\nLes pronoms compl\u00e9ments directs et indirects.Les couleurs.<br \/>\nProduction orale et \u00e9crite\u00a0: Faire\u00a0 des achats\u00a0 dans un magasin.<br \/>\nLa nourritures des Fran\u00e7ais. Les articles partitifs. Production orale et \u00e9crite\u00a0:aller \u00e0 un restaurant\u00a0 en France.<br \/>\nL\u00b4Imp\u00e9ratif. Pr\u00e9positions de lieu\/Comprendre des indications de lieu .Recettes<br \/>\nProduction orale et \u00e9crite\u00a0:Demander et indiquer des directions.Faire un plan de ville<br \/>\nChanson\u00a0: Le futur<br \/>\nLe futur et le conditionnel. Production orale et \u00e9crite\u00a0: \u00c9crire votre biographie.<br \/>\nR\u00e9vision<br \/>\nExamen<br \/>\nPr\u00e9sentation des travaux. Commentaires sur l\u2019 examen .Bilan du semestre.<\/p>\n<p><strong>OBSERVA\u00c7\u00d5ES<br \/>\n<\/strong>A Universidade se reserva o direito de alterar o cronograma e o corpo docente.<br \/>\nDocumenta\u00e7\u00e3o necess\u00e1ria para quem n\u00e3o \u00e9 aluno da Cat\u00f3lica de Santos: c\u00f3pias do RG, CPF, certid\u00e3o de nascimento ou casamento.<br \/>\nA inscri\u00e7\u00e3o presencial s\u00f3 poder\u00e1 ser efetuada pelo interessado no curso, ou por pessoa munida de procura\u00e7\u00e3o autenticada em cart\u00f3rio.<br \/>\nA efetiva\u00e7\u00e3o da matr\u00edcula est\u00e1 condicionada ao pagamento do boleto da 1\u00aa. parcela e entrega da documenta\u00e7\u00e3o exigida.<\/p>\n<p><strong>OUTRAS INFORMA\u00c7\u00d5ES<br \/>\n<\/strong>Departamento de Atendimento Integrado<br \/>\nTelefones: (13) 3205-5555<br \/>\nE-mail: dat@unisantos.br<\/p>\n","protected":false},"excerpt":{"rendered":"<p>PROFESSORA RESPONS\u00c1VEL Prof\u00aa. Dr\u00aa. Rosa Maria Valente Fernandes CARGA HOR\u00c1RIA 30 h\/a LOCAL Campus Dom Id\u00edlio Jos\u00e9 Soares OBJETIVOS Aprofundar [&hellip;]<\/p>\n","protected":false},"author":1,"featured_media":630,"parent":397,"menu_order":0,"comment_status":"closed","ping_status":"closed","template":"","meta":{"footnotes":""},"_links":{"self":[{"href":"https:\/\/www.unisantos.br\/pos\/wp-json\/wp\/v2\/pages\/409"}],"collection":[{"href":"https:\/\/www.unisantos.br\/pos\/wp-json\/wp\/v2\/pages"}],"about":[{"href":"https:\/\/www.unisantos.br\/pos\/wp-json\/wp\/v2\/types\/page"}],"author":[{"embeddable":true,"href":"https:\/\/www.unisantos.br\/pos\/wp-json\/wp\/v2\/users\/1"}],"replies":[{"embeddable":true,"href":"https:\/\/www.unisantos.br\/pos\/wp-json\/wp\/v2\/comments?post=409"}],"version-history":[{"count":26,"href":"https:\/\/www.unisantos.br\/pos\/wp-json\/wp\/v2\/pages\/409\/revisions"}],"predecessor-version":[{"id":6996,"href":"https:\/\/www.unisantos.br\/pos\/wp-json\/wp\/v2\/pages\/409\/revisions\/6996"}],"up":[{"embeddable":true,"href":"https:\/\/www.unisantos.br\/pos\/wp-json\/wp\/v2\/pages\/397"}],"wp:featuredmedia":[{"embeddable":true,"href":"https:\/\/www.unisantos.br\/pos\/wp-json\/wp\/v2\/media\/630"}],"wp:attachment":[{"href":"https:\/\/www.unisantos.br\/pos\/wp-json\/wp\/v2\/media?parent=409"}],"curies":[{"name":"wp","href":"https:\/\/api.w.org\/{rel}","templated":true}]}}