{"id":391,"date":"2018-10-11T11:48:09","date_gmt":"2018-10-11T14:48:09","guid":{"rendered":"https:\/\/www.unisantos.br\/pos\/?page_id=391"},"modified":"2022-02-12T11:17:49","modified_gmt":"2022-02-12T14:17:49","slug":"norma-regulamentadora-nr-33-espaco-confinado-vigia","status":"publish","type":"page","link":"https:\/\/www.unisantos.br\/pos\/in-company\/norma-regulamentadora-nr-33-espaco-confinado-vigia\/","title":{"rendered":"Norma Regulamentadora NR 33 &#8211; Espa\u00e7o Confinado &#8211; Vigia"},"content":{"rendered":"<p><strong>OBJETIVOS<\/strong><br \/>\nConhecer a Norma NR 33 \u2013 Espa\u00e7os Confinados, seus requisitos, identifica\u00e7\u00e3o e reconhecimento desses espa\u00e7os, sua avalia\u00e7\u00e3o, monitoramento e controle de riscos existentes.<br \/>\nFormar trabalhadores habilitados a exercer sua fun\u00e7\u00e3o de Vigia e Trabalhador Autorizado.<br \/>\nExplorar o Espa\u00e7o Confinado com efici\u00eancia, seguran\u00e7a e responsabilidade.<\/p>\n<p><strong>P\u00daBLICO-ALVO<\/strong><br \/>\nProfissionais da \u00e1rea de Seguran\u00e7a do Trabalho, Engenheiros, T\u00e9cnicos de Telecomunica\u00e7\u00f5es, Montadores de Estruturas, Trabalhadores em Geral (profissionais de acesso por corda), Bombeiros Civil e Militar e empresas que estejam interessadas em capacita\u00e7\u00e3o e profissionaliza\u00e7\u00e3o de seus colaboradores.<\/p>\n<p><strong>CONTE\u00daDO<\/strong><br \/>\nConceitos;<br \/>\nReconhecimento, avalia\u00e7\u00e3o e controle de riscos;<br \/>\nFuncionamento de equipamentos utilizados;<br \/>\nProcedimentos e utiliza\u00e7\u00e3o da Permiss\u00e3o de Entrada e Trabalho;<br \/>\nNo\u00e7\u00f5es de resgate e primeiros socorros.<\/p>\n<p><strong>CARGA HOR\u00c1RIA<\/strong><br \/>\n<strong>PER\u00cdODO DE REALIZA\u00c7\u00c3O DO CURSO<\/strong><br \/>\n<strong>HOR\u00c1RIO, LOCAL E INVESTIMENTO<\/strong><br \/>\nA definir, conforme a necessidade da empresa contratante<\/p>\n<p><strong>Setor de Atendimento<\/strong><br \/>\nCampus Dom Id\u00edlio Jos\u00e9 Soares<br \/>\nEndere\u00e7o: Av. Conselheiro N\u00e9bias, 300 \u2013 Vila Mathias, Santos<br \/>\nTelefone: 3205-5555 &#8211; ramal 1388<br \/>\nHor\u00e1rios: Segunda a sexta, das 9h \u00e0s 21h, e s\u00e1bado, das 9h \u00e0s 16h.<\/p>\n<p>&nbsp;<\/p>\n","protected":false},"excerpt":{"rendered":"<p>OBJETIVOS Conhecer a Norma NR 33 \u2013 Espa\u00e7os Confinados, seus requisitos, identifica\u00e7\u00e3o e reconhecimento desses espa\u00e7os, sua avalia\u00e7\u00e3o, monitoramento e [&hellip;]<\/p>\n","protected":false},"author":1,"featured_media":383,"parent":379,"menu_order":0,"comment_status":"closed","ping_status":"closed","template":"","meta":{"footnotes":""},"_links":{"self":[{"href":"https:\/\/www.unisantos.br\/pos\/wp-json\/wp\/v2\/pages\/391"}],"collection":[{"href":"https:\/\/www.unisantos.br\/pos\/wp-json\/wp\/v2\/pages"}],"about":[{"href":"https:\/\/www.unisantos.br\/pos\/wp-json\/wp\/v2\/types\/page"}],"author":[{"embeddable":true,"href":"https:\/\/www.unisantos.br\/pos\/wp-json\/wp\/v2\/users\/1"}],"replies":[{"embeddable":true,"href":"https:\/\/www.unisantos.br\/pos\/wp-json\/wp\/v2\/comments?post=391"}],"version-history":[{"count":2,"href":"https:\/\/www.unisantos.br\/pos\/wp-json\/wp\/v2\/pages\/391\/revisions"}],"predecessor-version":[{"id":4333,"href":"https:\/\/www.unisantos.br\/pos\/wp-json\/wp\/v2\/pages\/391\/revisions\/4333"}],"up":[{"embeddable":true,"href":"https:\/\/www.unisantos.br\/pos\/wp-json\/wp\/v2\/pages\/379"}],"wp:featuredmedia":[{"embeddable":true,"href":"https:\/\/www.unisantos.br\/pos\/wp-json\/wp\/v2\/media\/383"}],"wp:attachment":[{"href":"https:\/\/www.unisantos.br\/pos\/wp-json\/wp\/v2\/media?parent=391"}],"curies":[{"name":"wp","href":"https:\/\/api.w.org\/{rel}","templated":true}]}}