{"id":379,"date":"2018-10-11T11:45:57","date_gmt":"2018-10-11T14:45:57","guid":{"rendered":"https:\/\/www.unisantos.br\/pos\/?page_id=379"},"modified":"2018-10-11T12:00:39","modified_gmt":"2018-10-11T15:00:39","slug":"in-company","status":"publish","type":"page","link":"https:\/\/www.unisantos.br\/pos\/in-company\/","title":{"rendered":"Treinamentos &#8216;In Company&#8217;"},"content":{"rendered":"<p>A Universidade Cat\u00f3lica de Santos oferece treinamentos personalizados de acordo com as necessidades da sua empresa.<\/p>\n<p><strong>\u2022\u00a0NORMA REGULAMENTADORA NR 10 &#8211; INSTALA\u00c7\u00d5ES E SERVI\u00c7OS EM ELETRICIDADE<br \/>\n<\/strong>Mostra a NR10 e como implementar as medidas de controle e sistemas preventivos.<br \/>\n<a href=\"https:\/\/www.unisantos.br\/pos\/in-company\/norma-regulamentadora-nr-10-instalacoes-e-servicos-em-eletricidade\/\"><strong>Saiba mais<\/strong><\/a><\/p>\n<p><strong>\u2022\u00a0NORMA REGULAMENTADORA NR 10 &#8211; INSTALA\u00c7\u00d5ES E SERVI\u00c7OS EM ELETRICIDADE &#8211; RECICLAGEM<\/strong><br \/>\nImplementar as medidas de controle e sistemas preventivos, de forma a garantir a seguran\u00e7a e a sa\u00fade dos trabalhadores em instala\u00e7\u00f5es el\u00e9tricas e servi\u00e7os com eletricidade.<br \/>\n<strong><a href=\"https:\/\/www.unisantos.br\/pos\/in-company\/norma-regulamentadora-nr-10-instalacoes-e-servicos-em-eletricidade-reciclagem\/\">Saiba mais<\/a><\/strong><\/p>\n<p><strong>\u2022\u00a0NORMA REGULAMENTADORA NR 20 &#8211; SEGURAN\u00c7A E SA\u00daDE NO TRABALHO COM INFLAM\u00c1VEL<\/strong><br \/>\nLaborar em instala\u00e7\u00f5es Classes I, II ou III<br \/>\n<a href=\"https:\/\/www.unisantos.br\/pos\/in-company\/norma-regulamentadora-nr-20-seguranca-e-saude-no-trabalho-com-inflamavel\/\"><strong>Saiba mais<\/strong><\/a><\/p>\n<p><strong>\u2022\u00a0NORMA REGULAMENTADORA NR 33 &#8211; ESPA\u00c7O CONFINADO &#8211; SUPERVISOR DE ENTRADA<\/strong><br \/>\nDesenvolve habilidades para exercer a fun\u00e7\u00e3o de Supervisor de Espa\u00e7o Confinado com efici\u00eancia, seguran\u00e7a e responsabilidade<br \/>\n<a href=\"https:\/\/www.unisantos.br\/pos\/in-company\/norma-regulamentadora-nr-33-espaco-confinado-supervisor-de-entrada\/\"><strong>Saiba mais<\/strong><\/a><\/p>\n<p><strong>\u2022\u00a0NORMA REGULAMENTADORA NR 33 &#8211; ESPA\u00c7O CONFINADO &#8211; VIGIA<\/strong><br \/>\nAborda a Norma NR 33 \u2013 Espa\u00e7os Confinados, seus requisitos, identifica\u00e7\u00e3o e reconhecimento desses espa\u00e7os, sua avalia\u00e7\u00e3o, monitoramento e controle de riscos existentes.<br \/>\n<a href=\"https:\/\/www.unisantos.br\/pos\/in-company\/norma-regulamentadora-nr-33-espaco-confinado-vigia\/\"><strong>Saiba mais<\/strong><\/a><\/p>\n<p><strong>\u2022\u00a0NORMA REGULAMENTADORA NR 35 &#8211; TRABALHO EM ALTURA<\/strong><br \/>\nCapacita os participantes para o planejamento, organiza\u00e7\u00e3o e execu\u00e7\u00e3o de trabalho em altura.<br \/>\n<a href=\"https:\/\/www.unisantos.br\/pos\/in-company\/norma-regulamentadora-nr-35-trabalho-em-altura\/\"><strong>Saiba mais<\/strong><\/a><\/p>\n","protected":false},"excerpt":{"rendered":"<p>A Universidade Cat\u00f3lica de Santos oferece treinamentos personalizados de acordo com as necessidades da sua empresa. \u2022\u00a0NORMA REGULAMENTADORA NR 10 [&hellip;]<\/p>\n","protected":false},"author":1,"featured_media":380,"parent":0,"menu_order":0,"comment_status":"closed","ping_status":"closed","template":"in-company.php","meta":{"footnotes":""},"_links":{"self":[{"href":"https:\/\/www.unisantos.br\/pos\/wp-json\/wp\/v2\/pages\/379"}],"collection":[{"href":"https:\/\/www.unisantos.br\/pos\/wp-json\/wp\/v2\/pages"}],"about":[{"href":"https:\/\/www.unisantos.br\/pos\/wp-json\/wp\/v2\/types\/page"}],"author":[{"embeddable":true,"href":"https:\/\/www.unisantos.br\/pos\/wp-json\/wp\/v2\/users\/1"}],"replies":[{"embeddable":true,"href":"https:\/\/www.unisantos.br\/pos\/wp-json\/wp\/v2\/comments?post=379"}],"version-history":[{"count":3,"href":"https:\/\/www.unisantos.br\/pos\/wp-json\/wp\/v2\/pages\/379\/revisions"}],"predecessor-version":[{"id":396,"href":"https:\/\/www.unisantos.br\/pos\/wp-json\/wp\/v2\/pages\/379\/revisions\/396"}],"wp:featuredmedia":[{"embeddable":true,"href":"https:\/\/www.unisantos.br\/pos\/wp-json\/wp\/v2\/media\/380"}],"wp:attachment":[{"href":"https:\/\/www.unisantos.br\/pos\/wp-json\/wp\/v2\/media?parent=379"}],"curies":[{"name":"wp","href":"https:\/\/api.w.org\/{rel}","templated":true}]}}