{"id":319,"date":"2018-10-11T10:25:41","date_gmt":"2018-10-11T13:25:41","guid":{"rendered":"https:\/\/www.unisantos.br\/pos\/?page_id=319"},"modified":"2025-03-07T17:11:54","modified_gmt":"2025-03-07T20:11:54","slug":"psicopedagogia-institucional-e-clinica","status":"publish","type":"page","link":"https:\/\/www.unisantos.br\/pos\/lato-sensu\/psicopedagogia-institucional-e-clinica\/","title":{"rendered":"Psicopedagogia Institucional e Cl\u00ednica"},"content":{"rendered":"<p><strong>PROFESSORA RESPONS\u00c1VEL<br \/>\n<\/strong>Prof\u00aa. Dr\u00aa. Luana Carramillo Going<\/p>\n<p><strong>CARGA HOR\u00c1RIA<br \/>\n<\/strong>600 horas<\/p>\n<div><strong>IN\u00cdCIO<\/strong><\/div>\n<div>Mar\u00e7o\/2025<\/div>\n<div><\/div>\n<div><strong>DIAS\/HOR\u00c1RIOS<\/strong><\/div>\n<div>Ter\u00e7as e quintas-feiras, das 18h45 \u00e0s 22h45<\/div>\n<div><\/div>\n<p><strong>MODALIDADE<br \/>\n<\/strong>Presencial<\/p>\n<p><strong>LOCAL<\/strong><br \/>\nCampus Dom Id\u00edlio Jos\u00e9 Soares<\/p>\n<p><strong>P\u00daBLICO-ALVO<\/strong><br \/>\nProfissionais da \u00e1rea da Sa\u00fade, com foco na Psicologia e \u00e1reas afins. Gradua\u00e7\u00e3o em n\u00edvel superior<\/p>\n<p><strong>OBJETIVOS<\/strong><br \/>\n\u2022 Promover conhecimentos te\u00f3ricos e pr\u00e1ticos em Psicopedagogia, propiciando o desenvolvimento das compet\u00eancias necess\u00e1rias a um especialista dedicado \u00e0 sa\u00fade, nos enfoques \u2013 cl\u00ednico e institucional.<br \/>\n\u2022 Possibilitar ao profissional desenvolver a capacidade de realizar pesquisas na \u00e1rea e adotar uma escuta cl\u00ednica que o permita utiliz\u00e1-la, tanto no espa\u00e7o institucional quanto cl\u00ednico.<br \/>\n\u2022 Formar um especialista envolvido em processos de educa\u00e7\u00e3o permanente, pessoal ou de futuros profissionais, tendo em vista a promo\u00e7\u00e3o da qualidade de vida dos indiv\u00edduos, grupos, institui\u00e7\u00f5es e comunidades.<\/p>\n<div><strong>INVESTIMENTO<\/strong><\/div>\n<div>24 parcelas de R$ 399<\/div>\n<p><strong>CONTE\u00daDO<\/strong><br \/>\n\u2022 Introdu\u00e7\u00e3o \u00e0 Psicopedagogia<br \/>\n\u2022 Interven\u00e7\u00e3o Psicopedag\u00f3gica nas Dificuldades da Leitura e Escrita<br \/>\n\u2022 Psicopedagogia: Aspectos Psiconeurol\u00f3gicos da Aprendizagem<br \/>\n\u2022 Diagn\u00f3stico Institucional e Aprendizagem no Trabalho<br \/>\n\u2022 Neuropsicologia: Educa\u00e7\u00e3o Especial e Inclusiva<br \/>\n\u2022 A Crian\u00e7a e o Brinquedo (Teorias da Aprendizagem)<br \/>\n\u2022 Psicopedagogia Comunit\u00e1ria, Viol\u00eancia e Sociedade<br \/>\n\u2022 Diagn\u00f3stico Institucional e Grupos Operativos<br \/>\n\u2022 Orienta\u00e7\u00e3o Psicopedag\u00f3gica I Fam\u00edlia<br \/>\n\u2022 Diagn\u00f3stico e Interven\u00e7\u00e3o Psicopedag\u00f3gica Cl\u00ednica I<br \/>\n\u2022 Orienta\u00e7\u00e3o Psicopedag\u00f3gica II Escola<br \/>\n\u2022 Diagn\u00f3stico e Interven\u00e7\u00e3o Psicopedag\u00f3gica Cl\u00ednica II<br \/>\n\u2022 Pr\u00e1ticas Psicopedag\u00f3gicas Supervisonadas<\/p>\n<p><strong>OBSERVA\u00c7\u00d5ES<\/strong><br \/>\nA Universidade se reserva o direito de alterar o cronograma e o corpo docente.<br \/>\nDocumenta\u00e7\u00e3o necess\u00e1ria: c\u00f3pias do RG, CPF, certid\u00e3o de nascimento ou casamento e Diploma da Gradua\u00e7\u00e3o ou Certificado de Cola\u00e7\u00e3o de Grau.<br \/>\nA inscri\u00e7\u00e3o presencial s\u00f3 poder\u00e1 ser efetuada pelo interessado no curso, ou por pessoa munida de procura\u00e7\u00e3o autenticada em cart\u00f3rio.<br \/>\nA efetiva\u00e7\u00e3o da matr\u00edcula est\u00e1 condicionada ao pagamento do boleto da 1\u00aa. parcela e entrega da documenta\u00e7\u00e3o exigida.<\/p>\n<p><strong>OUTRAS INFORMA\u00c7\u00d5ES<\/strong><br \/>\nE-mail: atendimentovirtual@unisantos.br<\/p>\n","protected":false},"excerpt":{"rendered":"<p>PROFESSORA RESPONS\u00c1VEL Prof\u00aa. Dr\u00aa. Luana Carramillo Going CARGA HOR\u00c1RIA 600 horas IN\u00cdCIO Mar\u00e7o\/2025 DIAS\/HOR\u00c1RIOS Ter\u00e7as e quintas-feiras, das 18h45 \u00e0s [&hellip;]<\/p>\n","protected":false},"author":1,"featured_media":320,"parent":210,"menu_order":0,"comment_status":"closed","ping_status":"closed","template":"","meta":{"footnotes":""},"_links":{"self":[{"href":"https:\/\/www.unisantos.br\/pos\/wp-json\/wp\/v2\/pages\/319"}],"collection":[{"href":"https:\/\/www.unisantos.br\/pos\/wp-json\/wp\/v2\/pages"}],"about":[{"href":"https:\/\/www.unisantos.br\/pos\/wp-json\/wp\/v2\/types\/page"}],"author":[{"embeddable":true,"href":"https:\/\/www.unisantos.br\/pos\/wp-json\/wp\/v2\/users\/1"}],"replies":[{"embeddable":true,"href":"https:\/\/www.unisantos.br\/pos\/wp-json\/wp\/v2\/comments?post=319"}],"version-history":[{"count":60,"href":"https:\/\/www.unisantos.br\/pos\/wp-json\/wp\/v2\/pages\/319\/revisions"}],"predecessor-version":[{"id":6763,"href":"https:\/\/www.unisantos.br\/pos\/wp-json\/wp\/v2\/pages\/319\/revisions\/6763"}],"up":[{"embeddable":true,"href":"https:\/\/www.unisantos.br\/pos\/wp-json\/wp\/v2\/pages\/210"}],"wp:featuredmedia":[{"embeddable":true,"href":"https:\/\/www.unisantos.br\/pos\/wp-json\/wp\/v2\/media\/320"}],"wp:attachment":[{"href":"https:\/\/www.unisantos.br\/pos\/wp-json\/wp\/v2\/media?parent=319"}],"curies":[{"name":"wp","href":"https:\/\/api.w.org\/{rel}","templated":true}]}}