{"id":289,"date":"2018-10-11T10:07:05","date_gmt":"2018-10-11T13:07:05","guid":{"rendered":"https:\/\/www.unisantos.br\/pos\/?page_id=289"},"modified":"2021-03-13T09:52:32","modified_gmt":"2021-03-13T12:52:32","slug":"geofisica-ambiental-e-forense","status":"publish","type":"page","link":"https:\/\/www.unisantos.br\/pos\/lato-sensu\/geofisica-ambiental-e-forense\/","title":{"rendered":"Geof\u00edsica Ambiental e Forense"},"content":{"rendered":"<p><strong>Coordenador:<\/strong> Prof. Dr. Oleg Bokhonok<\/p>\n<p><strong>Carga hor\u00e1ria:\u00a0<\/strong>360 horas<\/p>\n<p><strong>Objetivo: <\/strong>Atender \u00e0 necessidade do mercado e do interesse p\u00fablico por profissionais capacitados na solu\u00e7\u00e3o de problemas t\u00e9cnicos relacionados \u00e0 caracteriza\u00e7\u00e3o geof\u00edsica de \u00e1reas contaminadas e\/ou associadas a eventos criminosos.<\/p>\n<p><strong>P\u00fablico-alvo<\/strong>: Profissionais graduados em Engenharias, F\u00edsica, Qu\u00edmica, Matem\u00e1tica, Geologia, Geof\u00edsica, Geografia, Agronomia, Oceanografia, Oceanologia, Direito, Gest\u00e3o Ambiental e \u00e1reas afins com interesse em caracteriza\u00e7\u00e3o geof\u00edsica de \u00e1reas contaminadas e pass\u00edveis de investiga\u00e7\u00e3o criminal.<\/p>\n<p><strong>Conte\u00fado Curricular<br \/>\n<\/strong>Ambientes e Processos Geol\u00f3gicos de Subsuperf\u00edcie Rasa<br \/>\nPropriedades Fundamentais das Rochas<br \/>\nHidrogeologia Aplicada a Cen\u00e1rios de Contamina\u00e7\u00e3o<br \/>\nIntrodu\u00e7\u00e3o ao Geoprocessamento<br \/>\nM\u00e9todos Ac\u00fasticos: batimetria, sonar de varredura lateral e perfilagem s\u00edsmica cont\u00ednua<br \/>\nM\u00e9todos El\u00e9tricos: eletrorresistividade (ER), polariza\u00e7\u00e3o induzida (IP), potencial espont\u00e2neo (SP)<br \/>\nM\u00e9todos Eletromagn\u00e9ticos: radar de penetra\u00e7\u00e3o no solo (GPR), eletromagn\u00e9tico indutivo (EM)<br \/>\nM\u00e9todos potenciais: magnetometria e microgravimetria<br \/>\nM\u00e9todos S\u00edsmicos: refra\u00e7\u00e3o, reflex\u00e3o, ondas superficiais, ensaios em furos de sondagem<br \/>\nM\u00e9todos de Perfilagem Geof\u00edsica em Po\u00e7o<br \/>\nGeof\u00edsica e Legisla\u00e7\u00e3o Ambiental: no\u00e7\u00f5es e aplica\u00e7\u00e3o pr\u00e1tica<br \/>\nNo\u00e7\u00f5es Gerais de Per\u00edcia<br \/>\nGest\u00e3o de Projetos em Geof\u00edsica Ambiental e Forense<\/p>\n<p><em>Os cursos de Especializa\u00e7\u00e3o\/MBA da Universidade Cat\u00f3lica de Santos atendem \u00e0 normativa vigente sobre os Cursos de P\u00f3s-gradua\u00e7\u00e3o Lato Sensu, a <strong>Resolu\u00e7\u00e3o CNE-CES 1<\/strong>, de 6 de abril de 2018, bem como as Diretrizes Curriculares Nacionais para a Educa\u00e7\u00e3o em Direitos Humanos e para a Educa\u00e7\u00e3o Ambiental. Eles\u00a0foram constru\u00eddos em conson\u00e2ncia com as novas pol\u00edticas p\u00fablicas nacionais para os Cursos de P\u00f3s-gradua\u00e7\u00e3o Lato Sensu,\u00a0que visam estabelecer um padr\u00e3o superior de qualidade para a forma\u00e7\u00e3o de especialistas.<\/em><\/p>\n<p><strong>Benef\u00edcios<br \/>\n<\/strong>A Universidade Cat\u00f3lica de Santos oferece os seguintes benef\u00edcios (*):<br \/>\n\u2022\u00a0<strong>Bolsa\u00a0Ex-aluno para P\u00f3s-Gradua\u00e7\u00e3o\u00a0<em>Lato Sensu<\/em><\/strong>: 25% de desconto para ex-alunos da Cat\u00f3lica de Santos (curso de Gradua\u00e7\u00e3o conclu\u00eddo).<br \/>\n\u2022\u00a0<strong>Bolsa\u00a0Empresas Conveniadas<\/strong>: descontos vari\u00e1veis para funcion\u00e1rios de empresas conveniadas.\u00a0<strong><a href=\"https:\/\/www.unisantos.br\/convenio-com-empresas\/\">Confira a\u00a0rela\u00e7\u00e3o<\/a><br \/>\n<\/strong>\u2022 <strong>Bolsa Escolas Conveniadas<\/strong>: descontos vari\u00e1veis para professores de escolas conveniadas.<br \/>\n\u2022\u00a0<strong>Bolsa\u00a0Fideliza\u00e7\u00e3o Familiar<\/strong>: 20% para estudante que possua v\u00ednculo de parentesco (c\u00f4njuges, pais e filhos, ou irm\u00e3os) com formados na Universidade, ou com estudantes com matr\u00edcula ativa em cursos de Gradua\u00e7\u00e3o, Especializa\u00e7\u00e3o ou <em>Stricto Sensu<\/em>\u00a0da UniSantos, concomitantemente; ou ainda, num desses e na educa\u00e7\u00e3o b\u00e1sica do Liceu Santista, concomitantemente.<br \/>\n(*) Alguns descontos n\u00e3o se aplicam \u00e0 matr\u00edcula.<\/p>\n<p><strong style=\"line-height: 1.5em;\">Setor de Atendimento<br \/>\n<\/strong><strong><em>Campus<\/em> Dom Id\u00edlio Jos\u00e9 Soares<br \/>\n<\/strong><strong>Endere\u00e7o<\/strong>: Av. Conselheiro N\u00e9bias, 300 \u2013 Vila Mathias, Santos<br \/>\n<strong style=\"line-height: 1.5em;\">Telefone<\/strong><span style=\"line-height: 1.5em;\">: 3205-5555 &#8211; ramal 1388<br \/>\n<strong>Hor\u00e1rios<\/strong>: Segunda a sexta, das 9h \u00e0s 21h, e s\u00e1bado, das 9h \u00e0s 16h.<\/span><\/p>\n<p><strong>Observa\u00e7\u00f5es<br \/>\n<\/strong>\u2022 A Universidade se reserva o direito de alterar o cronograma e o corpo docente.<br \/>\n\u2022 Documenta\u00e7\u00e3o necess\u00e1ria para quem n\u00e3o \u00e9 aluno da Cat\u00f3lica de Santos: c\u00f3pias do RG, CPF, Certid\u00e3o de Nascimento ou Casamento, diploma (autenticado) e Curriculum Vitae (resumido).<br \/>\n\u2022\u00a0A matr\u00edcula pode ser feita independentemente da entrega dos documentos, mas s\u00f3 ser\u00e1 validada depois que eles forem apresentados.<br \/>\n\u2022 A inscri\u00e7\u00e3o presencial s\u00f3 poder\u00e1 ser efetuada pelo interessado no curso, ou por pessoa munida de procura\u00e7\u00e3o autenticada em cart\u00f3rio.<br \/>\n\u2022 A efetiva\u00e7\u00e3o da matr\u00edcula est\u00e1 condicionada ao pagamento do boleto da 1\u00aa. parcela e entrega da documenta\u00e7\u00e3o exigida.<\/p>\n<p>&nbsp;<\/p>\n<p>&nbsp;<\/p>\n","protected":false},"excerpt":{"rendered":"<p>Coordenador: Prof. Dr. Oleg Bokhonok Carga hor\u00e1ria:\u00a0360 horas Objetivo: Atender \u00e0 necessidade do mercado e do interesse p\u00fablico por profissionais [&hellip;]<\/p>\n","protected":false},"author":1,"featured_media":290,"parent":210,"menu_order":0,"comment_status":"closed","ping_status":"closed","template":"","meta":{"footnotes":""},"_links":{"self":[{"href":"https:\/\/www.unisantos.br\/pos\/wp-json\/wp\/v2\/pages\/289"}],"collection":[{"href":"https:\/\/www.unisantos.br\/pos\/wp-json\/wp\/v2\/pages"}],"about":[{"href":"https:\/\/www.unisantos.br\/pos\/wp-json\/wp\/v2\/types\/page"}],"author":[{"embeddable":true,"href":"https:\/\/www.unisantos.br\/pos\/wp-json\/wp\/v2\/users\/1"}],"replies":[{"embeddable":true,"href":"https:\/\/www.unisantos.br\/pos\/wp-json\/wp\/v2\/comments?post=289"}],"version-history":[{"count":20,"href":"https:\/\/www.unisantos.br\/pos\/wp-json\/wp\/v2\/pages\/289\/revisions"}],"predecessor-version":[{"id":3601,"href":"https:\/\/www.unisantos.br\/pos\/wp-json\/wp\/v2\/pages\/289\/revisions\/3601"}],"up":[{"embeddable":true,"href":"https:\/\/www.unisantos.br\/pos\/wp-json\/wp\/v2\/pages\/210"}],"wp:featuredmedia":[{"embeddable":true,"href":"https:\/\/www.unisantos.br\/pos\/wp-json\/wp\/v2\/media\/290"}],"wp:attachment":[{"href":"https:\/\/www.unisantos.br\/pos\/wp-json\/wp\/v2\/media?parent=289"}],"curies":[{"name":"wp","href":"https:\/\/api.w.org\/{rel}","templated":true}]}}