{"id":2621,"date":"2020-02-12T11:02:37","date_gmt":"2020-02-12T14:02:37","guid":{"rendered":"https:\/\/www.unisantos.br\/pos\/?page_id=2621"},"modified":"2023-08-14T14:17:08","modified_gmt":"2023-08-14T17:17:08","slug":"antropologia-da-religiao","status":"publish","type":"page","link":"https:\/\/www.unisantos.br\/pos\/qualificacao\/antropologia-da-religiao\/","title":{"rendered":"Antropologia da Religi\u00e3o"},"content":{"rendered":"<p><strong>PROFESSORA RESPONS\u00c1VEL<\/strong><br \/>\nProf\u00aa. Me. Guadalupe Correa Mota<\/p>\n<p><strong>CARGA HOR\u00c1RIA <\/strong><br \/>\n32 h\/a<\/p>\n<p><strong>LOCAL<\/strong><br \/>\nCampus Dom Id\u00edlio<\/p>\n<p><strong>OBJETIVOS<\/strong><br \/>\nApresentar e refletir teoricamente sobre o fen\u00f4meno da experi\u00eancia religiosa como experi\u00eancia cultural, presente na totalidade dos grupos humanos, as diferentes vis\u00f5es de mundo e homem geradas pelas religi\u00f5es, e as consequ\u00eancias do comportamento (pr\u00e1ticas religiosas) do crente na vida social.<br \/>\nApresentar a experi\u00eancia religiosa como fen\u00f4meno pessoal e social, presente em diferentes culturas.<br \/>\nApresentar a concep\u00e7\u00e3o de ser humano a partir da perspectiva crist\u00e3 nas Sagradas Escrituras e nos Documentos da Igreja Cat\u00f3lica Apost\u00f3lica Romana.<\/p>\n<p><strong>P\u00daBLICO-ALVO<\/strong><br \/>\nEx-alunos do ITSJA<\/p>\n<p><strong>CONTE\u00daDO<\/strong><br \/>\nApresenta\u00e7\u00e3o geral da disciplina\/apresenta\u00e7\u00e3o geral da turma\/calend\u00e1rio e encaminhamento das atividades do semestre\/exposi\u00e7\u00e3o <em>Quem \u00e9 o homem<\/em>?<br \/>\nNo\u00e7\u00f5es fundamentais de Antropologia: defini\u00e7\u00f5es, teorias, autores, temas<br \/>\nAtividade: Rituais da Semana Santa \u2013 trabalho extraclasse<br \/>\nNo\u00e7\u00f5es fundamentais de Antropologia: defini\u00e7\u00f5es, teorias, autores, temas<br \/>\nCarta do Papa <em>Diversidade para a Fraternidade<\/em> \u2013 4\/2\/19<br \/>\nCine Teologia \u2013 Atividade extraclasse<br \/>\nNo\u00e7\u00f5es fundamentais de religi\u00e3o: defini\u00e7\u00f5es e temas<br \/>\nSobre cren\u00e7as religiosas<br \/>\nSimbolismo e linguagem religiosa<br \/>\nA\u00e7\u00e3o religiosa: Rituais e espa\u00e7os sagrados<br \/>\nSemana Santa \u2013 N\u00e3o haver\u00e1 aula<br \/>\nApresenta\u00e7\u00e3o trabalhos Semana Santa<br \/>\nReligi\u00e3o e sociedade: movimentos religiosos, secularismo, fundamentalismo e viol\u00eancia religiosa<br \/>\nReligi\u00e3o e sociedade: irreligi\u00e3o, religi\u00f5es virtuais<br \/>\nSemana da Cidadania \u2013 atividade extraclasse<br \/>\nAntropologia teol\u00f3gica crist\u00e3: fundamentos b\u00edblicos<br \/>\nAntropologia teol\u00f3gica crist\u00e3: a humanidade de Jesus, Deus-conosco<br \/>\nHumanismo crist\u00e3o nos documentos do Magist\u00e9rio\/Vaticano II e seguintes<br \/>\nHumanismo crist\u00e3o nos documentos do Magist\u00e9rio\/Vaticano II e seguintes<br \/>\nAvalia\u00e7\u00e3o final dissertativa<br \/>\nEncerramento\/devolutiva de provas<\/p>\n<p><strong>OBSERVA\u00c7\u00d5ES<\/strong><br \/>\nA Universidade se reserva o direito de alterar o cronograma e o corpo docente.<br \/>\nDocumenta\u00e7\u00e3o necess\u00e1ria para quem n\u00e3o \u00e9 aluno da Cat\u00f3lica de Santos: c\u00f3pias do RG, CPF, certid\u00e3o de nascimento ou casamento.<br \/>\nA inscri\u00e7\u00e3o presencial s\u00f3 poder\u00e1 ser efetuada pelo interessado no curso, ou por pessoa munida de procura\u00e7\u00e3o autenticada em cart\u00f3rio.<br \/>\nA efetiva\u00e7\u00e3o da matr\u00edcula est\u00e1 condicionada ao pagamento do boleto da 1\u00aa. parcela e entrega da documenta\u00e7\u00e3o exigida.<\/p>\n<p><strong>OUTRAS INFORMA\u00c7\u00d5ES<\/strong><br \/>\nDepartamento de Atendimento Integrado<br \/>\nTelefones: (13) 3205-5555<br \/>\nE-mail: dat@unisantos.br<\/p>\n","protected":false},"excerpt":{"rendered":"<p>PROFESSORA RESPONS\u00c1VEL Prof\u00aa. Me. Guadalupe Correa Mota CARGA HOR\u00c1RIA 32 h\/a LOCAL Campus Dom Id\u00edlio OBJETIVOS Apresentar e refletir teoricamente [&hellip;]<\/p>\n","protected":false},"author":1,"featured_media":672,"parent":399,"menu_order":0,"comment_status":"closed","ping_status":"closed","template":"","meta":{"footnotes":""},"_links":{"self":[{"href":"https:\/\/www.unisantos.br\/pos\/wp-json\/wp\/v2\/pages\/2621"}],"collection":[{"href":"https:\/\/www.unisantos.br\/pos\/wp-json\/wp\/v2\/pages"}],"about":[{"href":"https:\/\/www.unisantos.br\/pos\/wp-json\/wp\/v2\/types\/page"}],"author":[{"embeddable":true,"href":"https:\/\/www.unisantos.br\/pos\/wp-json\/wp\/v2\/users\/1"}],"replies":[{"embeddable":true,"href":"https:\/\/www.unisantos.br\/pos\/wp-json\/wp\/v2\/comments?post=2621"}],"version-history":[{"count":5,"href":"https:\/\/www.unisantos.br\/pos\/wp-json\/wp\/v2\/pages\/2621\/revisions"}],"predecessor-version":[{"id":5550,"href":"https:\/\/www.unisantos.br\/pos\/wp-json\/wp\/v2\/pages\/2621\/revisions\/5550"}],"up":[{"embeddable":true,"href":"https:\/\/www.unisantos.br\/pos\/wp-json\/wp\/v2\/pages\/399"}],"wp:featuredmedia":[{"embeddable":true,"href":"https:\/\/www.unisantos.br\/pos\/wp-json\/wp\/v2\/media\/672"}],"wp:attachment":[{"href":"https:\/\/www.unisantos.br\/pos\/wp-json\/wp\/v2\/media?parent=2621"}],"curies":[{"name":"wp","href":"https:\/\/api.w.org\/{rel}","templated":true}]}}