{"id":2537,"date":"2019-12-19T19:33:52","date_gmt":"2019-12-19T22:33:52","guid":{"rendered":"https:\/\/www.unisantos.br\/pos\/?page_id=2537"},"modified":"2023-08-14T14:09:13","modified_gmt":"2023-08-14T17:09:13","slug":"praticas-contabeis-fiscais-juridicas-e-sociais-especificas-para-clubes-de-futebol","status":"publish","type":"page","link":"https:\/\/www.unisantos.br\/pos\/qualificacao\/praticas-contabeis-fiscais-juridicas-e-sociais-especificas-para-clubes-de-futebol\/","title":{"rendered":"Pr\u00e1ticas Cont\u00e1beis, Fiscais, Jur\u00eddicas e Sociais Espec\u00edficas para Clubes de Futebol"},"content":{"rendered":"<p><strong>PROFESSORA RESPONS\u00c1VEL<\/strong><br \/>\nProf\u00aa. Esp. M\u00e1rcia Mendes Fernandes<\/p>\n<p><strong>CARGA HOR\u00c1RIA<\/strong><br \/>\n16 h\/a<\/p>\n<p><strong>LOCAL<\/strong><br \/>\nCampus Dom Id\u00edlio Jos\u00e9 Soares<\/p>\n<p><strong>OBJETIVO<\/strong><br \/>\nO curso tem o objetivo de apresentar aos estudantes os seguintes t\u00f3picos:<br \/>\n<strong>Cont\u00e1beis:<\/strong><br \/>\n\u2022 Lan\u00e7amentos Cont\u00e1beis Espec\u00edficos<br \/>\n\u2022 Atletas Formados, Contratados e Emprestados<br \/>\n\u2022 Direito de Imagem\/Direito de Arena<br \/>\n\u2022 Teste de Recuperabilidade<br \/>\n\u2022 Receitas e Custos do Futebol<br \/>\n\u2022 Demonstra\u00e7\u00f5es Cont\u00e1beis e Relat\u00f3rios Gerenciais<br \/>\n\u2022 Licenciamento de Clubes \u2013 CBF\/Programa de Excel\u00eancia-FPF<br \/>\n\u2022 Fair Play Financeiro<br \/>\n\u2022 Clubes Empresas<br \/>\n<strong>Fiscais:<\/strong><br \/>\n\u2022 APFUT\/PROFUT<br \/>\n\u2022 EFD &#8211; Contribui\u00e7\u00f5es\/EFD &#8211; Reinf<br \/>\n\u2022 Bitributa\u00e7\u00e3o<br \/>\n\u2022 GPS Licenciadas e Patrocinadores<br \/>\n\u2022 Certid\u00f5es Negativas<br \/>\n\u2022 DCTF<br \/>\n<strong>Sociais:<\/strong><br \/>\n\u2022 A Interven\u00e7\u00e3o do Servi\u00e7o Social nas Categorias de Base<br \/>\n\u2022 A Atua\u00e7\u00e3o da Assistente Social no Desenvolvimento do Atleta em Forma\u00e7\u00e3o<br \/>\n\u2022 Gest\u00e3o Social do Futebol de Base<br \/>\n\u2022 Certifica\u00e7\u00e3o de Clube Formador<br \/>\n<strong>Jur\u00eddicos<\/strong>:<br \/>\n\u2022 Negocia\u00e7\u00f5es e Elabora\u00e7\u00e3o de Contratos de Atletas<br \/>\n\u2022 Particularidades do Departamento Jur\u00eddico de Clubes<br \/>\n\u2022 A Import\u00e2ncia da Integra\u00e7\u00e3o do Jur\u00eddico com Depto. Administrativo e de Futebol<br \/>\n\u2022 Principais Conting\u00eancias Trabalhistas em Clubes de Futebol<br \/>\n\u2022 Direito de Imagem<br \/>\n\u2022 Implica\u00e7\u00f5es Tribut\u00e1rias<\/p>\n<p><strong>P\u00daBLICO-ALVO<\/strong><br \/>\nEstudantes e profissionais interessados em ingressar no Universo do Futebol.<\/p>\n<p><strong>CONTE\u00daDO<\/strong><br \/>\nApresenta\u00e7\u00e3o\/Aula inaugural<br \/>\nTermos especifico de futebol<br \/>\nAtletas formados\/Contratados<br \/>\nDireito de imagem\/Direito de arena<br \/>\nTeste de recuperabilidade<br \/>\nA interven\u00e7\u00e3o do servi\u00e7o social nas categorias de base<br \/>\nA atua\u00e7\u00e3o da assistente social no desenvolvimento do atleta em forma\u00e7\u00e3o<br \/>\nAPFUT\/PROFUT<br \/>\nEFD &#8211; Contribui\u00e7\u00f5es\/EFD \u2013 REINF<br \/>\nBitributa\u00e7\u00e3o<br \/>\nNegocia\u00e7\u00f5es e elabora\u00e7\u00e3o de contratos de atletas.<br \/>\nParticularidades do departamento jur\u00eddico de clubes<br \/>\nA import\u00e2ncia de integra\u00e7\u00e3o do jur\u00eddico com outras \u00e1reas do clube al\u00e9m da divis\u00e3o de futebol<br \/>\nPrincipais conting\u00eancias trabalhistas em clubes de futebol<br \/>\nDireito de Imagem<br \/>\nImplica\u00e7\u00f5es tribut\u00e1rias<br \/>\nGPS licenciadas e patrocinadores<br \/>\nCertid\u00f5es negativas<br \/>\nDCTF<br \/>\nGest\u00e3o social do Futebol de Base<br \/>\nCertifica\u00e7\u00e3o de Clube formador<br \/>\nReceitas e custos do futebol<br \/>\nDemonstra\u00e7\u00f5es cont\u00e1beis e relat\u00f3rios gerenciais.<br \/>\nLicenciamento de clubes \u2013 CBF Programa de Excel\u00eancia &#8211; FPF<br \/>\nFairplay Financeiro<br \/>\nClubes-empresas<br \/>\nEncerramento<\/p>\n<p><strong>OBSERVA\u00c7\u00d5ES<\/strong><br \/>\nA Universidade se reserva o direito de alterar o cronograma e o corpo docente.<br \/>\nDocumenta\u00e7\u00e3o necess\u00e1ria para quem n\u00e3o \u00e9 aluno da Cat\u00f3lica de Santos: c\u00f3pias do RG, CPF, certid\u00e3o de nascimento ou casamento.<br \/>\nA inscri\u00e7\u00e3o presencial s\u00f3 poder\u00e1 ser efetuada pelo interessado no curso, ou por pessoa munida de procura\u00e7\u00e3o autenticada em cart\u00f3rio.<br \/>\nA efetiva\u00e7\u00e3o da matr\u00edcula est\u00e1 condicionada ao pagamento do boleto da 1\u00aa. parcela e entrega da documenta\u00e7\u00e3o exigida.<\/p>\n<p><strong>OUTRAS INFORMA\u00c7\u00d5ES<\/strong><br \/>\nDepartamento de Atendimento Integrado<br \/>\nTelefones: (13) 3205-5555<br \/>\nE-mail: dat@unisantos.br<\/p>\n","protected":false},"excerpt":{"rendered":"<p>PROFESSORA RESPONS\u00c1VEL Prof\u00aa. Esp. M\u00e1rcia Mendes Fernandes CARGA HOR\u00c1RIA 16 h\/a LOCAL Campus Dom Id\u00edlio Jos\u00e9 Soares OBJETIVO O curso [&hellip;]<\/p>\n","protected":false},"author":1,"featured_media":676,"parent":399,"menu_order":0,"comment_status":"closed","ping_status":"closed","template":"","meta":{"footnotes":""},"_links":{"self":[{"href":"https:\/\/www.unisantos.br\/pos\/wp-json\/wp\/v2\/pages\/2537"}],"collection":[{"href":"https:\/\/www.unisantos.br\/pos\/wp-json\/wp\/v2\/pages"}],"about":[{"href":"https:\/\/www.unisantos.br\/pos\/wp-json\/wp\/v2\/types\/page"}],"author":[{"embeddable":true,"href":"https:\/\/www.unisantos.br\/pos\/wp-json\/wp\/v2\/users\/1"}],"replies":[{"embeddable":true,"href":"https:\/\/www.unisantos.br\/pos\/wp-json\/wp\/v2\/comments?post=2537"}],"version-history":[{"count":6,"href":"https:\/\/www.unisantos.br\/pos\/wp-json\/wp\/v2\/pages\/2537\/revisions"}],"predecessor-version":[{"id":5524,"href":"https:\/\/www.unisantos.br\/pos\/wp-json\/wp\/v2\/pages\/2537\/revisions\/5524"}],"up":[{"embeddable":true,"href":"https:\/\/www.unisantos.br\/pos\/wp-json\/wp\/v2\/pages\/399"}],"wp:featuredmedia":[{"embeddable":true,"href":"https:\/\/www.unisantos.br\/pos\/wp-json\/wp\/v2\/media\/676"}],"wp:attachment":[{"href":"https:\/\/www.unisantos.br\/pos\/wp-json\/wp\/v2\/media?parent=2537"}],"curies":[{"name":"wp","href":"https:\/\/api.w.org\/{rel}","templated":true}]}}