{"id":237,"date":"2018-10-11T09:20:20","date_gmt":"2018-10-11T12:20:20","guid":{"rendered":"https:\/\/www.unisantos.br\/pos\/?page_id=237"},"modified":"2025-03-07T16:56:35","modified_gmt":"2025-03-07T19:56:35","slug":"mba-em-banking-e-mercado-financeiro","status":"publish","type":"page","link":"https:\/\/www.unisantos.br\/pos\/lato-sensu\/mba-em-banking-e-mercado-financeiro\/","title":{"rendered":"MBA em Banking e Mercado Financeiro"},"content":{"rendered":"<p><strong>PROFESSOR RESPONS\u00c1VEL<br \/>\n<\/strong>Prof. Me. Jos\u00e9 Roberto Raposo Medeiros Filho<\/p>\n<p><strong>CARGA HOR\u00c1RIA<br \/>\n<span style=\"font-weight: 400;\">360 horas<\/span><\/strong><\/p>\n<p><strong>IN\u00cdCIO<\/strong><br \/>\nMar\u00e7o\/2025<\/p>\n<p><strong>DIAS\/HOR\u00c1RIOS<\/strong><br \/>\nSegundas e quartas-feiras, das 18h45 \u00e0s 22h45<\/p>\n<p><strong>MODALIDADE<br \/>\n<\/strong>EAD com 240 horas de encontros s\u00edncronos, 120 horas de aulas ass\u00edncronas e suporte a recursos em plataforma digital<\/p>\n<p><strong>P\u00daBLICO-ALVO<\/strong><br \/>\nCurso desenvolvido para profissionais que atuam ou desejam atuar em institui\u00e7\u00f5es financeiras, assim como nas \u00e1reas financeiras de empresas de m\u00e9dio e grande porte, a fim de complementar sua forma\u00e7\u00e3o acad\u00eamica e ampliar sua \u00e1rea de atua\u00e7\u00e3o profissional.<\/p>\n<p><strong>OBJETIVO<\/strong><br \/>\nDesenvolver conhecimentos pr\u00e1ticos e te\u00f3ricos sobre as opera\u00e7\u00f5es financeiras, e toda sua evolu\u00e7\u00e3o como mecanismo de fomento ao crescimento das organiza\u00e7\u00f5es.<\/p>\n<p><strong>INVESTIMENTO<\/strong><br \/>\n16 parcelas de R$ 350<\/p>\n<p><strong>CONTE\u00daDO<\/strong><br \/>\n\u2022 Contabilidade Societ\u00e1ria<br \/>\n\u2022 C\u00e1lculos Empresariais e An\u00e1lise de Investimento<br \/>\n\u2022 Sistema Financeiro Nacional e Mercado de Capitais (EAD)<br \/>\n\u2022 An\u00e1lise de Balan\u00e7os e Cr\u00e9ditos<br \/>\n\u2022 Economia, Taxa de Juros e C\u00e2mbio<br \/>\n\u2022 Finan\u00e7as (EAD)<br \/>\n\u2022 Seguros e Previd\u00eancia<br \/>\n\u2022 Planejamento Tribut\u00e1rio<br \/>\n\u2022 Direito Empresarial (EAD)<br \/>\n\u2022 Gest\u00e3o Estrat\u00e9gica de Tesouraria em Institui\u00e7\u00f5es Financeiras<br \/>\n\u2022 Derivativos e Produtos Banc\u00e1rios (hedge, swap, etc)<br \/>\n\u2022 Avalia\u00e7\u00e3o de Empresas \u2013 Valuation (EAD)<\/p>\n<p><strong>OBSERVA\u00c7\u00d5ES<\/strong><br \/>\nA Universidade se reserva o direito de alterar o cronograma e o corpo docente.<br \/>\nDocumenta\u00e7\u00e3o necess\u00e1ria: c\u00f3pias do RG, CPF, certid\u00e3o de nascimento ou casamento e Diploma da Gradua\u00e7\u00e3o ou Certificado de Cola\u00e7\u00e3o de Grau.<br \/>\nA inscri\u00e7\u00e3o presencial s\u00f3 poder\u00e1 ser efetuada pelo interessado no curso, ou por pessoa munida de procura\u00e7\u00e3o autenticada em cart\u00f3rio.<br \/>\nA efetiva\u00e7\u00e3o da matr\u00edcula est\u00e1 condicionada ao pagamento do boleto da 1\u00aa. parcela e entrega da documenta\u00e7\u00e3o exigida.<\/p>\n<p><strong>OUTRAS INFORMA\u00c7\u00d5ES<\/strong><br \/>\nE-mail: atendimentovirtual@unisantos.br<\/p>\n","protected":false},"excerpt":{"rendered":"<p>PROFESSOR RESPONS\u00c1VEL Prof. Me. Jos\u00e9 Roberto Raposo Medeiros Filho CARGA HOR\u00c1RIA 360 horas IN\u00cdCIO Mar\u00e7o\/2025 DIAS\/HOR\u00c1RIOS Segundas e quartas-feiras, das [&hellip;]<\/p>\n","protected":false},"author":1,"featured_media":238,"parent":210,"menu_order":0,"comment_status":"closed","ping_status":"closed","template":"","meta":{"footnotes":""},"_links":{"self":[{"href":"https:\/\/www.unisantos.br\/pos\/wp-json\/wp\/v2\/pages\/237"}],"collection":[{"href":"https:\/\/www.unisantos.br\/pos\/wp-json\/wp\/v2\/pages"}],"about":[{"href":"https:\/\/www.unisantos.br\/pos\/wp-json\/wp\/v2\/types\/page"}],"author":[{"embeddable":true,"href":"https:\/\/www.unisantos.br\/pos\/wp-json\/wp\/v2\/users\/1"}],"replies":[{"embeddable":true,"href":"https:\/\/www.unisantos.br\/pos\/wp-json\/wp\/v2\/comments?post=237"}],"version-history":[{"count":42,"href":"https:\/\/www.unisantos.br\/pos\/wp-json\/wp\/v2\/pages\/237\/revisions"}],"predecessor-version":[{"id":6755,"href":"https:\/\/www.unisantos.br\/pos\/wp-json\/wp\/v2\/pages\/237\/revisions\/6755"}],"up":[{"embeddable":true,"href":"https:\/\/www.unisantos.br\/pos\/wp-json\/wp\/v2\/pages\/210"}],"wp:featuredmedia":[{"embeddable":true,"href":"https:\/\/www.unisantos.br\/pos\/wp-json\/wp\/v2\/media\/238"}],"wp:attachment":[{"href":"https:\/\/www.unisantos.br\/pos\/wp-json\/wp\/v2\/media?parent=237"}],"curies":[{"name":"wp","href":"https:\/\/api.w.org\/{rel}","templated":true}]}}