{"id":210,"date":"2018-10-08T14:43:11","date_gmt":"2018-10-08T17:43:11","guid":{"rendered":"https:\/\/www.unisantos.br\/pos\/?page_id=210"},"modified":"2023-02-06T18:25:33","modified_gmt":"2023-02-06T21:25:33","slug":"lato-sensu","status":"publish","type":"page","link":"https:\/\/www.unisantos.br\/pos\/lato-sensu\/","title":{"rendered":"Especializa\u00e7\u00e3o\/MBA"},"content":{"rendered":"<p>Os cursos de Especializa\u00e7\u00e3o (P\u00f3s-Gradua\u00e7\u00e3o\u00a0<em>Lato Sensu<\/em>) oferecidos pela Universidade Cat\u00f3lica de Santos s\u00e3o reconhecidos pelo Inep\/MEC e direcionados a pessoas com forma\u00e7\u00e3o superior que buscam aprimoramento t\u00e9cnico-profissional em n\u00edvel de especializa\u00e7\u00e3o, ou p\u00f3s-gradua\u00e7\u00e3o lato sensu.<\/p>\n<p><a href=\"https:\/\/www.unisantos.br\/pos\/lato-sensu\/direito\/\"><img loading=\"lazy\" decoding=\"async\" class=\"wp-image-4839 size-full alignnone\" src=\"https:\/\/www.unisantos.br\/pos\/wp-content\/uploads\/sites\/5\/2023\/01\/DIREITO.jpg\" alt=\"\" width=\"250\" height=\"130\" \/><\/a>\u00a0<a href=\"https:\/\/www.unisantos.br\/pos\/lato-sensu\/educacao-e-comunicacao\/\"><img loading=\"lazy\" decoding=\"async\" class=\"alignnone wp-image-4842 size-full\" src=\"https:\/\/www.unisantos.br\/pos\/wp-content\/uploads\/sites\/5\/2023\/01\/EDUCACAO-COMUNICACAO.jpg\" alt=\"\" width=\"250\" height=\"130\" \/><\/a>\u00a0<a href=\"https:\/\/www.unisantos.br\/pos\/lato-sensu\/exatas-arquitetura-e-engenharia\/\"><img loading=\"lazy\" decoding=\"async\" class=\"alignnone wp-image-4843 size-full\" src=\"https:\/\/www.unisantos.br\/pos\/wp-content\/uploads\/sites\/5\/2023\/01\/EXATAS-ARQUITETURA-ENGENHARIA.jpg\" alt=\"\" width=\"250\" height=\"130\" \/><\/a><a href=\"https:\/\/www.unisantos.br\/pos\/lato-sensu\/negocios\/\"><img loading=\"lazy\" decoding=\"async\" class=\"alignnone wp-image-4846 size-full\" src=\"https:\/\/www.unisantos.br\/pos\/wp-content\/uploads\/sites\/5\/2023\/01\/NEGOCIOS.jpg\" alt=\"\" width=\"250\" height=\"130\" \/><\/a>\u00a0<a href=\"https:\/\/www.unisantos.br\/pos\/lato-sensu\/saude\/\"><img loading=\"lazy\" decoding=\"async\" class=\"alignnone wp-image-4847 size-full\" src=\"https:\/\/www.unisantos.br\/pos\/wp-content\/uploads\/sites\/5\/2023\/01\/SAUDE.jpg\" alt=\"\" width=\"250\" height=\"130\" \/><\/a><\/p>\n<p><strong>Benef\u00edcios<\/strong><br \/>\nA Cat\u00f3lica de Santos oferece os seguintes benef\u00edcios (*):<br \/>\n\u2022\u00a0<strong>Bolsa\u00a0Ex-aluno para P\u00f3s-Gradua\u00e7\u00e3o\u00a0<em>Lato Sensu<\/em><\/strong>: 25% de desconto para ex-alunos da Cat\u00f3lica de Santos (curso de Gradua\u00e7\u00e3o conclu\u00eddo).<br \/>\n\u2022\u00a0<strong>Bolsa\u00a0Empresas Conveniadas<\/strong>: descontos vari\u00e1veis para funcion\u00e1rios de empresas conveniadas.<strong><a class=\"simples\" href=\"https:\/\/www.unisantos.br\/convenio-com-empresas\/\" target=\"_blank\" rel=\"noopener\"><br \/>\n<\/a><\/strong>\u2022 <strong>Bolsa Escolas Conveniadas<\/strong>: descontos vari\u00e1veis para professores de escolas conveniadas.<br \/>\n\u2022\u00a0<strong>Bolsa\u00a0Fideliza\u00e7\u00e3o Familiar<\/strong>: 20% para estudante que possua v\u00ednculo de parentesco (c\u00f4njuges, pais e filhos, ou irm\u00e3os) com formados na Universidade, ou com estudantes com matr\u00edcula ativa em cursos de Gradua\u00e7\u00e3o, Especializa\u00e7\u00e3o ou <em>Stricto Sensu<\/em>\u00a0da UniSantos, concomitantemente; ou ainda, num desses e na educa\u00e7\u00e3o b\u00e1sica do Liceu Santista, concomitantemente.<br \/>\n(*) Alguns descontos n\u00e3o se aplicam \u00e0 matr\u00edcula.<\/p>\n<p><strong style=\"line-height: 1.5em\">Atendimento:\u00a0<\/strong><strong>Campus Dom Id\u00edlio Jos\u00e9 Soares<br \/>\n<\/strong><strong>Endere\u00e7o<\/strong>: Av. Conselheiro N\u00e9bias, 300 \u2013 Vila Mathias, Santos<br \/>\n<strong style=\"line-height: 1.5em\">Telefone<\/strong><span style=\"line-height: 1.5em\">: 3205-5555 &#8211; ramal 1388<br \/>\n<strong>Hor\u00e1rio<\/strong>: Segunda a sexta, das 9h \u00e0s 21h<\/span><\/p>\n","protected":false},"excerpt":{"rendered":"<p>Os cursos de Especializa\u00e7\u00e3o (P\u00f3s-Gradua\u00e7\u00e3o\u00a0Lato Sensu) oferecidos pela Universidade Cat\u00f3lica de Santos s\u00e3o reconhecidos pelo Inep\/MEC e direcionados a pessoas [&hellip;]<\/p>\n","protected":false},"author":1,"featured_media":211,"parent":0,"menu_order":0,"comment_status":"closed","ping_status":"closed","template":"lato-sensu.php","meta":{"footnotes":""},"_links":{"self":[{"href":"https:\/\/www.unisantos.br\/pos\/wp-json\/wp\/v2\/pages\/210"}],"collection":[{"href":"https:\/\/www.unisantos.br\/pos\/wp-json\/wp\/v2\/pages"}],"about":[{"href":"https:\/\/www.unisantos.br\/pos\/wp-json\/wp\/v2\/types\/page"}],"author":[{"embeddable":true,"href":"https:\/\/www.unisantos.br\/pos\/wp-json\/wp\/v2\/users\/1"}],"replies":[{"embeddable":true,"href":"https:\/\/www.unisantos.br\/pos\/wp-json\/wp\/v2\/comments?post=210"}],"version-history":[{"count":426,"href":"https:\/\/www.unisantos.br\/pos\/wp-json\/wp\/v2\/pages\/210\/revisions"}],"predecessor-version":[{"id":5143,"href":"https:\/\/www.unisantos.br\/pos\/wp-json\/wp\/v2\/pages\/210\/revisions\/5143"}],"wp:featuredmedia":[{"embeddable":true,"href":"https:\/\/www.unisantos.br\/pos\/wp-json\/wp\/v2\/media\/211"}],"wp:attachment":[{"href":"https:\/\/www.unisantos.br\/pos\/wp-json\/wp\/v2\/media?parent=210"}],"curies":[{"name":"wp","href":"https:\/\/api.w.org\/{rel}","templated":true}]}}