{"id":192,"date":"2018-10-08T14:33:21","date_gmt":"2018-10-08T17:33:21","guid":{"rendered":"https:\/\/www.unisantos.br\/pos\/?page_id=192"},"modified":"2023-10-31T21:02:22","modified_gmt":"2023-11-01T00:02:22","slug":"area-de-concentracao-e-linhas-de-pesquisa","status":"publish","type":"page","link":"https:\/\/www.unisantos.br\/pos\/stricto-sensu\/mestrado\/mestrado-em-saude-coletiva\/area-de-concentracao-e-linhas-de-pesquisa\/","title":{"rendered":"\u00c1rea de Concentra\u00e7\u00e3o e Linhas de Pesquisa"},"content":{"rendered":"<p><strong>\u00c1rea de Concentra\u00e7\u00e3o<\/strong><\/p>\n<p><strong>SA\u00daDE, AMBIENTE E MUDAN\u00c7AS SOCIAIS<\/strong><\/p>\n<p><strong>Descri\u00e7\u00e3o<\/strong><\/p>\n<p>Estuda o contexto das mudan\u00e7as sociais e ambientais, seus impactos relacionados \u00e0 sa\u00fade e, como resposta a essa nova demanda, a implementa\u00e7\u00e3o de pol\u00edticas p\u00fablicas que possam equacionar os diversos problemas que emergem desse cen\u00e1rio. Destaca-se, ainda, a mudan\u00e7a do perfil epidemiol\u00f3gico e da situa\u00e7\u00e3o de sa\u00fade, especialmente nos grandes centros urbanos, em que as condi\u00e7\u00f5es de vida e trabalho est\u00e3o cada vez mais precarizadas, com grande desigualdade social e iniquidades em sa\u00fade, tanto em n\u00edvel global quanto nacional e local. Surge desse contexto a necessidade de suscitar discuss\u00f5es e produzir conhecimentos interdisciplinares e, tamb\u00e9m, de desenvolvimento de inova\u00e7\u00f5es tecnol\u00f3gicas e sociais que busquem pr\u00e1ticas de sa\u00fade capazes de atender \u00e0s necessidades individuais e coletivas da popula\u00e7\u00e3o.<\/p>\n<p><strong>Linha de Pesquisa<\/strong><\/p>\n<p><strong>EPIDEMIOLOGIA AMBIENTAL<\/strong><\/p>\n<p><strong>Descri\u00e7\u00e3o<\/strong><\/p>\n<p>Investiga as quest\u00f5es de contamina\u00e7\u00e3o ambiental e seus impactos na sa\u00fade da popula\u00e7\u00e3o, adotando ferramental estat\u00edstico e toxicol\u00f3gico, identificando os poluentes presentes na \u00e1gua, ar e solo e seus efeitos sobre a popula\u00e7\u00e3o exposta.\u00a0A Regi\u00e3o Metropolitana da Baixada Santista (RMBS) \u00e9 palco de um dos maiores desastres ambientais brasileiros. Escolhida como polo para a ind\u00fastria qu\u00edmica, petroqu\u00edmica e de fertilizantes, na metade do S\u00e9culo XX, sofreu e ainda sofre os efeitos da escolha inadequada e das pol\u00edticas permissivas que relegaram a um plano inferior o controle das emiss\u00f5es de poluentes. Esse cen\u00e1rio deu a Cubat\u00e3o fama internacional como um dos locais mais polu\u00eddos do planeta.<\/p>\n<p>Mas n\u00e3o \u00e9 s\u00f3 a cidade que sofre com esse contexto. Outras localidades acabaram envolvidas, e sofrem com a polui\u00e7\u00e3o do ar, da \u00e1gua e do solo. Como \u00e9 padr\u00e3o nesses casos, a popula\u00e7\u00e3o mais vulner\u00e1vel, socioeconomicamente, \u00e9 aquela que mais sofre com a situa\u00e7\u00e3o. Estudos realizados na\u00a0RMBS t\u00eam sido amplamente divulgados e compartilhados com os moradores para que eles se apropriem de informa\u00e7\u00f5es importantes sobre seu local de moradia e os efeitos adversos.\u00a0No que diz respeito \u00e0 exposi\u00e7\u00e3o a agrot\u00f3xicos, sabe-se que ela afeta a sa\u00fade humana com efeitos extremamente danosos.<\/p>\n<p>Portanto, os estudos que trazem \u00e0 tona a reflex\u00e3o dessa tem\u00e1tica contribuem para a an\u00e1lise dos impactos \u00e0 sa\u00fade da popula\u00e7\u00e3o. No contexto das mudan\u00e7as clim\u00e1ticas aceleradas pelas a\u00e7\u00f5es antr\u00f3picas em uma \u00e1rea de fragilidade ecol\u00f3gica, onde a presen\u00e7a e as a\u00e7\u00f5es do ser humano comprometem o equil\u00edbrio dos ecossistemas, as investiga\u00e7\u00f5es da linha de Epidemiologia Ambiental contribuem, de forma decisiva, com diagn\u00f3sticos e propostas de solu\u00e7\u00f5es para os problemas socioambientais e de sa\u00fade global, nacional, regional e local.<\/p>\n<p><strong>Linha de Pesquisa<\/strong><\/p>\n<p><strong>CONDI\u00c7\u00d5ES SOCIAIS DA SA\u00daDE, POL\u00cdTICAS P\u00daBLICAS, GEST\u00c3O, PROGRAMAS E PR\u00c1TICAS EM SA\u00daDE<\/strong><\/p>\n<p><strong>Descri\u00e7\u00e3o<\/strong><\/p>\n<p>Esta linha de pesquisa aborda os estudos das rela\u00e7\u00f5es Estado-sociedade e suas bases te\u00f3rica, pol\u00edtica e social, assim como os processos de sa\u00fade e doen\u00e7a relacionados \u00e0s condi\u00e7\u00f5es sociais e modos de vida, na perspectiva da constru\u00e7\u00e3o social de um problema e necessidade de sa\u00fade. Tamb\u00e9m investiga como as condi\u00e7\u00f5es de vida e trabalho, influenciadas por fatores sociais, econ\u00f4micos, culturais e ambientais, afetam a ocorr\u00eancia e distribui\u00e7\u00e3o dos agravos, condi\u00e7\u00f5es e eventos relacionados \u00e0 sa\u00fade. Desse modo, os estudos poder\u00e3o contribuir para formula\u00e7\u00e3o, implementa\u00e7\u00e3o, monitoramento e avalia\u00e7\u00e3o de pol\u00edticas p\u00fablicas, modelos de gest\u00e3o, pr\u00e1ticas de aten\u00e7\u00e3o \u00e0 sa\u00fade e programas de sa\u00fade que contribuir\u00e3o para a melhoria das condi\u00e7\u00f5es de vida e preven\u00e7\u00e3o de riscos.<\/p>\n<p>A linha de pesquisa envolve, ainda, as conforma\u00e7\u00f5es organizacionais e assistenciais, considerando os componentes de um sistema sa\u00fade: popula\u00e7\u00e3o, infraestrutura, trabalhadores, organiza\u00e7\u00e3o, presta\u00e7\u00e3o de servi\u00e7os, financiamento e gest\u00e3o. Al\u00e9m disso, compreende pesquisas referentes a pol\u00edticas p\u00fablicas, gest\u00e3o em sa\u00fade, pr\u00e1ticas de aten\u00e7\u00e3o, tecnologias em sa\u00fade, determinantes sociais, condi\u00e7\u00f5es de vida e de trabalho, modos e h\u00e1bitos de vida e seus impactos nas condi\u00e7\u00f5es sociais da sa\u00fade humana e nos diversos cen\u00e1rios das redes de aten\u00e7\u00e3o \u00e0 sa\u00fade, nos contextos global, nacional, regional e local.<\/p>\n<p>Esta linha de pesquisa objetiva a produ\u00e7\u00e3o do conhecimento com abordagem transdisciplinar com o prop\u00f3sito de contribuir para a efetividade de um sistema integrado de sa\u00fade e busca da equidade no setor. Ela tamb\u00e9m discute elementos fundamentais do campo de saberes e pr\u00e1ticas da sa\u00fade coletiva, e caracteriza-se por uma atua\u00e7\u00e3o transdisciplinar. Visa, assim, uma reflex\u00e3o cr\u00edtica e contextualizada sobre as pol\u00edticas de sa\u00fade, a organiza\u00e7\u00e3o do sistema de sa\u00fade no Brasil e as condi\u00e7\u00f5es de vida e trabalho na sa\u00fade humana da sociedade contempor\u00e2nea. Possibilita, ainda, estudos que trazem \u00e0 tona temas relevantes que se ancoram na determina\u00e7\u00e3o social da sa\u00fade para a formula\u00e7\u00e3o de pol\u00edticas p\u00fablicas. Estudos que explorem essa tem\u00e1tica, e que suscitam um pensamento cr\u00edtico \u00e0 luz do direito \u00e0 sa\u00fade, da justi\u00e7a social e da equidade em sa\u00fade podem contribuir para a melhora da sa\u00fade nos cen\u00e1rios global, nacional, regional e local.<\/p>\n<p>\u00c0 medida em que se problematizam as quest\u00f5es sociais imbricadas com a sa\u00fade, vislumbra-se um cen\u00e1rio de enfrentamento mais amplo e eficiente. As mudan\u00e7as observadas nos padr\u00f5es de morbimortalidade da sociedade contempor\u00e2nea, a transi\u00e7\u00e3o demogr\u00e1fica com o envelhecimento populacional, a mudan\u00e7a do perfil epidemiol\u00f3gico com o aumento das doen\u00e7as cr\u00f4nicas e agravos n\u00e3o transmiss\u00edveis e a persist\u00eancia de doen\u00e7as transmiss\u00edveis fazem emergir desse cen\u00e1rio a necessidade de avaliar o impacto promovido pelos modos de vida e trabalho, assim como as pol\u00edticas, programas e presta\u00e7\u00e3o de servi\u00e7os em sa\u00fade. An\u00e1lises da situa\u00e7\u00e3o de sa\u00fade e suas tend\u00eancias para a busca de a\u00e7\u00f5es que subsidiam a constru\u00e7\u00e3o de pol\u00edticas e a\u00e7\u00f5es efetivas para seu enfrentamento, assim como a reorganiza\u00e7\u00e3o do sistema, dos servi\u00e7os e das pr\u00e1ticas de sa\u00fade, poder\u00e3o diminuir as iniquidades em sa\u00fade e, assim, promover o fortalecimento do SUS.<\/p>\n<p>Ainda nessa perspectiva, considera-se a gest\u00e3o e o financiamento em sa\u00fade, pontos cr\u00edticos para o sistema de sa\u00fade brasileiro, e a necessidade de uma discuss\u00e3o mais ampla e efetiva sobre os subs\u00eddios p\u00fablicos aos planos e seguros privados de sa\u00fade. Al\u00e9m disso, \u00e9 necess\u00e1rio tamb\u00e9m pensar pol\u00edticas p\u00fablicas que contemplem os novos modos de organiza\u00e7\u00e3o social, bem como seus determinantes e condicionantes, para que possam ser formuladas e aprimoradas estrat\u00e9gias de vigil\u00e2ncia, controle e interven\u00e7\u00e3o para melhoria das condi\u00e7\u00f5es de sa\u00fade. Nesse contexto, em concord\u00e2ncia com a compreens\u00e3o transdisciplinar e a complexa rela\u00e7\u00e3o das condi\u00e7\u00f5es sociais da sa\u00fade, \u00e9 necess\u00e1ria uma perspectiva cr\u00edtica de como as condi\u00e7\u00f5es de vida e trabalho impactam a busca da equidade em sa\u00fade.<\/p>\n<p><strong>Linha de Pesquisa<\/strong><\/p>\n<p><strong>MARCADORES SOCIAIS DA DIFEREN\u00c7A E PRODU\u00c7\u00c3O DE CUIDADO EM SA\u00daDE SEXUAL E REPRODUTIVA<\/strong><\/p>\n<p><strong>Descri\u00e7\u00e3o<\/strong><\/p>\n<p>Abriga investiga\u00e7\u00f5es sobre como as din\u00e2micas sociais produzem diferencia\u00e7\u00e3o, desigualdade e iniquidades nas condi\u00e7\u00f5es de vida das popula\u00e7\u00f5es, com foco espec\u00edfico na sa\u00fade e nos direitos sexuais e reprodutivos. Tem como base o referencial da interseccionalidade, que problematiza o pressuposto dos gradientes socioecon\u00f4micos como os principais motores das desigualdades em sa\u00fade, defendendo compreens\u00e3o mais complexa de identidade, posi\u00e7\u00e3o social e desigualdade nos determinantes sociais da sa\u00fade. Em conson\u00e2ncia a refer\u00eancias e diretrizes nacionais e internacionais, examina a produ\u00e7\u00e3o de cuidado em sa\u00fade sexual com foco nos sistemas de opress\u00e3o (racismo, sexismo, transfobia e capacitismo, entre outros) que se articulam \u00e0 sexualidade, bem como nos planos sociais e program\u00e1ticos necess\u00e1rios para o respeito, prote\u00e7\u00e3o e realiza\u00e7\u00e3o dos direitos sexuais, de forma a garantir experi\u00eancias sexuais prazerosas e seguras, livres de coer\u00e7\u00e3o, discrimina\u00e7\u00e3o e viol\u00eancia. Abrange a preven\u00e7\u00e3o e tratamento de infec\u00e7\u00f5es sexualmente transmiss\u00edveis, incluindo o HIV, e dimens\u00f5es epistemol\u00f3gicas, te\u00f3ricas e conceituais na produ\u00e7\u00e3o de conhecimento em sa\u00fade sexual e reprodutiva.<\/p>\n<p>Esta linha de pesquisa empreende investiga\u00e7\u00f5es que t\u00eam como foco as complexidades implicadas na din\u00e2mica da produ\u00e7\u00e3o de cuidado. Especificamente, entre os grupos sociais de adolescentes e jovens, podemos destacar como essa fase da vida, marcada pelo in\u00edcio das rela\u00e7\u00f5es sexuais em um contexto de transi\u00e7\u00e3o biol\u00f3gica, social, psicol\u00f3gica e estrutural, \u00e9 acompanhada do estabelecimento de relacionamentos est\u00e1veis, casuais e intergeracionais, sendo tamb\u00e9m frequente a experimenta\u00e7\u00e3o de subst\u00e2ncias nesse contexto. O enfraquecimento dos programas de educa\u00e7\u00e3o em sexualidade e as barreiras de acesso aos servi\u00e7os de sa\u00fade, por sua vez, interagem com marcadores sociais de diferen\u00e7a, como orienta\u00e7\u00e3o sexual, identidade de g\u00eanero, classe social, ra\u00e7a e religi\u00e3o, essenciais para se compreender a epidemia na medida em que mostram como o risco da infec\u00e7\u00e3o por HIV afeta popula\u00e7\u00f5es de modo desigual. Pessoas negras e LGBTQIA+ s\u00e3o, desproporcionalmente, afetadas pela epidemia de HIV e outras IST, devido a uma carga mais alta de viol\u00eancia, estigma e discrimina\u00e7\u00e3o, desde a socializa\u00e7\u00e3o na inf\u00e2ncia. Nessa perspectiva, a linha de pesquisa\u00a0busca articular essa leitura ao examinar os dados epidemiol\u00f3gicos.<\/p>\n<p>As investiga\u00e7\u00f5es prop\u00f5em a produ\u00e7\u00e3o de evid\u00eancias de alta qualidade, de modo a avan\u00e7ar o conhecimento sobre as principais barreiras, facilitadores e mecanismos envolvidos na aceitabilidade, oferta e reten\u00e7\u00e3o de tais estrat\u00e9gias. A qualidade da produ\u00e7\u00e3o dessas evid\u00eancias, por sua vez, est\u00e1 ancorada em perspectivas participativas e comunit\u00e1rias de investiga\u00e7\u00e3o e refer\u00eancias epistemol\u00f3gicas, te\u00f3ricas e metodol\u00f3gicas que fa\u00e7am frente \u00e0s concep\u00e7\u00f5es e pr\u00e1ticas hegem\u00f4nicas na ci\u00eancia que sustentam os sistemas de opress\u00e3o na produ\u00e7\u00e3o do conhecimento.\u00a0 Essas evid\u00eancias, nos n\u00edveis local, regional e nacional, s\u00e3o cruciais para apoiar o desenho de pol\u00edticas eficazes para acelerar a inclus\u00e3o de novas tecnologias, qualificar a aten\u00e7\u00e3o e fortalecer a participa\u00e7\u00e3o comunit\u00e1ria.<\/p>\n","protected":false},"excerpt":{"rendered":"<p>\u00c1rea de Concentra\u00e7\u00e3o SA\u00daDE, AMBIENTE E MUDAN\u00c7AS SOCIAIS Descri\u00e7\u00e3o Estuda o contexto das mudan\u00e7as sociais e ambientais, seus impactos relacionados [&hellip;]<\/p>\n","protected":false},"author":1,"featured_media":0,"parent":187,"menu_order":1,"comment_status":"closed","ping_status":"closed","template":"","meta":{"footnotes":""},"_links":{"self":[{"href":"https:\/\/www.unisantos.br\/pos\/wp-json\/wp\/v2\/pages\/192"}],"collection":[{"href":"https:\/\/www.unisantos.br\/pos\/wp-json\/wp\/v2\/pages"}],"about":[{"href":"https:\/\/www.unisantos.br\/pos\/wp-json\/wp\/v2\/types\/page"}],"author":[{"embeddable":true,"href":"https:\/\/www.unisantos.br\/pos\/wp-json\/wp\/v2\/users\/1"}],"replies":[{"embeddable":true,"href":"https:\/\/www.unisantos.br\/pos\/wp-json\/wp\/v2\/comments?post=192"}],"version-history":[{"count":2,"href":"https:\/\/www.unisantos.br\/pos\/wp-json\/wp\/v2\/pages\/192\/revisions"}],"predecessor-version":[{"id":5621,"href":"https:\/\/www.unisantos.br\/pos\/wp-json\/wp\/v2\/pages\/192\/revisions\/5621"}],"up":[{"embeddable":true,"href":"https:\/\/www.unisantos.br\/pos\/wp-json\/wp\/v2\/pages\/187"}],"wp:attachment":[{"href":"https:\/\/www.unisantos.br\/pos\/wp-json\/wp\/v2\/media?parent=192"}],"curies":[{"name":"wp","href":"https:\/\/api.w.org\/{rel}","templated":true}]}}