{"id":1914,"date":"2019-08-14T17:56:54","date_gmt":"2019-08-14T20:56:54","guid":{"rendered":"https:\/\/www.unisantos.br\/pos\/?page_id=1914"},"modified":"2023-08-14T14:28:34","modified_gmt":"2023-08-14T17:28:34","slug":"ingles-avancado-ii","status":"publish","type":"page","link":"https:\/\/www.unisantos.br\/pos\/centro-de-linguas\/ingles-avancado-ii\/","title":{"rendered":"Ingl\u00eas Avan\u00e7ado II"},"content":{"rendered":"<p><strong>PROFESSORA RESPONS\u00c1VEL<\/strong><br \/>\nProf\u00aa. Dr\u00aa. Graziela Pigatto Bohn<\/p>\n<p><strong>CARGA HOR\u00c1RIA<\/strong><br \/>\n30 h\/a<\/p>\n<p><strong>LOCAL<\/strong><br \/>\nCampus Dom Id\u00edlio Jos\u00e9 Soares<\/p>\n<p><strong>OBJETIVOS<\/strong><br \/>\nOferecer um curso de l\u00edngua inglesa n\u00edvel avan\u00e7ado ao p\u00fablico interno e externo \u00e0 Institui\u00e7\u00e3o, ampliando o conhecimento e proporcionando novas possibilidades no \u00e2mbito profissional, intelectual e cultural.<br \/>\nPropiciar ao aluno o dom\u00ednio em n\u00edvel avan\u00e7ado das duas habilidades lingu\u00edsticas passivas ou de recep\u00e7\u00e3o (compreens\u00e3o oral e leitura) e das duas ativas ou de produ\u00e7\u00e3o (fala e escrita).<\/p>\n<p><strong>P\u00daBLICO-ALVO<\/strong><br \/>\nAlunos de gradua\u00e7\u00e3o e p\u00f3s-gradua\u00e7\u00e3o de institui\u00e7\u00f5es de ensino superior.<\/p>\n<p><strong>CONTE\u00daDO<\/strong><br \/>\nClass 1:<br \/>\nWelcoming activity;<br \/>\nAbsolute adjectives;<br \/>\nIntensifying adjecttives.<br \/>\nClass 2:<br \/>\nTalking about belief and opinion, conversation building expressions.<br \/>\nClass 3:<br \/>\nTalking about success, failure and difficulty.<br \/>\nClass 4:<br \/>\nAdvanced vocabulary: describing people\u2019s character and idioms describing people.<br \/>\nClass 5:<br \/>\nAdvanced vocabulary: everyday\u2019s problem and causative verbs.<br \/>\nClass 6<br \/>\nReview class.<br \/>\nClass 7:<br \/>\nAvalia\u00e7\u00e3o 1.<br \/>\nClass 8:<br \/>\nGerunds and Infinitives<br \/>\nClass 9:<br \/>\nAdvanced vocabulary: everyday\u2019s problem and causative verbs.<br \/>\nClass 10:<br \/>\nWords often confused.<br \/>\nClass 11:<br \/>\nAdding emphasis \u2013 cleft sentences and inversion.<br \/>\nClass 12:<br \/>\nReview class.<br \/>\nClass 13:<br \/>\nAvalia\u00e7\u00e3o 2.<br \/>\nClass 14:<br \/>\nEnglish phonetics.<br \/>\nClass 15:<br \/>\nEnglish phonetics.<\/p>\n<p><strong>OBSERVA\u00c7\u00d5ES<\/strong><br \/>\nA Universidade se reserva o direito de alterar o cronograma e o corpo docente.<br \/>\nDocumenta\u00e7\u00e3o necess\u00e1ria para quem n\u00e3o \u00e9 aluno da Cat\u00f3lica de Santos: c\u00f3pias do RG, CPF, certid\u00e3o de nascimento ou casamento.<br \/>\nA inscri\u00e7\u00e3o presencial s\u00f3 poder\u00e1 ser efetuada pelo interessado no curso, ou por pessoa munida de procura\u00e7\u00e3o autenticada em cart\u00f3rio.<br \/>\nA efetiva\u00e7\u00e3o da matr\u00edcula est\u00e1 condicionada ao pagamento do boleto da 1\u00aa. parcela e entrega da documenta\u00e7\u00e3o exigida.<\/p>\n<p><strong>OUTRAS INFORMA\u00c7\u00d5ES<\/strong><br \/>\nDepartamento de Atendimento Integrado<br \/>\nTelefones: (13) 3205-5555<br \/>\nE-mail: dat@unisantos.br<\/p>\n","protected":false},"excerpt":{"rendered":"<p>PROFESSORA RESPONS\u00c1VEL Prof\u00aa. Dr\u00aa. Graziela Pigatto Bohn CARGA HOR\u00c1RIA 30 h\/a LOCAL Campus Dom Id\u00edlio Jos\u00e9 Soares OBJETIVOS Oferecer um [&hellip;]<\/p>\n","protected":false},"author":1,"featured_media":0,"parent":397,"menu_order":0,"comment_status":"closed","ping_status":"closed","template":"","meta":{"footnotes":""},"_links":{"self":[{"href":"https:\/\/www.unisantos.br\/pos\/wp-json\/wp\/v2\/pages\/1914"}],"collection":[{"href":"https:\/\/www.unisantos.br\/pos\/wp-json\/wp\/v2\/pages"}],"about":[{"href":"https:\/\/www.unisantos.br\/pos\/wp-json\/wp\/v2\/types\/page"}],"author":[{"embeddable":true,"href":"https:\/\/www.unisantos.br\/pos\/wp-json\/wp\/v2\/users\/1"}],"replies":[{"embeddable":true,"href":"https:\/\/www.unisantos.br\/pos\/wp-json\/wp\/v2\/comments?post=1914"}],"version-history":[{"count":6,"href":"https:\/\/www.unisantos.br\/pos\/wp-json\/wp\/v2\/pages\/1914\/revisions"}],"predecessor-version":[{"id":5564,"href":"https:\/\/www.unisantos.br\/pos\/wp-json\/wp\/v2\/pages\/1914\/revisions\/5564"}],"up":[{"embeddable":true,"href":"https:\/\/www.unisantos.br\/pos\/wp-json\/wp\/v2\/pages\/397"}],"wp:attachment":[{"href":"https:\/\/www.unisantos.br\/pos\/wp-json\/wp\/v2\/media?parent=1914"}],"curies":[{"name":"wp","href":"https:\/\/api.w.org\/{rel}","templated":true}]}}