{"id":179,"date":"2018-10-08T14:28:47","date_gmt":"2018-10-08T17:28:47","guid":{"rendered":"https:\/\/www.unisantos.br\/pos\/?page_id=179"},"modified":"2024-04-03T15:10:49","modified_gmt":"2024-04-03T18:10:49","slug":"organizacao-curricular","status":"publish","type":"page","link":"https:\/\/www.unisantos.br\/pos\/stricto-sensu\/mestrado\/mestrado-profissional-em-psicologia-desenvolvimento-e-politicas-publicas\/organizacao-curricular\/","title":{"rendered":"Organiza\u00e7\u00e3o Curricular"},"content":{"rendered":"<p><strong>Regime letivo<\/strong>: Semestral<\/p>\n<p><strong>N\u00famero de vagas<\/strong>: Dez (10) vagas por semestre abertas a profissionais das \u00e1reas de Psicologia, Servi\u00e7o Social, Direito, Educa\u00e7\u00e3o, e Sociologia, entre outras.<\/p>\n<p><strong>N\u00famero total de cr\u00e9ditos<\/strong>: 50, distribu\u00eddos ao longo dos 4 semestres<\/p>\n<p><strong>Total de horas<\/strong>: 750<\/p>\n<p><strong>Organiza\u00e7\u00e3o curricular<br \/>\n<\/strong>03 (tr\u00eas) Disciplinas Obrigat\u00f3rias; 09 cr\u00e9ditos 135<br \/>\n03 (tr\u00eas) Disciplinas Eletivas; 135<br \/>\n03 (tr\u00eas) Semin\u00e1rios de Pesquisa obrigat\u00f3rios; 45<br \/>\n03 (tr\u00eas) Semin\u00e1rios sobre a Pr\u00e1tica Profissional obrigat\u00f3rios; 45<br \/>\n04 (quatro) Atividades Programadas; 60<br \/>\n05 (cinco) Orienta\u00e7\u00e3o; 75<br \/>\n22 (vinte e dois) Elabora\u00e7\u00e3o e Defesa da Disserta\u00e7\u00e3o e do Produto T\u00e9cnico e Tecnol\u00f3gico;\u00a0330<\/p>\n<p><strong>As Disciplinas Obrigat\u00f3rias<\/strong> d\u00e3o suporte te\u00f3rico e metodol\u00f3gico para as duas Linhas de Pesquisa, com total de 09 (nove) cr\u00e9ditos, correspondentes a 135 (cento e trinta e cinco) horas.<\/p>\n<p><strong>As 03 (tr\u00eas) Disciplinas Eletivas<\/strong> somam 09 (nove) cr\u00e9ditos e 135 (cento e trinta a cinco) horas e est\u00e3o vinculadas \u00e0s duas Linhas De Pesquisa,<\/p>\n<p><strong>Os Semin\u00e1rios de Pesquisa I, II E III<\/strong> s\u00e3o obrigat\u00f3rios e correspondem a 01 (um cr\u00e9dito por semestre), totalizando 03 (tr\u00eas) cr\u00e9ditos e 45 (quarenta e cinco) horas.<\/p>\n<p><strong>Os Semin\u00e1rios de Pr\u00e1tica Profissional I, II e III<\/strong> s\u00e3o obrigat\u00f3rios e correspondem a 01 (hum cr\u00e9dito por semestre), totalizando 03 (tr\u00eas) cr\u00e9ditos e 45 (quarenta e cinco) horas.<\/p>\n<p><strong>Os Semin\u00e1rios<\/strong> s\u00e3o alinhados \u00e0s Linhas de Pesquisa, seguem a mesma din\u00e2mica de total de cr\u00e9ditos e horas, e s\u00e3o espa\u00e7os de problematiza\u00e7\u00e3o, reflex\u00e3o, troca, integra\u00e7\u00e3o e constru\u00e7\u00e3o dos Projetos de Pesquisas e Pr\u00e1ticas Profissionais dos\/as Mestrandos\/as em diferentes \u00e1reas e espa\u00e7os de atua\u00e7\u00e3o. O foco est\u00e1 na qualifica\u00e7\u00e3o da pr\u00e1xis e na elabora\u00e7\u00e3o de Produto T\u00e9cnico e Tecnol\u00f3gico\u00a0 \u00a0a partir de s\u00f3lida produ\u00e7\u00e3o cient\u00edfica, visando cumprir os objetivos do Mestrado Profissional de fortalecer e ampliar a inser\u00e7\u00e3o e o impacto social do Programa na realidade local, regional e nacional.<\/p>\n<p><strong>Atividades Programadas<\/strong>: com no m\u00ednimo 04 (quatro) unidades de cr\u00e9dito( 60 horas), visando garantir o desenvolvimento de atividades acad\u00eamicas pelo p\u00f3s-graduando, correspondendo a 01 (um) cr\u00e9dito, a publica\u00e7\u00e3o em anais de evento; 01 (um) cr\u00e9dito a apresenta\u00e7\u00e3o de trabalho completo em Congresso e Simp\u00f3sio Nacional; 02 (dois) cr\u00e9ditos a apresenta\u00e7\u00e3o de trabalho completo em Congresso e Simp\u00f3sio Internacional; 03 (tr\u00eas) cr\u00e9ditos a publica\u00e7\u00e3o de artigo cient\u00edfico (em peri\u00f3dico com indicador m\u00ednimo A4 no Qualis do Documento de \u00c1rea &#8211; CAPES); e 03 (tr\u00eas) cr\u00e9ditos a publica\u00e7\u00e3o de capitulo de livro sobre o tema ou grupo de pesquisa.<\/p>\n<p><strong>Orienta\u00e7\u00e3o<\/strong> (05 cr\u00e9ditos -75 horas)<\/p>\n<p><strong>Elabora\u00e7\u00e3o de Relat\u00f3rio de Qualifica\u00e7\u00e3o e Defesa da Disserta\u00e7\u00e3o<\/strong> (17 cr\u00e9ditos \u2013 255 horas)<\/p>\n","protected":false},"excerpt":{"rendered":"<p>Regime letivo: Semestral N\u00famero de vagas: Dez (10) vagas por semestre abertas a profissionais das \u00e1reas de Psicologia, Servi\u00e7o Social, [&hellip;]<\/p>\n","protected":false},"author":1,"featured_media":0,"parent":168,"menu_order":6,"comment_status":"closed","ping_status":"closed","template":"","meta":{"footnotes":""},"_links":{"self":[{"href":"https:\/\/www.unisantos.br\/pos\/wp-json\/wp\/v2\/pages\/179"}],"collection":[{"href":"https:\/\/www.unisantos.br\/pos\/wp-json\/wp\/v2\/pages"}],"about":[{"href":"https:\/\/www.unisantos.br\/pos\/wp-json\/wp\/v2\/types\/page"}],"author":[{"embeddable":true,"href":"https:\/\/www.unisantos.br\/pos\/wp-json\/wp\/v2\/users\/1"}],"replies":[{"embeddable":true,"href":"https:\/\/www.unisantos.br\/pos\/wp-json\/wp\/v2\/comments?post=179"}],"version-history":[{"count":5,"href":"https:\/\/www.unisantos.br\/pos\/wp-json\/wp\/v2\/pages\/179\/revisions"}],"predecessor-version":[{"id":6035,"href":"https:\/\/www.unisantos.br\/pos\/wp-json\/wp\/v2\/pages\/179\/revisions\/6035"}],"up":[{"embeddable":true,"href":"https:\/\/www.unisantos.br\/pos\/wp-json\/wp\/v2\/pages\/168"}],"wp:attachment":[{"href":"https:\/\/www.unisantos.br\/pos\/wp-json\/wp\/v2\/media?parent=179"}],"curies":[{"name":"wp","href":"https:\/\/api.w.org\/{rel}","templated":true}]}}