{"id":168,"date":"2018-10-08T14:24:26","date_gmt":"2018-10-08T17:24:26","guid":{"rendered":"https:\/\/www.unisantos.br\/pos\/?page_id=168"},"modified":"2026-03-23T18:22:08","modified_gmt":"2026-03-23T21:22:08","slug":"mestrado-profissional-em-psicologia-desenvolvimento-e-politicas-publicas","status":"publish","type":"page","link":"https:\/\/www.unisantos.br\/pos\/stricto-sensu\/mestrado\/mestrado-profissional-em-psicologia-desenvolvimento-e-politicas-publicas\/","title":{"rendered":"Mestrado Profissional em Psicologia, Desenvolvimento e Pol\u00edticas P\u00fablicas"},"content":{"rendered":"<p>O Programa de Mestrado Profissional em Psicologia, Desenvolvimento e Pol\u00edticas P\u00fablicas tem como meta, em sua \u00e1rea de concentra\u00e7\u00e3o, <a href=\"https:\/\/portal.unisantos.br\/pos\/strictosensu.php?curso=mestrado-em-psicologia-e-politicas-publicas&amp;pagina=area-de-concentracao-e-linhas-de-pesquisa\">Pol\u00edticas P\u00fablicas<\/a>, formar profissionais mestres, com a compet\u00eancia necess\u00e1ria para enfrentar os novos desafios colocados pela contemporaneidade, e que consolidem pr\u00e1ticas inovadoras, integrando diferentes conhecimentos da pr\u00f3pria Psicologia e de distintas \u00e1reas do saber, em torno de temas articulados entre si. Pretende, ainda, ampliar, fortalecer e aprimorar a produ\u00e7\u00e3o cient\u00edfica no campo da Psicologia nos campos de sa\u00fade, assist\u00eancia social e educa\u00e7\u00e3o.<\/p>\n<p>O projeto est\u00e1 alicer\u00e7ado na experi\u00eancia acumulada em 45 anos de exist\u00eancia e produ\u00e7\u00e3o t\u00e9cnica e acad\u00eamica do corpo docente do Curso de Psicologia; e nas diferentes frentes de atua\u00e7\u00e3o da Universidade Cat\u00f3lica de Santos, nos campos do ensino, da pesquisa e da extens\u00e3o, nas dimens\u00f5es da Gradua\u00e7\u00e3o, P\u00f3s-Gradua\u00e7\u00e3o <em>Lato<\/em> e <em>Stricto Sensu<\/em>, e na contribui\u00e7\u00e3o dos grupos de pesquisa, especialmente no que se refere ao potencial de transforma\u00e7\u00e3o inovadora nas pol\u00edticas p\u00fablicas da regi\u00e3o.<\/p>\n<p>Neste contexto, o Mestrado Profissional em Psicologia, Desenvolvimento e Pol\u00edticas P\u00fablicas fortalece a miss\u00e3o da Cat\u00f3lica de Santos de garantir forma\u00e7\u00e3o e aperfei\u00e7oamento cient\u00edfico e t\u00e9cnico, alicer\u00e7ados nos princ\u00edpios da solidariedade, justi\u00e7a, respeito aos direitos humanos e \u00e0 \u00e9tica crist\u00e3.<\/p>\n<p><strong>OBJETIVOS<br \/>\n<\/strong>Promover a qualifica\u00e7\u00e3o de profissionais capazes de analisar criticamente suas pr\u00e1ticas e desenvolver a\u00e7\u00f5es transformadoras, adequadas \u00e0 diversidade de espa\u00e7os e contextos de vida da popula\u00e7\u00e3o, no campo das pol\u00edticas p\u00fablicas de sa\u00fade, assist\u00eancia social e educa\u00e7\u00e3o, contribuindo para a constru\u00e7\u00e3o de novos saberes que sustentem pr\u00e1ticas profissionais inovadoras em Psicologia, potencializadoras do desenvolvimento psicossocial de indiv\u00edduos, grupos e institui\u00e7\u00f5es;<br \/>\nAvaliar criticamente as pr\u00e1ticas profissionais por meio da problematiza\u00e7\u00e3o da atua\u00e7\u00e3o, tendo como base o contexto hist\u00f3rico em que as pol\u00edticas p\u00fablicas de sa\u00fade, assist\u00eancia social e educa\u00e7\u00e3o foram produzidas, e a compreens\u00e3o de seu papel de garantia dos direitos e da cidadania;<br \/>\nConstruir e avaliar instrumentos, metodologias e tecnologias pertinentes \u00e0 realidade social e educacional, tendo como norte o compromisso com o respeito \u00e0s diversidades e alteridades, a inclus\u00e3o e o desenvolvimento individual e coletivo da popula\u00e7\u00e3o nos diferentes campos das pol\u00edticas p\u00fablicas;<br \/>\nGerar impacto relevante nas a\u00e7\u00f5es profissionais em Psicologia e pol\u00edticas p\u00fablicas, no \u00e2mbito regional, nacional e internacional, a partir da socializa\u00e7\u00e3o dos conhecimentos e tecnologias produzidos no programa, como resultado da integra\u00e7\u00e3o do conhecimento t\u00e9cnico, cient\u00edfico e metodol\u00f3gico, articulando saberes e fazeres na perspectiva da ci\u00eancia psicol\u00f3gica.<\/p>\n<p align=\"left\"><strong>COORDENADOR<br \/>\n<\/strong>Prof. Dr. Edgar Toschi Dias<\/p>\n<p align=\"left\"><strong>Secretaria Acad\u00eamica<br \/>\n<\/strong>Campus Dom Id\u00edlio Jos\u00e9 Soares<br \/>\nEndere\u00e7o: Av. Conselheiro N\u00e9bias, 300 \u2013 Vila Mathias, Santos<br \/>\nAtendimento: De 2\u00aa a 6\u00aa-feira, das 9h \u00e0s 14h e das 15h \u00e0s 18h30<br \/>\nTelefone: (13) 3205-5555 \u2013 ramal 1360<br \/>\nE-mail: secretariaposgraduacao@unisantos.br<\/p>\n","protected":false},"excerpt":{"rendered":"<p>O Programa de Mestrado Profissional em Psicologia, Desenvolvimento e Pol\u00edticas P\u00fablicas tem como meta, em sua \u00e1rea de concentra\u00e7\u00e3o, Pol\u00edticas [&hellip;]<\/p>\n","protected":false},"author":1,"featured_media":170,"parent":110,"menu_order":0,"comment_status":"closed","ping_status":"closed","template":"","meta":{"footnotes":""},"_links":{"self":[{"href":"https:\/\/www.unisantos.br\/pos\/wp-json\/wp\/v2\/pages\/168"}],"collection":[{"href":"https:\/\/www.unisantos.br\/pos\/wp-json\/wp\/v2\/pages"}],"about":[{"href":"https:\/\/www.unisantos.br\/pos\/wp-json\/wp\/v2\/types\/page"}],"author":[{"embeddable":true,"href":"https:\/\/www.unisantos.br\/pos\/wp-json\/wp\/v2\/users\/1"}],"replies":[{"embeddable":true,"href":"https:\/\/www.unisantos.br\/pos\/wp-json\/wp\/v2\/comments?post=168"}],"version-history":[{"count":75,"href":"https:\/\/www.unisantos.br\/pos\/wp-json\/wp\/v2\/pages\/168\/revisions"}],"predecessor-version":[{"id":7229,"href":"https:\/\/www.unisantos.br\/pos\/wp-json\/wp\/v2\/pages\/168\/revisions\/7229"}],"up":[{"embeddable":true,"href":"https:\/\/www.unisantos.br\/pos\/wp-json\/wp\/v2\/pages\/110"}],"wp:featuredmedia":[{"embeddable":true,"href":"https:\/\/www.unisantos.br\/pos\/wp-json\/wp\/v2\/media\/170"}],"wp:attachment":[{"href":"https:\/\/www.unisantos.br\/pos\/wp-json\/wp\/v2\/media?parent=168"}],"curies":[{"name":"wp","href":"https:\/\/api.w.org\/{rel}","templated":true}]}}