{"id":1639,"date":"2019-05-14T01:12:08","date_gmt":"2019-05-14T04:12:08","guid":{"rendered":"https:\/\/www.unisantos.br\/pos\/?page_id=1639"},"modified":"2023-01-03T11:56:54","modified_gmt":"2023-01-03T14:56:54","slug":"inovacao-em-midias-digitais","status":"publish","type":"page","link":"https:\/\/www.unisantos.br\/pos\/qualificacao\/inovacao-em-midias-digitais\/","title":{"rendered":"Inova\u00e7\u00e3o em M\u00eddias Digitais"},"content":{"rendered":"<p><strong>CARGA HOR\u00c1RIA <\/strong><br \/>\n32 h\/a<\/p>\n<p><strong>LOCAL<\/strong><br \/>\nCampus Dom Id\u00edlio Jos\u00e9 Soares<\/p>\n<p><strong>OBJETIVO<\/strong><br \/>\nO curso possibilitar\u00e1 enxergar as principais caracter\u00edsticas e tend\u00eancias do mundo digital. Assim, o aluno ter\u00e1 o conhecimento dos h\u00e1bitos de consumo das pessoas e atividades das empresas nas redes sociais, al\u00e9m de se capacitar a atuar no ramo de marketing digital e m\u00eddias sociais, para que aprenda a planejar, desenvolver e gerenciar campanhas de divulga\u00e7\u00e3o nas redes sociais.<\/p>\n<p><strong>P\u00daBLICO-ALVO<\/strong><br \/>\nEstudantes ou profissionais de publicidade, marketing ou comunica\u00e7\u00e3o social. Empres\u00e1rios que querem aprender a gerenciar a comunica\u00e7\u00e3o de seus neg\u00f3cios.<\/p>\n<p><strong>CONTE\u00daDO<\/strong><br \/>\n<strong>O mundo digital e a economia da informa\u00e7\u00e3o<\/strong><br \/>\nSer\u00e1 ilustrada a situa\u00e7\u00e3o atual da internet no ramo de comunica\u00e7\u00e3o no Brasil. An\u00e1lise de participa\u00e7\u00e3o dos meios de comunica\u00e7\u00e3o e a diferen\u00e7a entre os modelos de neg\u00f3cios digitais do r\u00e1dio, televis\u00e3o, cinema, m\u00eddia &#8220;out of home&#8221;, jornal e outros.<br \/>\nModelos de neg\u00f3cios inovadores (aula de conceitos): A cria\u00e7\u00e3o dos mecanismos de busca, guias e servi\u00e7os, e-commerces, sites de compras coletivas<br \/>\nApresenta\u00e7\u00e3o de cases de sucesso e insucesso<br \/>\nAs caracter\u00edsticas dos ve\u00edculos de comunica\u00e7\u00e3o atuais: como funcionam os ve\u00edculos de comunica\u00e7\u00e3o na web. Emissoras de TV, r\u00e1dio e jornais. O aluno vai aprender a compra de m\u00eddia dos grandes ve\u00edculos, os formatos de banners, CPM, CPC, CPA, e-mail marketing, links patrocinados e shopping.<br \/>\nConte\u00fado:<br \/>\n&#8211; Economia criativa, economia da informa\u00e7\u00e3o;<br \/>\n&#8211; Ve\u00edculos de comunica\u00e7\u00e3o, modelos de neg\u00f3cios e import\u00e2ncia no cen\u00e1rio atual;<br \/>\n&#8211; Planejamento de projetos digitais, cria\u00e7\u00e3o de briefings.<\/p>\n<p><strong>Apresenta\u00e7\u00e3o do Google Ads. Como funciona, principais estrat\u00e9gias e modelo de gest\u00e3o para campanhas digitais<br \/>\n<\/strong>Conte\u00fado:<br \/>\n-Apresenta\u00e7\u00e3o da ferramenta;<br \/>\n&#8211; Exerc\u00edcios pr\u00e1ticos para cria\u00e7\u00e3o e gest\u00e3o de campanhas digitais no Google Ads.<\/p>\n<p><strong>Apresenta\u00e7\u00e3o das redes sociais na vis\u00e3o da publicidade<br \/>\n<\/strong>Como utilizar a ferramenta para divulga\u00e7\u00e3o de marcas e produtos; em que momento da comunica\u00e7\u00e3o que se encaixam as m\u00eddias sociais.<br \/>\nMostrar os modelos e formatos essenciais para planejamento das campanhas publicit\u00e1rias utilizando as plataformas sociais como ve\u00edculo de comunica\u00e7\u00e3o.<br \/>\nConte\u00fado:<br \/>\n&#8211; O que s\u00e3o as redes sociais: evolu\u00e7\u00e3o e perspectivas;<br \/>\n&#8211; O que s\u00e3o as redes sociais para as ag\u00eancias;<br \/>\n&#8211; Din\u00e2mica das redes sociais e sua rela\u00e7\u00e3o com publicidade tradicional.<\/p>\n<p><strong>Planejamento de campanhas em redes sociais<br \/>\n<\/strong>O ciclo de planejamento de campanha utilizado pelo mercado de publicidade para desenvolver campanhas efetivas com bons resultados.<br \/>\nConte\u00fado:<br \/>\n&#8211; Qual o objetivo de empresa nas redes sociais, defini\u00e7\u00e3o do posicionamento;<br \/>\n&#8211; Defini\u00e7\u00e3o da estrat\u00e9gia de a\u00e7\u00e3o da empresa nas redes sociais;<br \/>\n&#8211; Defini\u00e7\u00e3o da verba a ser utilizada;<br \/>\n&#8211; Defini\u00e7\u00e3o da equipe voltada para o gerenciamento;<br \/>\n&#8211; Combinando m\u00eddia e conte\u00fado para resolver os desafios de comunica\u00e7\u00e3o.<\/p>\n<p><strong>Desenvolvimento e gest\u00e3o de campanhas de sucesso no Facebook<br \/>\n<\/strong>O Facebook \u00e9 uma rede consolidada no mercado como uma das plataformas mais fortes de comunica\u00e7\u00e3o moderna. Milhares de pessoas utilizam diariamente a plataforma, o que gera uma grande oportunidade para empresas e marcas.<br \/>\nConte\u00fado:<br \/>\n&#8211; Vis\u00e3o geral: hist\u00f3ria, evolu\u00e7\u00e3o e perspectivas;<br \/>\n&#8211; Modelos de projetos e aplica\u00e7\u00f5es: como funcionam?<br \/>\n&#8211; Formatos de an\u00fancios; m\u00e9tricas de performance.<\/p>\n<p><strong>Desenvolvimento e gest\u00e3o de campanhas de sucesso no Twitter\/Linkedin<\/strong><br \/>\nO Twitter \u00e9 uma rede social mais din\u00e2mica, as atualiza\u00e7\u00f5es s\u00e3o r\u00e1pidas e em tempo real, e precisam de uma estrat\u00e9gia diferenciada. As a\u00e7\u00f5es nesta rede social devem se caracterizar pela agilidade e interesse dos usu\u00e1rios.<br \/>\nConte\u00fado:<br \/>\n&#8211; Vis\u00e3o geral: hist\u00f3ria, tend\u00eancias e perspectivas;<br \/>\n&#8211; Como funcionam hashtags e trend topics;<br \/>\n&#8211; Formatos de campanha dispon\u00edveis;<br \/>\n&#8211; M\u00e9tricas de desempenho;<br \/>\nO Linkedin \u00e9 uma rede social que promove o networking entre profissionais, e agora tamb\u00e9m exerce um papel interessante para divulga\u00e7\u00e3o, relacionamento e promo\u00e7\u00e3o de engajamento das empresas e marcas.<br \/>\nConte\u00fado:<br \/>\n\u2022 Vis\u00e3o geral: hist\u00f3ria, evolu\u00e7\u00e3o e perspectivas;<br \/>\n\u2022 Como as empresas podem atuar no Linkedin;<br \/>\n\u2022 Formatos dispon\u00edveis no Linkedin:<br \/>\n\u2022 Criando uma campanha de relacionamento no Linkedin.<\/p>\n<p><strong>Planejamento integrado de campanhas em redes sociais<br \/>\n<\/strong>Elabora\u00e7\u00e3o de um plano de a\u00e7\u00f5es que envolvem as m\u00eddias digitais, tra\u00e7ar objetivos, metas e direcionamentos de comunica\u00e7\u00e3o para as empresas.<br \/>\nConte\u00fado: Trabalho pr\u00e1tico em equipe<br \/>\n\u2022 Planejamento de campanha;<br \/>\n\u2022 Escolha das redes sociais mais adequadas ao objetivo da campanha;<br \/>\n\u2022 Cria\u00e7\u00e3o da campanha e an\u00fancios;<br \/>\n\u2022 Defini\u00e7\u00e3o de resultados.<\/p>\n<p><strong>OBSERVA\u00c7\u00d5ES<\/strong><br \/>\nA Universidade se reserva o direito de alterar o cronograma e o corpo docente.<br \/>\nDocumenta\u00e7\u00e3o necess\u00e1ria para quem n\u00e3o \u00e9 aluno da Cat\u00f3lica de Santos: c\u00f3pias do RG, CPF, certid\u00e3o de nascimento ou casamento.<br \/>\nA inscri\u00e7\u00e3o presencial s\u00f3 poder\u00e1 ser efetuada pelo interessado no curso, ou por pessoa munida de procura\u00e7\u00e3o autenticada em cart\u00f3rio.<br \/>\nA efetiva\u00e7\u00e3o da matr\u00edcula est\u00e1 condicionada ao pagamento do boleto da 1\u00aa. parcela e entrega da documenta\u00e7\u00e3o exigida.<\/p>\n<p><strong>OUTRAS INFORMA\u00c7\u00d5ES<\/strong><br \/>\nDepartamento de Atendimento Integrado<br \/>\nTelefone: (13) 3205-5555<br \/>\nE-mail: dat@unisantos.br<\/p>\n","protected":false},"excerpt":{"rendered":"<p>CARGA HOR\u00c1RIA 32 h\/a LOCAL Campus Dom Id\u00edlio Jos\u00e9 Soares OBJETIVO O curso possibilitar\u00e1 enxergar as principais caracter\u00edsticas e tend\u00eancias [&hellip;]<\/p>\n","protected":false},"author":1,"featured_media":0,"parent":399,"menu_order":0,"comment_status":"closed","ping_status":"closed","template":"","meta":{"footnotes":""},"_links":{"self":[{"href":"https:\/\/www.unisantos.br\/pos\/wp-json\/wp\/v2\/pages\/1639"}],"collection":[{"href":"https:\/\/www.unisantos.br\/pos\/wp-json\/wp\/v2\/pages"}],"about":[{"href":"https:\/\/www.unisantos.br\/pos\/wp-json\/wp\/v2\/types\/page"}],"author":[{"embeddable":true,"href":"https:\/\/www.unisantos.br\/pos\/wp-json\/wp\/v2\/users\/1"}],"replies":[{"embeddable":true,"href":"https:\/\/www.unisantos.br\/pos\/wp-json\/wp\/v2\/comments?post=1639"}],"version-history":[{"count":10,"href":"https:\/\/www.unisantos.br\/pos\/wp-json\/wp\/v2\/pages\/1639\/revisions"}],"predecessor-version":[{"id":4668,"href":"https:\/\/www.unisantos.br\/pos\/wp-json\/wp\/v2\/pages\/1639\/revisions\/4668"}],"up":[{"embeddable":true,"href":"https:\/\/www.unisantos.br\/pos\/wp-json\/wp\/v2\/pages\/399"}],"wp:attachment":[{"href":"https:\/\/www.unisantos.br\/pos\/wp-json\/wp\/v2\/media?parent=1639"}],"curies":[{"name":"wp","href":"https:\/\/api.w.org\/{rel}","templated":true}]}}