{"id":1600,"date":"2019-04-29T14:52:13","date_gmt":"2019-04-29T17:52:13","guid":{"rendered":"https:\/\/www.unisantos.br\/pos\/?page_id=1600"},"modified":"2023-08-14T14:17:18","modified_gmt":"2023-08-14T17:17:18","slug":"espaco-sagrado-e-liturgia-encontro-com-o-misterio","status":"publish","type":"page","link":"https:\/\/www.unisantos.br\/pos\/qualificacao\/espaco-sagrado-e-liturgia-encontro-com-o-misterio\/","title":{"rendered":"Espa\u00e7o Sagrado e Liturgia: Encontro com o Mist\u00e9rio"},"content":{"rendered":"<p><strong>PROFESSOR RESPONS\u00c1VEL<\/strong><br \/>\nProf. Esp. Fernando Greg\u00f3rio<\/p>\n<p><strong>CARGA HOR\u00c1RIA<\/strong><br \/>\n14 h\/a<\/p>\n<p><strong>LOCAL<\/strong><br \/>\nCampus Dom Id\u00edlio Jos\u00e9 Soares<\/p>\n<p><strong>OBJETIVOS<\/strong><br \/>\nCompreender o espa\u00e7o sagrado como lugar de manifesta\u00e7\u00e3o do Esp\u00edrito e da imers\u00e3o no mist\u00e9rio pascal de Cristo e ajudar o fiel leigo a descobrir, nos lugares de culto e celebra\u00e7\u00e3o, a riqueza do mist\u00e9rio de Deus que se expressa nas cria\u00e7\u00f5es humanas.<br \/>\nPromover uma atitude pr\u00e1tica de respeito e amor \u00e0 ambienta\u00e7\u00e3o, conserva\u00e7\u00e3o e manuten\u00e7\u00e3o de todo espa\u00e7o sagrado.<\/p>\n<p><strong>P\u00daBLICO-ALVO<\/strong><br \/>\nAgentes de pastoral da Igreja Cat\u00f3lica, catequistas, ministros extraordin\u00e1rios da Sagrada Comunh\u00e3o, professores de escolas cat\u00f3licas e demais interessados.<\/p>\n<p><strong>CONTE\u00daDO<br \/>\n<\/strong>O que significa construir um espa\u00e7o lit\u00fargico: a vis\u00e3o crist\u00e3 de espa\u00e7o e<br \/>\nEspiritualidade do espa\u00e7o sagrado crist\u00e3o.<br \/>\nGest\u00e3o e organiza\u00e7\u00e3o do espa\u00e7o lit\u00fargico.<br \/>\nAmbiente sacro, acervo e manuten\u00e7\u00e3o.<br \/>\nPrograma iconogr\u00e1fico do templo sacro.<br \/>\nArte Sacra e arte religiosa ou de devo\u00e7\u00e3o.<br \/>\nAtividades extraclasse.<\/p>\n<p><strong>OBSERVA\u00c7\u00d5ES<\/strong><br \/>\nA Universidade se reserva o direito de alterar o cronograma e o corpo docente.<br \/>\nDocumenta\u00e7\u00e3o necess\u00e1ria para quem n\u00e3o \u00e9 aluno da Cat\u00f3lica de Santos: c\u00f3pias do RG, CPF, certid\u00e3o de nascimento ou casamento.<br \/>\nA inscri\u00e7\u00e3o presencial s\u00f3 poder\u00e1 ser efetuada pelo interessado no curso, ou por pessoa munida de procura\u00e7\u00e3o autenticada em cart\u00f3rio.<br \/>\nA efetiva\u00e7\u00e3o da matr\u00edcula est\u00e1 condicionada ao pagamento do boleto da 1\u00aa. parcela e entrega da documenta\u00e7\u00e3o exigida.<\/p>\n<p><strong>OUTRAS INFORMA\u00c7\u00d5ES<\/strong><br \/>\nDepartamento de Atendimento Integrado<br \/>\nTelefones: (13) 3205-5555<br \/>\nE-mail: dat@unisantos.br<\/p>\n","protected":false},"excerpt":{"rendered":"<p>PROFESSOR RESPONS\u00c1VEL Prof. Esp. Fernando Greg\u00f3rio CARGA HOR\u00c1RIA 14 h\/a LOCAL Campus Dom Id\u00edlio Jos\u00e9 Soares OBJETIVOS Compreender o espa\u00e7o [&hellip;]<\/p>\n","protected":false},"author":1,"featured_media":0,"parent":399,"menu_order":0,"comment_status":"closed","ping_status":"closed","template":"","meta":{"footnotes":""},"_links":{"self":[{"href":"https:\/\/www.unisantos.br\/pos\/wp-json\/wp\/v2\/pages\/1600"}],"collection":[{"href":"https:\/\/www.unisantos.br\/pos\/wp-json\/wp\/v2\/pages"}],"about":[{"href":"https:\/\/www.unisantos.br\/pos\/wp-json\/wp\/v2\/types\/page"}],"author":[{"embeddable":true,"href":"https:\/\/www.unisantos.br\/pos\/wp-json\/wp\/v2\/users\/1"}],"replies":[{"embeddable":true,"href":"https:\/\/www.unisantos.br\/pos\/wp-json\/wp\/v2\/comments?post=1600"}],"version-history":[{"count":6,"href":"https:\/\/www.unisantos.br\/pos\/wp-json\/wp\/v2\/pages\/1600\/revisions"}],"predecessor-version":[{"id":5551,"href":"https:\/\/www.unisantos.br\/pos\/wp-json\/wp\/v2\/pages\/1600\/revisions\/5551"}],"up":[{"embeddable":true,"href":"https:\/\/www.unisantos.br\/pos\/wp-json\/wp\/v2\/pages\/399"}],"wp:attachment":[{"href":"https:\/\/www.unisantos.br\/pos\/wp-json\/wp\/v2\/media?parent=1600"}],"curies":[{"name":"wp","href":"https:\/\/api.w.org\/{rel}","templated":true}]}}