{"id":1494,"date":"2019-04-04T19:16:28","date_gmt":"2019-04-04T22:16:28","guid":{"rendered":"https:\/\/www.unisantos.br\/pos\/?page_id=1494"},"modified":"2023-08-14T13:46:59","modified_gmt":"2023-08-14T16:46:59","slug":"introducao-a-desenvolvimento-de-projetos-iot","status":"publish","type":"page","link":"https:\/\/www.unisantos.br\/pos\/qualificacao\/introducao-a-desenvolvimento-de-projetos-iot\/","title":{"rendered":"Introdu\u00e7\u00e3o a Desenvolvimento de Projetos IoT"},"content":{"rendered":"<p><strong>PROFESSOR RESPONS\u00c1VEL<br \/>\n<\/strong>T\u00e9cnico Fernando Veiga<\/p>\n<p><strong>CARGA HOR\u00c1RIA<\/strong><br \/>\n16 h\/a<\/p>\n<p><strong>LOCAL<\/strong><br \/>\nCampus Dom Id\u00edlio Jos\u00e9 Soares<\/p>\n<p><strong>OBJETIVO<\/strong><br \/>\nApresentar um novo conceito de desenvolvimento que amplie seus conhecimentos para os campos de hardware, big data e infraestrutura de comunica\u00e7\u00e3o.<\/p>\n<p><strong>P\u00daBLICO-ALVO<\/strong><br \/>\nEstudantes do ensino m\u00e9dio, preferencialmente que tenham afinidade com a \u00e1rea de exatas; estudantes do ensino m\u00e9dio t\u00e9cnico, gradua\u00e7\u00e3o ou p\u00f3s-gradua\u00e7\u00e3o, todos de cursos da \u00e1rea de exatas. Pr\u00e9-requisitos m\u00ednimos s\u00e3o no\u00e7\u00f5es b\u00e1sicas de microinform\u00e1tica e racioc\u00ednio l\u00f3gico.<\/p>\n<p><strong>CONTE\u00daDO<\/strong><br \/>\nIoT &#8211; Internet of Things:<br \/>\n&#8211; Introdu\u00e7\u00e3o, Conceito, Hist\u00f3ria e Arquiteturas<br \/>\n&#8211; Perif\u00e9ricos, Devices Monol\u00edticos e Devices Ramificados<br \/>\n&#8211; Gateways e\/ou concentradores, Cloud e Aplica\u00e7\u00f5es<br \/>\nRaspberry Pi (SO\/Softwares)<br \/>\n&#8211; Introdu\u00e7\u00e3o e Hist\u00f3ria<br \/>\n&#8211; Tipos de Hardware; Sistema Operacional (Tipos de SO)<br \/>\n&#8211; Raspbian; Instalando o Linux Raspbian<br \/>\n&#8211; Configura\u00e7\u00f5es iniciais, Configura\u00e7\u00e3o de perif\u00e9ricos<br \/>\n&#8211; Usando o Terminal no Linux, Primeiros Comandos<br \/>\n&#8211; A Ferramenta APT, Conex\u00f5es SSH e SCP<br \/>\nNode Red (Hist\u00f3ria e Instala\u00e7\u00e3o)<br \/>\n&#8211; Programa\u00e7\u00e3o em Fluxo (Nodes de Entrada, Nodes de Sa\u00edda, Nodes para Tratamentos de Dados,<br \/>\n&#8211; Nodes para Tratamento de Fluxo, Nodes de Acesso Avan\u00e7ado e Nodes Raspberry PI<br \/>\nEletr\u00f4nica (Energia El\u00e9trica. O que \u00e9 o GPIO? Node Red com GPIO (Atuadores); Node Red com GPIO (Sensores)<br \/>\n&#8211; Constru\u00e7\u00e3o de Interface Web para controle Local; Apresenta\u00e7\u00e3o de leitura dos sensores;<br \/>\n&#8211; Acionamentos de Atuadores; Protocolo MQTT;<br \/>\n&#8211; Cloud (IBM Cloud); Cria\u00e7\u00e3o de dashboard in cloud; Apresenta\u00e7\u00e3o de leitura dos sensores;<br \/>\n&#8211; Acionamentos de Atuadores; Cria\u00e7\u00e3o Bot Telegram;<br \/>\n&#8211; Projeto Final: Controle por voz para acionamento de l\u00e2mpadas e motores via comandos em linguagem natural.<\/p>\n<p><strong>OBSERVA\u00c7\u00d5ES<\/strong><br \/>\nA Universidade se reserva o direito de alterar o cronograma e o corpo docente.<br \/>\nDocumenta\u00e7\u00e3o necess\u00e1ria para quem n\u00e3o \u00e9 aluno da Cat\u00f3lica de Santos: c\u00f3pias do RG, CPF, certid\u00e3o de nascimento ou casamento.<br \/>\nA inscri\u00e7\u00e3o presencial s\u00f3 poder\u00e1 ser efetuada pelo interessado no curso, ou por pessoa munida de procura\u00e7\u00e3o autenticada em cart\u00f3rio.<br \/>\nA efetiva\u00e7\u00e3o da matr\u00edcula est\u00e1 condicionada ao pagamento do boleto da 1\u00aa. parcela e entrega da documenta\u00e7\u00e3o exigida.<\/p>\n<p><strong>OUTRAS INFORMA\u00c7\u00d5ES<\/strong><br \/>\n<strong>Departamento de Atendimento Integrado<\/strong><br \/>\nTelefone: (13) 3205-5555<br \/>\nE-mail: dat@unisantos.br<\/p>\n<p><strong><br \/>\n<\/strong><\/p>\n","protected":false},"excerpt":{"rendered":"<p>PROFESSOR RESPONS\u00c1VEL T\u00e9cnico Fernando Veiga CARGA HOR\u00c1RIA 16 h\/a LOCAL Campus Dom Id\u00edlio Jos\u00e9 Soares OBJETIVO Apresentar um novo conceito [&hellip;]<\/p>\n","protected":false},"author":1,"featured_media":0,"parent":399,"menu_order":0,"comment_status":"closed","ping_status":"closed","template":"","meta":{"footnotes":""},"_links":{"self":[{"href":"https:\/\/www.unisantos.br\/pos\/wp-json\/wp\/v2\/pages\/1494"}],"collection":[{"href":"https:\/\/www.unisantos.br\/pos\/wp-json\/wp\/v2\/pages"}],"about":[{"href":"https:\/\/www.unisantos.br\/pos\/wp-json\/wp\/v2\/types\/page"}],"author":[{"embeddable":true,"href":"https:\/\/www.unisantos.br\/pos\/wp-json\/wp\/v2\/users\/1"}],"replies":[{"embeddable":true,"href":"https:\/\/www.unisantos.br\/pos\/wp-json\/wp\/v2\/comments?post=1494"}],"version-history":[{"count":14,"href":"https:\/\/www.unisantos.br\/pos\/wp-json\/wp\/v2\/pages\/1494\/revisions"}],"predecessor-version":[{"id":5482,"href":"https:\/\/www.unisantos.br\/pos\/wp-json\/wp\/v2\/pages\/1494\/revisions\/5482"}],"up":[{"embeddable":true,"href":"https:\/\/www.unisantos.br\/pos\/wp-json\/wp\/v2\/pages\/399"}],"wp:attachment":[{"href":"https:\/\/www.unisantos.br\/pos\/wp-json\/wp\/v2\/media?parent=1494"}],"curies":[{"name":"wp","href":"https:\/\/api.w.org\/{rel}","templated":true}]}}