{"id":121,"date":"2018-10-05T17:35:23","date_gmt":"2018-10-05T20:35:23","guid":{"rendered":"https:\/\/www.unisantos.br\/pos\/?page_id=121"},"modified":"2026-03-13T18:39:38","modified_gmt":"2026-03-13T21:39:38","slug":"grupos-de-pesquisa","status":"publish","type":"page","link":"https:\/\/www.unisantos.br\/pos\/stricto-sensu\/mestrado\/mestrado-em-direito\/grupos-de-pesquisa\/","title":{"rendered":"Grupos de Pesquisa"},"content":{"rendered":"<p><a href=\"https:\/\/www.unisantos.br\/wp-content\/uploads\/2026\/02\/GRUPO-DE-PESQUISA-2026_1.pdf\" target=\"_blank\" rel=\"noopener\"><strong>HOR\u00c1RIOS DAS REUNI\u00d5ES<\/strong><\/a><\/p>\n<p><strong>GRUPOS<\/strong><b> <\/b><\/p>\n<div>\n<p><strong>DIREITO AMBIENTAL, ESTADO E SOCIEDADE<br \/>\n<\/strong> Certificado no Diret\u00f3rio do CNPq<br \/>\n<strong>L\u00edderes<\/strong><br \/>\n<a href=\"http:\/\/lattes.cnpq.br\/2125396115714706\" target=\"_blank\" rel=\"noopener\">Prof. Dr. Wallace Paiva Martins Jr.<\/a><br \/>\n<a href=\"http:\/\/lattes.cnpq.br\/9970146269436327\" target=\"_blank\" rel=\"noopener\">Prof. Dr. Sylvio Alarcon Estrada Jr.<\/a><br \/>\nContato:\u00a0<a href=\"mailto:wallacemartins@unisantos.br\" target=\"_blank\" rel=\"noopener\">wallacemartins@unisantos.br<\/a><br \/>\n<strong>Linhas de Pesquisa<\/strong><br \/>\n1) Direito Ambiental Administrativo<br \/>\n2) Governan\u00e7a e Sustentabilidade nos Servi\u00e7os P\u00fablicos e Infraestrutura<\/p>\n<\/div>\n<p><b>DIREITO AMBIENTAL DAS CIDADES<br \/>\n<\/b>Certificado no\u00a0<a href=\"http:\/\/dgp.cnpq.br\/dgp\/espelhogrupo\/1761080902276292\">Diret\u00f3rio do CNPq<\/a><b><br \/>\n<\/b><strong>Ano de forma\u00e7\u00e3o<\/strong>:\u00a0\u00a02015<br \/>\n<strong>L\u00edder:\u00a0<\/strong><a href=\"http:\/\/lattes.cnpq.br\/2327949554357971\" target=\"_blank\" rel=\"noopener\">Prof. Dr. Edson Ricardo Saleme<br \/>\n<\/a><strong>Contato:\u00a0<\/strong>ricasal@unisantos.br<strong><br \/>\nLinha de Pesquisa<\/strong>:\u00a0Direito e pol\u00edtica da sustentabilidade ambiental e social<\/p>\n<p><strong>DIREITO E POL\u00cdTICA ESPACIAL<\/strong><br \/>\nCertificado no <a href=\"http:\/\/dgp.cnpq.br\/dgp\/espelhogrupo\/2603539732812940\" target=\"_blank\" rel=\"noopener\">Diret\u00f3rio do CNPq<\/a><br \/>\n<strong>Ano de forma\u00e7\u00e3o:<\/strong> 2013<br \/>\n<strong>L\u00edderes<\/strong><a href=\"http:\/\/lattes.cnpq.br\/3050140732454316\" target=\"_blank\" rel=\"noopener\"><br \/>\nProf. Dr. Olavo de Oliveira Bittencourt Neto<br \/>\n<\/a><a href=\"http:\/\/lattes.cnpq.br\/3882417944210278\" target=\"_blank\" rel=\"noopener\">Prof. Dr. Daniel Freire e Almeida<\/a><br \/>\n<a href=\"http:\/\/buscatextual.cnpq.br\/buscatextual\/visualizacv.do?id=K4347080Y0&amp;tokenCaptchar=03AGdBq27Sbf4_HKsJ8W2CoqNemgcHJYRUA9qay9xRmS60JShrFNBJRr3buKCJfPCll6iQdeAaxjjde3jUW6WVZaMYa1Pi_1Es_MdPAONCuwq1Hxf7axlF4rtfAl1seFsYy4tZ1YbmqR5JAmjUE0tisyEjREq9_Et0Q9wYr1dOn1sBeQf-Sy-JjRTZ-WLun9Ck4aqkomKlfooJg_xw92ytWEnTelrLbkOeyXuiLaT9VtGzTJMzbOLYd8FRkoeVHwkyUkmCRz7bK0smVHfbW98fftAyZc8s_E1ISbAfU3wVk8qLnuIKTGoj5uxYD9bkfuJYvPmqeRF7-YQBteYFlPa1Q_2PAKpjY_VBgG0nWQbZAAifK0GLkc_8DxyPzLi0PhJow2u3Ksf78JenegeivEX42H4zBF6vo6PEk7pyEglAqGQCerieBWgrsHZspuUvgnTCZv_-wfFzQloQTl5YF9H5l2fJIdaKccn4nw\" target=\"_blank\" rel=\"noopener\">Prof\u00aa. Dr\u00aa. Gabriela Soldano Garcez<\/a><br \/>\n<strong>Contato:<\/strong> olavo.bittencourt@unisantos.br<br \/>\n<strong>Linha de Pesquisa:<\/strong> Regime jur\u00eddico do espa\u00e7o e astropol\u00edtica<\/p>\n<div>\n<p><strong>DIREITOS HUMANOS E DIREITO COMPARADO<br \/>\n<\/strong><strong>L\u00edderes<br \/>\n<\/strong><a href=\"http:\/\/lattes.cnpq.br\/5585248986676203\">Prof. Dr. Luiz Sales do Nascimento<br \/>\n<\/a><a href=\"http:\/\/lattes.cnpq.br\/9970146269436327\">Prof. Dr. Sylvio Alarcon Estrada Jr.<br \/>\n<\/a><strong>Contato<\/strong>:\u00a0<a href=\"mailto:luiz.sales@unisantos.br\">luiz.sales@unisantos.br<br \/>\n<\/a><strong>Linhas de Pesquisa<br \/>\n<\/strong>1) Direito Internacional dos Direitos Humanos<br \/>\n2) As rela\u00e7\u00f5es pol\u00edtico-institucionais do mundo globalizado<br \/>\n3) Direito Comparado<\/p>\n<p><strong>DIREITOS HUMANOS E VULNERABILIDADES<br \/>\n<\/strong>Certificado no <a href=\"http:\/\/dgp.cnpq.br\/dgp\/espelhogrupo\/5068727653316775\">Diret\u00f3rio do CNPq<\/a><br \/>\n<strong>Ano de forma\u00e7\u00e3o:<\/strong> 2013<br \/>\n<strong>L\u00edderes<br \/>\n<\/strong><a href=\"http:\/\/lattes.cnpq.br\/4858628120867180\">Prof\u00aa. Dr\u00aa. Liliana Lyra Jubilut<\/a><br \/>\n<a href=\"http:\/\/buscatextual.cnpq.br\/buscatextual\/visualizacv.do?id=K4223582Z0&amp;tokenCaptchar=03AGdBq25GXGjhQjx0NVJn6NTHK78-foOayhv_J46jnDSRDE1AaYfefBiRkwjSa5RoQBBJO-iYYyjYORSpBRVk4cjHPaA6VmuP3DXQY17jOl1BIoeicUAUOrN-dkSO9PTVhOEBTGSbE8nSr1vNYPk2o9iQNgRuvKvOvEgZ94ayu8N3x6cQv8k66dvc9CPjiX90FxUfXYj7GdkVQGgKYrw3A1y0YxdrqIwA07EyT_vzp3BzNxIBCP9wjw7HjVZlDIgE5k_dPIO2GxyLsgzpFWqgtUo7kDckFmJeN_vZ6gXBl7yOcmfL4AUr9WCvoFZ7cLh2MVsx1Mwk1OM7IPF-ijB_qqvvKTXHWkvKK5pVJ5Jl5gHbXClDSQHjOc5nRVldgGgx8ARJ9MsyAZaF7-weTgEvz3kGJGg5z1Q-6cgIXjRe9QDdC0_WSlB3higIQMzTAKsJyDuq6hkum2jsvKxqR0u6VRCy6CVEVZyc0w\">Prof\u00aa. Dr\u00aa. Angela Limongi A. Alves<br \/>\n<\/a><a href=\"http:\/\/buscatextual.cnpq.br\/buscatextual\/visualizacv.do?id=K4347080Y0&amp;tokenCaptchar=03AGdBq2432CXgOVArzCDDtSCB0vXiMe73t_cs5bCAbJ2vNenS-gnWeWVZYFicE0jA2Xm1eLBWX2zqCP3V0DkrdrrqGZCANQa2BNS6C4UCn9qOW0DG223nI-383cpdC8UHyFfKtjseU9744_Ve8m2TsXnz2-67URoL98lDZ3Grmb_JKULrEJjbMZ8r-SCDN0D1OLhaSx-hdu2MCUrK1l4282tvZDzL95BU_N1TjgEk6DxRjcHrd1ccggdkN4LbcI-P9Z9wUSjYSB6fRcYiJ4VIXBKi1KF48p6Su3z79AlHYyYI4d52xtQfAVnsrJfWLzTCUDr6pv2SB_aFdE-xk2Jd-RzR1g3Y0r_ucsmvdZc8JkIsBeipAOe1BMUshM50Ct49VvgXjvrn-AdaPBcSjNTH5qzqX_TJ8WUO59D_HFhq6NVNyajFPhhQVovJeoPE1WUtCNYUt1SBDPJ4Q_Ayydt9bxOVpfDQyMALRw\">Prof\u00aa. Dr\u00aa. Gabriela Soldano Garcez<br \/>\n<\/a><a href=\"http:\/\/buscatextual.cnpq.br\/buscatextual\/visualizacv.do?id=K4123408A3&amp;tokenCaptchar=03AGdBq25bOD-CeP-Q0Uv42xzjue_wglxd-QI3RUIPsN7CG4TCUQ9EI8muy_laSwUg9-Ruce9wbrvSILs0aZXMvz5xF-7pcnb-2KTHlUxbwl5JPAe2yHMQNVaaK_h3gdW_mcFSXv6jTtgjboSkrVBl6S281oU6bpuqBxZE4AwcQHOPg12cFPFqkPewWl54Kd-kqmIA0L29pyzznHeyNcON9jp7chFV2TloG3D5M2my8AifCv-zZyaWRV0-fLQOo4LEvx1qhefbFvxA32n9F3_TV-vqd7tIyMBpqV7fn7hMAdwR_Lsjjg4ayTLK6G7Y0p9XE5Cm4bVMwLOPILlPvli_d8hFLmClGbEDf3WuPMIT1znlaLgtZx-VQtnlZ0kAHH7dy43wHw55JTmO-93uHxW9JBguXtt66g1gN6eA3xsbrDoe08Q38Ve-QScvP9ZY6yKeRRpT9PYKFJ-9D9qbGQRjHJne_XyBvCQlpg\">Prof. Dr. Fabiano L. Menezes<\/a><br \/>\n<strong>Contato:<\/strong> liliana.jubilut@unisantos.br<br \/>\n<strong>Linhas de Pesquisa<\/strong><br \/>\n1) Regimes internacionais de direitos humanos<br \/>\n2) Direitos humanos e refugiados<\/p>\n<p><strong>ENERGIA E MEIO AMBIENTE<\/strong><b><strong><br \/>\n<\/strong><\/b>Certificado no<a href=\"http:\/\/dgp.cnpq.br\/dgp\/espelhogrupo\/3805839194944955\">\u00a0Diret\u00f3rio do CNPq<\/a><b><br \/>\n<\/b><strong>Ano de forma\u00e7\u00e3o:\u00a0<\/strong>2010<b><br \/>\n<\/b><strong>L\u00edderes<br \/>\n<\/strong><a href=\"http:\/\/lattes.cnpq.br\/1465711084846988\">Prof. Dr. Fernando Cardozo Fernandes Rei<\/a><br \/>\n<a href=\"http:\/\/buscatextual.cnpq.br\/buscatextual\/visualizacv.do?id=K4706053D4&amp;tokenCaptchar=03AGdBq27u-NTgjpk2jMpUIDT5-HhydKL7-AWfQp1d1G9217JA3VbRdqwLW-YwKVI9v8Lq_0PaMiGkAT0OHEtIjG17xkuCSIzs5KLY6mZhHadNsUFAAEAtg0O9mY_sZbTbhU1dPOMXsiCVwgR6y0pOofWpzOUuSIO-rvlT087gZEOtyWoMgL2fuW3RkLXdSgUj4oOkliOaTAKXh2N2ToFMJqh_yEWozzaDtmrwi1Aw7mlW1heNEYNvOrQ43tIIwIyqwi31zTf4l_qhfXu3uobY26tPSjx53QSnvYjYswLPVJhIXGm7a1RlRhc2t8W5mMe3TrVeXDYZsIObJVLliQRMDRunJe5TPxPoT2RmypOY2LHwa4raRNmRzOYfIfpI3N2TRX_e0kz6NR5Om2A9PrzUEt6Wl3JLl8U9sPKea1DyhAzgtc0rIIOV6gwh3ep9yP3tZHYbpDMjsTYWaKaBXW-i2C8JmAHRjzeZ6A\">Prof. Dr. Fl\u00e1vio de Miranda Ribeiro<\/a><br \/>\n<strong>Contato<\/strong><b>:\u00a0<\/b>fernandorei@unisantos.br<b><strong><br \/>\n<\/strong><\/b><strong>Linhas de Pesquisa<\/strong><b><strong><br \/>\n<\/strong><\/b>1) Fontes renov\u00e1veis<br \/>\n2) Media\u00e7\u00e3o de conflitos socioambientais<br \/>\n3) Medidas de efetividade das pol\u00edticas ambientais e energ\u00e9ticas<br \/>\n4) Petr\u00f3leo e g\u00e1s<\/p>\n<\/div>\n<p><b>GOVERNAN\u00c7A GLOBAL E REGIMES INTERNACIONAIS<br \/>\n<\/b><b><\/b>Certificado no\u00a0<a href=\"dgp.cnpq.br\/dgp\/espelhogrupo\/0140133505770691\">Diret\u00f3rio do CNPq<\/a><br \/>\n<strong>Ano de forma\u00e7\u00e3o:\u00a0<\/strong>2008<br \/>\n<strong>L\u00edderes<br \/>\n<\/strong><a href=\"http:\/\/buscatextual.cnpq.br\/buscatextual\/visualizacv.do?id=K4790864D9\">Prof. Dr. Alcindo Fernandes Gon\u00e7alves<\/a><br \/>\n<a href=\"http:\/\/buscatextual.cnpq.br\/buscatextual\/visualizacv.do?id=K4223582Z0&amp;tokenCaptchar=03AGdBq25GXGjhQjx0NVJn6NTHK78-foOayhv_J46jnDSRDE1AaYfefBiRkwjSa5RoQBBJO-iYYyjYORSpBRVk4cjHPaA6VmuP3DXQY17jOl1BIoeicUAUOrN-dkSO9PTVhOEBTGSbE8nSr1vNYPk2o9iQNgRuvKvOvEgZ94ayu8N3x6cQv8k66dvc9CPjiX90FxUfXYj7GdkVQGgKYrw3A1y0YxdrqIwA07EyT_vzp3BzNxIBCP9wjw7HjVZlDIgE5k_dPIO2GxyLsgzpFWqgtUo7kDckFmJeN_vZ6gXBl7yOcmfL4AUr9WCvoFZ7cLh2MVsx1Mwk1OM7IPF-ijB_qqvvKTXHWkvKK5pVJ5Jl5gHbXClDSQHjOc5nRVldgGgx8ARJ9MsyAZaF7-weTgEvz3kGJGg5z1Q-6cgIXjRe9QDdC0_WSlB3higIQMzTAKsJyDuq6hkum2jsvKxqR0u6VRCy6CVEVZyc0w\" target=\"_blank\" rel=\"noopener\">Prof\u00aa. Dr\u00aa. Angela Limongi A. Alves<br \/>\n<\/a><a href=\"http:\/\/lattes.cnpq.br\/3882417944210278\" target=\"_blank\" rel=\"noopener\">Prof. Dr. Daniel Freire e Almeida<\/a><a href=\"http:\/\/buscatextual.cnpq.br\/buscatextual\/visualizacv.do?id=K4790864D9\"><br \/>\n<\/a><strong>Contato:\u00a0<\/strong>alcindo@unisantos.br<strong><br \/>\nLinhas de Pesquisa<br \/>\n<\/strong>1) Governan\u00e7a e paradiplomacia<br \/>\n2) Governan\u00e7a global<br \/>\n3) Regimes internacionais<\/p>\n<p><strong>LABORAT\u00d3RIO DE SUSTENTABILIDADE (Labsus)<\/strong><br \/>\nCertificado no <a href=\"http:\/\/dgp.cnpq.br\/dgp\/espelhogrupo\/3856845316522363\" target=\"_blank\" rel=\"noopener\">Diret\u00f3rio do CNPq<\/a><br \/>\n<strong>Ano de forma\u00e7\u00e3o:<\/strong> 2011<br \/>\n<strong>L\u00edderes<br \/>\n<\/strong><a href=\"http:\/\/lattes.cnpq.br\/6083166755941748\" target=\"_blank\" rel=\"noopener\">Prof. Dr. Cleber Ferr\u00e3o Corr\u00eaa<\/a><br \/>\n<a href=\"http:\/\/buscatextual.cnpq.br\/buscatextual\/visualizacv.do?id=K4388290A3&amp;tokenCaptchar=03AGdBq27qqVieXum68pQXejxqEg216D0_iUwdGy9OV0oPYUu7WzBIqZoAa5-JXH_h_kjHBYVvHaxkgXhZJPcAbSaZOkJ6FqLwCfj7vWpFFjER0eGxZudwrO64o7ReMQM1ksNs97EFZzabL2HDYIYeMSD4RskNdMYj4u_4t51c19DI9mPOqHdyXTSOtyEqFftrmM6bkHv87O58DUi6s_nB0gc1ZnOTkgCKGPLrBYEvNfhXtQkcWReRNXvHJR-klb1brGaV3kBoiWb2YSxW6A0Ek7YQr-ZF7TmVHkIX5hHSzyaSSWt9bO1Jifatii4O7M1FwkomQXfKMTyMGHRMZVL7ML64yGU2gvrWblEZwO3kVwh_9eMLKeJeeOSipk9Hzr6t0_pnYhmQCibdi1ksNSeAMZwAdAlyFOYtHh7-ggIl0vI89sqVvLeop1WOXVD58-ivtpr1htQASkfL-DT0nCtqSGrEtMB7EUPtZgvWKxqBy_50UIKceqTOENE\" target=\"_blank\" rel=\"noopener\">Prof. Dr. Cesar Bargo Perez<\/a><br \/>\n<a href=\"http:\/\/buscatextual.cnpq.br\/buscatextual\/visualizacv.do?id=K4746008D0&amp;tokenCaptchar=03AGdBq2581xbw4O7P1gqlWmiUFT-8Dxsi5Jt9dh-gYfzuGapyzvyq2gOq9iOHQHAUHpGbfGz4kmCckSEnKuNWfaOJikXzS19dhuXUbn7_bnrIfRd5kF0_94-BgOfWY0TQ7TACotSWxoApCgjiNfkv0kzw0GQwRTRwRpPX9nvl3VhOXEAmiIGWBVsR72c4mV1uc68aTFCpUNune62ZwO1n7nG4d1E65hNgDgms2uccTc0_wCmX9Bjtmi-iJgfKxJIeYC-k1nyx9o76b4PWDQ8BCUY9fqtGFUr1xh7UY7mgYRo0qUB4DHcCjgdgCx2KfRPt0vaiUnoRFDyR6kgiom1f0SLr5Dkt6HO7ki-z_S2EDBv8l8kaHkmuAudlw5E857gzeZGhvpPpIB-SOj5xHOxvp9TM8TE4FNu4YPxlxfos7aRuDtmgUUcV0PstBB500BQLBKCUjN5Co263wsUT7zu5n8KFBWCwTXmzNa12aOw2X6HbQiFHcMx5Bcw\" target=\"_blank\" rel=\"noopener\">Prof. Dr. Oleg Bokhonok<\/a><br \/>\n<strong>Contato:<\/strong> cleberferrao@unisantos.br<br \/>\n<strong>Linhas de Pesquisa<\/strong><br \/>\n1) Avalia\u00e7\u00e3o e gerenciamento de riscos ambientais<br \/>\n2) Patrim\u00f4nio hist\u00f3rico ambiental<br \/>\n3) Projeto e planejamento urbano territorial<\/p>\n<p><strong>M\u00c9TODOS CONSENSUAIS E SOLU\u00c7\u00c3O DE CONFLITOS SOCIOAMBIENTAIS<br \/>\n<\/strong>Certificado no <a href=\"https:\/\/dgp.cnpq.br\/dgp\/espelhogrupo\/1732678770732224\" target=\"_blank\" rel=\"noopener\">Diret\u00f3rio do CNPq<\/a><br \/>\n<strong>Ano de forma\u00e7\u00e3o:<\/strong> 2011<br \/>\n<strong>L\u00edderes:<br \/>\n<\/strong><a href=\"http:\/\/lattes.cnpq.br\/7656359687678517\" target=\"_blank\" rel=\"noopener\">Prof. Dr. Gilberto Passos de Freitas<\/a><br \/>\n<a href=\"http:\/\/lattes.cnpq.br\/9970146269436327\" target=\"_blank\" rel=\"noopener\">Prof. Dr. Sylvio Alarcon Estrada Jr.<\/a><br \/>\n<strong>Contato:<\/strong> gilberto.passo@unisantos.br<br \/>\n<strong>Linhas de Pesquisa:<\/strong><br \/>\n1) Direito e sociobiodiversidade<br \/>\n2) Media\u00e7\u00e3o dos conflitos socioambientais<br \/>\n3) Resolu\u00e7\u00e3o pac\u00edfica de conflitos<\/p>\n<p><b>PATRIM\u00d4NIO E PERTENCIMENTO<br \/>\n<\/b><b><\/b>Certificado no\u00a0<a href=\"http:\/\/dgp.cnpq.br\/dgp\/espelhogrupo\/3800717401390830\" target=\"_blank\" rel=\"noopener\">Diret\u00f3rio do CNPq<\/a><br \/>\n<strong>Ano de forma\u00e7\u00e3o:\u00a0<\/strong>\u00a02015<br \/>\n<strong>L\u00edder:\u00a0<\/strong><a href=\"http:\/\/lattes.cnpq.br\/2327949554357971\" target=\"_blank\" rel=\"noopener\" data-saferedirecturl=\"https:\/\/www.google.com\/url?q=http:\/\/lattes.cnpq.br\/2327949554357971&amp;source=gmail&amp;ust=1629831706321000&amp;usg=AFQjCNGFgXId_ol1AubVfHTHX8_BU2Zj8Q\">Prof. Dr. Cesar Bargo Perez<br \/>\n<\/a><strong>Contato<\/strong>:\u00a0cesar.bargo@unisantos.br<br \/>\n<strong>Linha de Pesquisa<\/strong>: Patrim\u00f4nio Hist\u00f3rico Ambiental<\/p>\n<p><strong>POL\u00cdTICA EDUCACIONAL, DIREITO E DESENVOLVIMENTO<br \/>\n<\/strong>Certificado no <a href=\"http:\/\/dgp.cnpq.br\/dgp\/espelhogrupo\/826107\" target=\"_blank\" rel=\"noopener\">Diret\u00f3rio do CNPq<\/a><br \/>\n<strong>Ano de forma\u00e7\u00e3o<\/strong>: 2025<br \/>\n<strong>L\u00edder<\/strong>: <a href=\"https:\/\/lattes.cnpq.br\/4454580107841126\" target=\"_blank\" rel=\"noopener\">Prof. Dr. F\u00e1bio Sampaio Mascarenhas<\/a><br \/>\n<strong>Contato<\/strong>: f.mascarenhas@unisantos.br<br \/>\n<strong>Linha de Pesquisa<\/strong>: Pol\u00edticas P\u00fablicas Educacionais<\/p>\n","protected":false},"excerpt":{"rendered":"<p>HOR\u00c1RIOS DAS REUNI\u00d5ES GRUPOS DIREITO AMBIENTAL, ESTADO E SOCIEDADE Certificado no Diret\u00f3rio do CNPq L\u00edderes Prof. Dr. Wallace Paiva Martins [&hellip;]<\/p>\n","protected":false},"author":1,"featured_media":0,"parent":112,"menu_order":5,"comment_status":"closed","ping_status":"closed","template":"","meta":{"footnotes":""},"_links":{"self":[{"href":"https:\/\/www.unisantos.br\/pos\/wp-json\/wp\/v2\/pages\/121"}],"collection":[{"href":"https:\/\/www.unisantos.br\/pos\/wp-json\/wp\/v2\/pages"}],"about":[{"href":"https:\/\/www.unisantos.br\/pos\/wp-json\/wp\/v2\/types\/page"}],"author":[{"embeddable":true,"href":"https:\/\/www.unisantos.br\/pos\/wp-json\/wp\/v2\/users\/1"}],"replies":[{"embeddable":true,"href":"https:\/\/www.unisantos.br\/pos\/wp-json\/wp\/v2\/comments?post=121"}],"version-history":[{"count":37,"href":"https:\/\/www.unisantos.br\/pos\/wp-json\/wp\/v2\/pages\/121\/revisions"}],"predecessor-version":[{"id":7219,"href":"https:\/\/www.unisantos.br\/pos\/wp-json\/wp\/v2\/pages\/121\/revisions\/7219"}],"up":[{"embeddable":true,"href":"https:\/\/www.unisantos.br\/pos\/wp-json\/wp\/v2\/pages\/112"}],"wp:attachment":[{"href":"https:\/\/www.unisantos.br\/pos\/wp-json\/wp\/v2\/media?parent=121"}],"curies":[{"name":"wp","href":"https:\/\/api.w.org\/{rel}","templated":true}]}}