{"id":1158,"date":"2019-02-13T15:31:12","date_gmt":"2019-02-13T17:31:12","guid":{"rendered":"https:\/\/www.unisantos.br\/pos\/?page_id=1158"},"modified":"2023-08-14T14:16:58","modified_gmt":"2023-08-14T17:16:58","slug":"a-doutrina-social-da-igreja-e-a-cf-2019-desafios-para-o-humanismo-solidario","status":"publish","type":"page","link":"https:\/\/www.unisantos.br\/pos\/qualificacao\/a-doutrina-social-da-igreja-e-a-cf-2019-desafios-para-o-humanismo-solidario\/","title":{"rendered":"A Doutrina Social da Igreja e a CF 2019: Desafios para o Humanismo Solid\u00e1rio"},"content":{"rendered":"<p><strong>PROFESSOR RESPONS\u00c1VEL<\/strong><br \/>\nProf. Me. Francisco Em\u00edlio Surian<\/p>\n<p><strong>CARGA HOR\u00c1RIA<\/strong><br \/>\n8 h\/a<\/p>\n<p><strong>LOCAL<\/strong><br \/>\nCampus Dom Id\u00edlio Jos\u00e9 Soares<\/p>\n<p><strong>OBJETIVOS<\/strong><br \/>\n&#8211; Estudar a Doutrina Social da Igreja, no contexto da Campanha da Fraternidade 2019 &#8211; Fraternidade e Pol\u00edticas P\u00fablicas &#8211; para fortalecer a cidadania e o bem comum entre os crist\u00e3os.<br \/>\n&#8211; Apresentar os conceitos-chave do Humanismo Solid\u00e1rio como base para elabora\u00e7\u00e3o de pol\u00edticas p\u00fablicas que gerem solidariedade, partilha e comunh\u00e3o.<\/p>\n<p><strong>P\u00daBLICO-ALVO<\/strong><br \/>\nAlunos e ex-alunos do Curso de Teologia S\u00e3o Jos\u00e9 de Anchieta, agentes das pastorais sociais, professores e interessados em geral.<\/p>\n<p><strong>CONTE\u00daDO<\/strong><br \/>\nApresenta\u00e7\u00e3o geral do curso;<br \/>\nConceitos-chave de Humanismo Solid\u00e1rio no contexto da sociedade atual;<br \/>\nDoutrina Social da Igreja: Origem, princ\u00edpios e fundamento da participa\u00e7\u00e3o dos crist\u00e3os na vida social;<br \/>\nHumanismo solid\u00e1rio e Doutrina Social no pensamento do Papa Francisco (Evangelii Gaudium);<br \/>\nCampanha da Fraternidade e Pol\u00edticas P\u00fablicas: a corresponsabilidade do crist\u00e3o pela vida na sociedade.<\/p>\n<p><strong>OBSERVA\u00c7\u00d5ES<\/strong><br \/>\nA Universidade se reserva o direito de alterar o cronograma e o corpo docente.<br \/>\nDocumenta\u00e7\u00e3o necess\u00e1ria para quem n\u00e3o \u00e9 aluno da Cat\u00f3lica de Santos: c\u00f3pias do RG, CPF, certid\u00e3o de nascimento ou casamento.<br \/>\nA inscri\u00e7\u00e3o presencial s\u00f3 poder\u00e1 ser efetuada pelo interessado no curso, ou por pessoa munida de procura\u00e7\u00e3o autenticada em cart\u00f3rio.<br \/>\nA efetiva\u00e7\u00e3o da matr\u00edcula est\u00e1 condicionada ao pagamento do boleto da 1\u00aa. parcela e entrega da documenta\u00e7\u00e3o exigida.<\/p>\n<p><strong>OUTRAS INFORMA\u00c7\u00d5ES<\/strong><br \/>\nDepartamento de Atendimento Integrado<br \/>\nTelefones: (13) 3205-5555<br \/>\nE-mail: dat@unisantos.br<\/p>\n","protected":false},"excerpt":{"rendered":"<p>PROFESSOR RESPONS\u00c1VEL Prof. Me. Francisco Em\u00edlio Surian CARGA HOR\u00c1RIA 8 h\/a LOCAL Campus Dom Id\u00edlio Jos\u00e9 Soares OBJETIVOS &#8211; Estudar [&hellip;]<\/p>\n","protected":false},"author":1,"featured_media":0,"parent":399,"menu_order":0,"comment_status":"closed","ping_status":"closed","template":"","meta":{"footnotes":""},"_links":{"self":[{"href":"https:\/\/www.unisantos.br\/pos\/wp-json\/wp\/v2\/pages\/1158"}],"collection":[{"href":"https:\/\/www.unisantos.br\/pos\/wp-json\/wp\/v2\/pages"}],"about":[{"href":"https:\/\/www.unisantos.br\/pos\/wp-json\/wp\/v2\/types\/page"}],"author":[{"embeddable":true,"href":"https:\/\/www.unisantos.br\/pos\/wp-json\/wp\/v2\/users\/1"}],"replies":[{"embeddable":true,"href":"https:\/\/www.unisantos.br\/pos\/wp-json\/wp\/v2\/comments?post=1158"}],"version-history":[{"count":10,"href":"https:\/\/www.unisantos.br\/pos\/wp-json\/wp\/v2\/pages\/1158\/revisions"}],"predecessor-version":[{"id":5549,"href":"https:\/\/www.unisantos.br\/pos\/wp-json\/wp\/v2\/pages\/1158\/revisions\/5549"}],"up":[{"embeddable":true,"href":"https:\/\/www.unisantos.br\/pos\/wp-json\/wp\/v2\/pages\/399"}],"wp:attachment":[{"href":"https:\/\/www.unisantos.br\/pos\/wp-json\/wp\/v2\/media?parent=1158"}],"curies":[{"name":"wp","href":"https:\/\/api.w.org\/{rel}","templated":true}]}}