{"id":1107,"date":"2018-12-21T12:49:20","date_gmt":"2018-12-21T14:49:20","guid":{"rendered":"https:\/\/www.unisantos.br\/pos\/?page_id=1107"},"modified":"2024-12-23T08:40:54","modified_gmt":"2024-12-23T11:40:54","slug":"lingua-e-cultura-indigena-tupi-guarani","status":"publish","type":"page","link":"https:\/\/www.unisantos.br\/pos\/centro-de-linguas\/lingua-e-cultura-indigena-tupi-guarani\/","title":{"rendered":"L\u00edngua e Cultura Ind\u00edgena Tupi-Guarani"},"content":{"rendered":"<p><strong>PROFESSOR RESPONS\u00c1VEL<br \/>\n<\/strong>Ubirat\u00e3 Jorge de Souza Gomes<\/p>\n<p><strong>CARGA HOR\u00c1RIA<br \/>\n<\/strong>30 h\/a<\/p>\n<p><strong>LOCAL<br \/>\n<\/strong>Campus Dom Id\u00edlio Jos\u00e9 Soares<\/p>\n<p><strong>OBJETIVO<br \/>\n<\/strong>Aprender vocabul\u00e1rio do Tupi-Guarani e saber utiliz\u00e1-lo em pequenas frases empregadas no dia a dia, al\u00e9m de conhecer um pouco mais sobre a cultura tradicional Tupi.<\/p>\n<p><strong>P\u00daBLICO-ALVO<br \/>\n<\/strong>Estudantes da gradua\u00e7\u00e3o e demais interessados em conhecer a l\u00edngua Tupi.<\/p>\n<p><strong>CONTE\u00daDO<br \/>\n<\/strong>Apresenta\u00e7\u00e3o do curso b\u00e1sico Tupi- Guarani;<br \/>\nAtividade pr\u00e1tica (Cada um aprender\u00e1 a se apresentar na l\u00edngua Tupi-Guarani);<br \/>\nDi\u00e1logos b\u00e1sicos em l\u00edngua ind\u00edgena &#8211; Tema: casa.<br \/>\nRoda de conversa (Relembrar aula anterior);<br \/>\nDi\u00e1logo tem\u00e1tico \u2013 Atribui\u00e7\u00e3o do nome;<br \/>\nVocabul\u00e1rio \u2013 Batizado;<br \/>\nAtividade l\u00fadica \u2013 Batata quente.<br \/>\nRoda de conversa (Relembrar aula anterior);<br \/>\nDi\u00e1logo tem\u00e1tico \u2013 Nascimento;<br \/>\nVocabul\u00e1rio;<br \/>\nAtividade l\u00fadica \u2013 Corrida.<br \/>\nRoda de conversa (relembrar aula anterior);<br \/>\nDi\u00e1logo tem\u00e1tico \u2013 Alimenta\u00e7\u00e3o;<br \/>\nHist\u00f3ria tradicional \u2013 Batata;<br \/>\nVocabul\u00e1rio.<br \/>\nRoda de conversa (relembrar aula anterior);<br \/>\nDi\u00e1logo tem\u00e1tico \u2013 colheita;<br \/>\nAssociar palavras \u2013 Tupi-Guarani\/Portugu\u00eas.<br \/>\nRoda de conversa (relembrar aula anterior);<br \/>\nTema \u2013 colheita;<br \/>\nCa\u00e7a-palavras.<br \/>\nRoda de conversa (relembrar aula anterior);<br \/>\nTema \u2013 Colheita;<br \/>\nCruzadinha.<br \/>\nRoda de conversa (relembrar aula anterior);<br \/>\nHist\u00f3ria tradicional \u2013 Batizado;<br \/>\nVocabul\u00e1rio.<br \/>\nRoda de conversa (relembrar aula anterior);<br \/>\nCantiga \u2013 Eu tenho uma casinha, O sapo n\u00e3o lava o p\u00e9;<br \/>\nVocabul\u00e1rio- Tupi-Guarani\/Portugu\u00eas.<br \/>\nRoda de conversa (relembrar aula anterior);<br \/>\nCantiga \u2013 Grande pequeno\/Pulando Pulando;<br \/>\nVocabul\u00e1rio.<br \/>\nRoda de conversa (relembrar aula anterior);<br \/>\nM\u00fasica\u00a0 tradicional \u2013 Perna Torta;<br \/>\nVocabul\u00e1rio.<br \/>\nRoda de conversa (relembrar aula anterior);<br \/>\nM\u00fasica \u2013 Vers\u00e3o m\u00fasica popular em Tupi- Guarani \u2013 Indiferen\u00e7a;<br \/>\nVocabul\u00e1rio.<br \/>\nRoda de conversa (relembrar aula anterior);<br \/>\nM\u00fasica \u2013 Vers\u00e3o em Tupi-Guarani \u2013 Dormi na pra\u00e7a;<br \/>\nVocabul\u00e1rio.<br \/>\nRoda de conversa (relembrar aula anterior);<br \/>\nDi\u00e1logo sobre nosso corpo;<br \/>\nVocabul\u00e1rio.<br \/>\nRoda de conversa (relembrar aula anterior);<br \/>\nHist\u00f3ria tradicional \u2013 Urut\u00e1gwa;<br \/>\nVocabul\u00e1rio.<\/p>\n<p><strong>OBSERVA\u00c7\u00d5ES<br \/>\n<\/strong>A Universidade se reserva o direito de alterar o cronograma e o corpo docente.<br \/>\nDocumenta\u00e7\u00e3o necess\u00e1ria para quem n\u00e3o \u00e9 aluno da Cat\u00f3lica de Santos: c\u00f3pias do RG, CPF, certid\u00e3o de nascimento ou casamento.<br \/>\nA inscri\u00e7\u00e3o presencial s\u00f3 poder\u00e1 ser efetuada pelo interessado no curso, ou por pessoa munida de procura\u00e7\u00e3o autenticada em cart\u00f3rio.<br \/>\nA efetiva\u00e7\u00e3o da matr\u00edcula est\u00e1 condicionada ao pagamento do boleto da 1\u00aa. parcela e entrega da documenta\u00e7\u00e3o exigida.<\/p>\n<p><strong>OUTRAS INFORMA\u00c7\u00d5ES<br \/>\n<\/strong>Departamento de Atendimento Integrado<br \/>\nTelefones: (13) 3205-5555<br \/>\nE-mail: dat@unisantos.br<\/p>\n","protected":false},"excerpt":{"rendered":"<p>PROFESSOR RESPONS\u00c1VEL Ubirat\u00e3 Jorge de Souza Gomes CARGA HOR\u00c1RIA 30 h\/a LOCAL Campus Dom Id\u00edlio Jos\u00e9 Soares OBJETIVO Aprender vocabul\u00e1rio [&hellip;]<\/p>\n","protected":false},"author":1,"featured_media":0,"parent":397,"menu_order":0,"comment_status":"closed","ping_status":"closed","template":"","meta":{"footnotes":""},"_links":{"self":[{"href":"https:\/\/www.unisantos.br\/pos\/wp-json\/wp\/v2\/pages\/1107"}],"collection":[{"href":"https:\/\/www.unisantos.br\/pos\/wp-json\/wp\/v2\/pages"}],"about":[{"href":"https:\/\/www.unisantos.br\/pos\/wp-json\/wp\/v2\/types\/page"}],"author":[{"embeddable":true,"href":"https:\/\/www.unisantos.br\/pos\/wp-json\/wp\/v2\/users\/1"}],"replies":[{"embeddable":true,"href":"https:\/\/www.unisantos.br\/pos\/wp-json\/wp\/v2\/comments?post=1107"}],"version-history":[{"count":8,"href":"https:\/\/www.unisantos.br\/pos\/wp-json\/wp\/v2\/pages\/1107\/revisions"}],"predecessor-version":[{"id":6550,"href":"https:\/\/www.unisantos.br\/pos\/wp-json\/wp\/v2\/pages\/1107\/revisions\/6550"}],"up":[{"embeddable":true,"href":"https:\/\/www.unisantos.br\/pos\/wp-json\/wp\/v2\/pages\/397"}],"wp:attachment":[{"href":"https:\/\/www.unisantos.br\/pos\/wp-json\/wp\/v2\/media?parent=1107"}],"curies":[{"name":"wp","href":"https:\/\/api.w.org\/{rel}","templated":true}]}}