{"id":1035,"date":"2018-12-11T12:28:52","date_gmt":"2018-12-11T14:28:52","guid":{"rendered":"https:\/\/www.unisantos.br\/pos\/?page_id=1035"},"modified":"2025-08-15T17:21:12","modified_gmt":"2025-08-15T20:21:12","slug":"frances-intermediario-i","status":"publish","type":"page","link":"https:\/\/www.unisantos.br\/pos\/centro-de-linguas\/frances-intermediario-i\/","title":{"rendered":"Franc\u00eas Intermedi\u00e1rio I"},"content":{"rendered":"<p><strong>PROFESSORA RESPONS\u00c1VEL<\/strong><br \/>\nProf\u00aa. Dr\u00aa. Rosa Maria Valente Fernandes<\/p>\n<p><strong>CARGA HOR\u00c1RIA<\/strong><br \/>\n30 h\/a<\/p>\n<p><strong>LOCAL<\/strong><br \/>\nCampus Dom Id\u00edlio Jos\u00e9 Soares<\/p>\n<p><strong>OBJETIVO<\/strong><br \/>\nAprofundar os conhecimentos adquiridos no n\u00edvel b\u00e1sico das duas habilidades lingu\u00edsticas passivas ou de recep\u00e7\u00e3o (compreens\u00e3o oral e leitura) e das duas ativas ou de produ\u00e7\u00e3o (fala e escrita).<\/p>\n<p><strong>P\u00daBLICO-ALVO<\/strong><br \/>\nComunidade acad\u00eamica e p\u00fablico em geral da Baixada Santista.<\/p>\n<p><strong>CONTE\u00daDO<br \/>\n<\/strong>Programme. Le Pass\u00e9 compos\u00e9\/ l\u2019 Imparfait\/R\u00e9vision. Exprimer la certitude, l\u2019 approbation et l\u2019 indiff\u00e9rence<br \/>\nLe pass\u00e9 r\u00e9cent. Raconter une exp\u00e9rience personnel (production orale et \u00e9crite)<br \/>\nExprimer et demander um point de vue\/Exprimer l\u2019 intention de faire quelque chose. Le pronoms possessifs<br \/>\nPrendre position sur un forum (production orale et \u00e9crite). Justifier un choix\/Exprimer la restriction<br \/>\nLe subjonctif. La restriction.<br \/>\nJustifier un choix par courriel. Les doubles pronoms.<br \/>\nExprimer le fait d\u2019 aimer, la joie et la tristesse\/ Comparer. Les suffixes\/le comparatif<br \/>\nLes accords du participe pass\u00e9.<br \/>\nR\u00e9vision<br \/>\nExamen<br \/>\nExprimer la peur\/la surprise. Le plus que parfait.<br \/>\n\u00c9crire un r\u00e9cit \u00e0 partir d\u2019une situation illustr\u00e9e (production \u00e9crite)<br \/>\nPr\u00e9sentation des travaux.<br \/>\nLes r\u00e9gions de France et ses \u00e9crivains. Po\u00e9sies chant\u00e9es.<br \/>\nBilan du semestre<\/p>\n<p><strong>OBSERVA\u00c7\u00d5ES<\/strong><br \/>\nA Universidade se reserva o direito de alterar o cronograma e o corpo docente.<br \/>\nDocumenta\u00e7\u00e3o necess\u00e1ria para quem n\u00e3o \u00e9 aluno da Cat\u00f3lica de Santos: c\u00f3pias do RG, CPF, certid\u00e3o de nascimento ou casamento.<br \/>\nA inscri\u00e7\u00e3o presencial s\u00f3 poder\u00e1 ser efetuada pelo interessado no curso, ou por pessoa munida de procura\u00e7\u00e3o autenticada em cart\u00f3rio.<br \/>\nA efetiva\u00e7\u00e3o da matr\u00edcula est\u00e1 condicionada ao pagamento do boleto da 1\u00aa. parcela e entrega da documenta\u00e7\u00e3o exigida.<\/p>\n<p><strong>OUTRAS INFORMA\u00c7\u00d5ES<\/strong><br \/>\nDepartamento de Atendimento Integrado<br \/>\nTelefones: (13) 3205-5555<br \/>\nE-mail: dat@unisantos.br<\/p>\n","protected":false},"excerpt":{"rendered":"<p>PROFESSORA RESPONS\u00c1VEL Prof\u00aa. Dr\u00aa. Rosa Maria Valente Fernandes CARGA HOR\u00c1RIA 30 h\/a LOCAL Campus Dom Id\u00edlio Jos\u00e9 Soares OBJETIVO Aprofundar [&hellip;]<\/p>\n","protected":false},"author":1,"featured_media":0,"parent":397,"menu_order":0,"comment_status":"closed","ping_status":"closed","template":"","meta":{"footnotes":""},"_links":{"self":[{"href":"https:\/\/www.unisantos.br\/pos\/wp-json\/wp\/v2\/pages\/1035"}],"collection":[{"href":"https:\/\/www.unisantos.br\/pos\/wp-json\/wp\/v2\/pages"}],"about":[{"href":"https:\/\/www.unisantos.br\/pos\/wp-json\/wp\/v2\/types\/page"}],"author":[{"embeddable":true,"href":"https:\/\/www.unisantos.br\/pos\/wp-json\/wp\/v2\/users\/1"}],"replies":[{"embeddable":true,"href":"https:\/\/www.unisantos.br\/pos\/wp-json\/wp\/v2\/comments?post=1035"}],"version-history":[{"count":8,"href":"https:\/\/www.unisantos.br\/pos\/wp-json\/wp\/v2\/pages\/1035\/revisions"}],"predecessor-version":[{"id":6972,"href":"https:\/\/www.unisantos.br\/pos\/wp-json\/wp\/v2\/pages\/1035\/revisions\/6972"}],"up":[{"embeddable":true,"href":"https:\/\/www.unisantos.br\/pos\/wp-json\/wp\/v2\/pages\/397"}],"wp:attachment":[{"href":"https:\/\/www.unisantos.br\/pos\/wp-json\/wp\/v2\/media?parent=1035"}],"curies":[{"name":"wp","href":"https:\/\/api.w.org\/{rel}","templated":true}]}}