{"id":1032,"date":"2018-12-11T12:24:12","date_gmt":"2018-12-11T14:24:12","guid":{"rendered":"https:\/\/www.unisantos.br\/pos\/?page_id=1032"},"modified":"2026-03-16T22:42:47","modified_gmt":"2026-03-17T01:42:47","slug":"frances-basico-i","status":"publish","type":"page","link":"https:\/\/www.unisantos.br\/pos\/centro-de-linguas\/frances-basico-i\/","title":{"rendered":"Franc\u00eas B\u00e1sico I"},"content":{"rendered":"<p><strong><img loading=\"lazy\" decoding=\"async\" class=\"size-full wp-image-2969 alignright\" src=\"https:\/\/www.unisantos.br\/pos\/wp-content\/uploads\/sites\/5\/2020\/08\/selo-curso-confirmado.png\" alt=\"\" width=\"106\" height=\"106\" \/>PROFESSORA RESPONS\u00c1VEL<br \/>\n<\/strong>Prof\u00aa. Dr\u00aa. Vanina Carrara Sigrist<\/p>\n<p><strong>CARGA HOR\u00c1RIA<\/strong><br \/>\n30 h\/a<\/p>\n<p><strong>DIA<\/strong><br \/>\nTer\u00e7a-feira<\/p>\n<p><strong>IN\u00cdCIO<\/strong><br \/>\n17\/03\/2026<\/p>\n<p><strong>T\u00c9RMINO<\/strong><br \/>\n23\/06\/2026<\/p>\n<p><strong>HOR\u00c1RIO<\/strong><br \/>\nDas 16h30 \u00e0s 18h30<\/p>\n<p><strong>LOCAL<\/strong><br \/>\nCampus Dom Id\u00edlio Jos\u00e9 Soares<\/p>\n<p><strong>INVESTIMENTO<\/strong><br \/>\n4 parcelas de R$ 170,00 para alunos e ex-alunos formados na UniSantos<br \/>\n4 parcelas de R$ 200,00 para demais interessados<\/p>\n<p><strong>OBJETIVOS<\/strong><br \/>\nEstabelecer contato com a l\u00edngua e a cultura francesa.<br \/>\nIniciar a pr\u00e1tica oral centrada nos atos da fala e o desenvolvimento de uma compet\u00eancia em produ\u00e7\u00e3o razo\u00e1vel em produ\u00e7\u00e3o escrita.<\/p>\n<p><strong>P\u00daBLICO-ALVO<\/strong><br \/>\nComunidade acad\u00eamica e p\u00fablico em geral da Baixada Santista.<\/p>\n<p><strong>CONTE\u00daDO<br \/>\n<\/strong>Se saluer\/se pr\u00e9senter. Tu\/Vous? Formules de politesse.<br \/>\nLes jours de la semaine\/Nombres de 0 a 10. Se pr\u00e9senter sur une blogue ( production \u00e9crite).<br \/>\nRemplir des fiches. Les adjectifs possessifs.<br \/>\nVerbes \u00eatre\/avoir. Nombres de 11 a 69.<br \/>\nRemplir un ch\u00e8que bancaire. Exprimer ses go\u00fbts.<br \/>\nVerbe aller et verbes en ER. Nombres apr\u00e8s 69.<br \/>\nJeux. Parler de ses projets ( production \u00e9crite).<br \/>\nR\u00e9vision.<br \/>\nExamen.<br \/>\nParler d\u2019 actions pass\u00e9es. Le Pass\u00e9 Compos\u00e9.<br \/>\nLe Pass\u00e9 Compos\u00e9. Imaginer et raconter au pass\u00e9.<br \/>\nProposer\/ accepter\/refuser. Les articles definis et ind\u00e9finis.<br \/>\nLe pluriel. Les mois de l\u00b4ann\u00e9e; l\u00b4heure.<br \/>\nPr\u00e9sentation des travaux.<br \/>\nJeux\/chansons et po\u00e9sies. Bilan du semestre.<\/p>\n<p><strong>OBSERVA\u00c7\u00d5ES<\/strong><br \/>\nA Universidade se reserva o direito de alterar o cronograma e o corpo docente.<br \/>\nDocumenta\u00e7\u00e3o necess\u00e1ria para quem n\u00e3o \u00e9 aluno da Cat\u00f3lica de Santos: c\u00f3pias do RG, CPF, certid\u00e3o de nascimento ou casamento.<br \/>\nA inscri\u00e7\u00e3o presencial s\u00f3 poder\u00e1 ser efetuada pelo interessado no curso, ou por pessoa munida de procura\u00e7\u00e3o autenticada em cart\u00f3rio.<br \/>\nA efetiva\u00e7\u00e3o da matr\u00edcula est\u00e1 condicionada ao pagamento do boleto da 1\u00aa. parcela e entrega da documenta\u00e7\u00e3o exigida.<\/p>\n<p><strong>OUTRAS INFORMA\u00c7\u00d5ES<\/strong><br \/>\nDepartamento de Atendimento Integrado<br \/>\nTelefones: (13) 3205-5555<br \/>\nE-mail: dat@unisantos.br<\/p>\n<p>&nbsp;<\/p>\n","protected":false},"excerpt":{"rendered":"<p>PROFESSORA RESPONS\u00c1VEL Prof\u00aa. Dr\u00aa. Vanina Carrara Sigrist CARGA HOR\u00c1RIA 30 h\/a DIA Ter\u00e7a-feira IN\u00cdCIO 17\/03\/2026 T\u00c9RMINO 23\/06\/2026 HOR\u00c1RIO Das 16h30 [&hellip;]<\/p>\n","protected":false},"author":1,"featured_media":0,"parent":397,"menu_order":0,"comment_status":"closed","ping_status":"closed","template":"","meta":{"footnotes":""},"_links":{"self":[{"href":"https:\/\/www.unisantos.br\/pos\/wp-json\/wp\/v2\/pages\/1032"}],"collection":[{"href":"https:\/\/www.unisantos.br\/pos\/wp-json\/wp\/v2\/pages"}],"about":[{"href":"https:\/\/www.unisantos.br\/pos\/wp-json\/wp\/v2\/types\/page"}],"author":[{"embeddable":true,"href":"https:\/\/www.unisantos.br\/pos\/wp-json\/wp\/v2\/users\/1"}],"replies":[{"embeddable":true,"href":"https:\/\/www.unisantos.br\/pos\/wp-json\/wp\/v2\/comments?post=1032"}],"version-history":[{"count":51,"href":"https:\/\/www.unisantos.br\/pos\/wp-json\/wp\/v2\/pages\/1032\/revisions"}],"predecessor-version":[{"id":7220,"href":"https:\/\/www.unisantos.br\/pos\/wp-json\/wp\/v2\/pages\/1032\/revisions\/7220"}],"up":[{"embeddable":true,"href":"https:\/\/www.unisantos.br\/pos\/wp-json\/wp\/v2\/pages\/397"}],"wp:attachment":[{"href":"https:\/\/www.unisantos.br\/pos\/wp-json\/wp\/v2\/media?parent=1032"}],"curies":[{"name":"wp","href":"https:\/\/api.w.org\/{rel}","templated":true}]}}