{"id":1205,"date":"2023-09-16T00:33:47","date_gmt":"2023-09-16T03:33:47","guid":{"rendered":"https:\/\/www.unisantos.br\/observacbhbs\/?page_id=1205"},"modified":"2023-09-16T00:47:23","modified_gmt":"2023-09-16T03:47:23","slug":"i-forum-de-politicas-publicas-sobre-recursos-hidricos","status":"publish","type":"page","link":"https:\/\/www.unisantos.br\/observacbhbs\/eventos-cientificos\/i-forum-de-politicas-publicas-sobre-recursos-hidricos\/","title":{"rendered":"I F\u00f3rum de Pol\u00edticas P\u00fablicas sobre Recursos H\u00eddricos"},"content":{"rendered":"<p><strong>EXPERI\u00caNCIAS INTERNACIONAIS EM GEST\u00c3O E A IMPLEMENTA\u00c7\u00c3O DO PLANO DE BACIAS H\u00cdDRICAS DA BAIXADA SANTISTA<\/strong><\/p>\n<p>De 4 a 5 de novembro de 2021<\/p>\n<p><strong>Programa\u00e7\u00e3o do dia 4\/11<\/strong><\/p>\n<p>Veja no <strong><a href=\"https:\/\/www.youtube.com\/watch?v=RvSGG3qCZWE\" target=\"_blank\" rel=\"noopener\">canal do YouTube da UNISANTOS<\/a>\u00a0<\/strong><\/p>\n<p><strong>9h<\/strong><br \/>\n<strong>Mesa 1: Situa\u00e7\u00e3o dos Recursos H\u00eddricos na Baixada Santista<\/strong><br \/>\nEmenta: Desafios para a implementa\u00e7\u00e3o da Pol\u00edtica Estadual de Recursos H\u00eddricos. Indica\u00e7\u00e3o dos problemas enfrentados na Baixada Santista que afetam a qualidade da \u00e1gua.<br \/>\nCoordena\u00e7\u00e3o: <strong>Prof\u00aa. Dr\u00aa. Maria Luiza Machado Granziera<\/strong> \u2013 Programa de P\u00f3s-Gradua\u00e7\u00e3o Stricto Sensu em Direito da Universidade Cat\u00f3lica de Santos<br \/>\n<strong><em>\u2013 A implementa\u00e7\u00e3o das pol\u00edticas de recursos h\u00eddricos e saneamento b\u00e1sico<\/em><\/strong><br \/>\n<strong>Rui Brasil Assis<\/strong> \u2013 Coordenador de Recursos H\u00eddricos da Secretaria Estadual de Energia e Recursos H\u00eddricos<br \/>\n<strong>Samuel Roiphe Barr\u00eato<\/strong> \u2013 Brazil Conservation Manager, The Nature Conservancy<br \/>\n<em><strong>\u2013 Qualidade da \u00e1gua na Ba\u00eda de Santos<\/strong><\/em><br \/>\n<strong>Claudia Conde Lamparelli<\/strong> \u2013 Companhia Ambiental do Estado de S\u00e3o Paulo \u2013 Cetesb<\/p>\n<p><strong>12h<\/strong><br \/>\nAlmo\u00e7o<\/p>\n<p><strong>14h<\/strong><br \/>\n<strong>Mesa 2: Participa\u00e7\u00e3o do Comit\u00ea de Bacia Hidrogr\u00e1fica da Baixada Santista<\/strong><br \/>\nEmenta: A import\u00e2ncia da governan\u00e7a na implementa\u00e7\u00e3o das pol\u00edticas de \u00e1guas, no \u00e2mbito dos Comit\u00eas de Bacia Hidrogr\u00e1fica<br \/>\nCoordena\u00e7\u00e3o: <strong>Prof. Dr. Cl\u00e9ber Ferr\u00e3o Correa<\/strong> \u2013 Programa de P\u00f3s-Gradua\u00e7\u00e3o Stricto Sensu em Direito da Universidade Cat\u00f3lica de Santos<br \/>\n<em><strong>\u2013 O papel dos comit\u00eas na implanta\u00e7\u00e3o das Pol\u00edticas de Recursos H\u00eddricos<\/strong><\/em><br \/>\n<strong>Prof. Dr. Volney Zanardi Junior<\/strong> \u2013 Especialista em Recursos H\u00eddricos da Ag\u00eancia Nacional de \u00c1guas (ANA)<br \/>\n<em><strong>\u2013 Os desafios da Gest\u00e3o de Recursos H\u00eddricos<\/strong><\/em><br \/>\n<strong>S\u00e9rgio Razera<\/strong> \u2013 Diretor-presidente da Ag\u00eancia das Bacias PCJ<br \/>\nDebatedor: <strong>Renan Braga Ribeiro<\/strong> \u2013 N\u00facleo de Pesquisas Hidrodin\u00e2micas da Unisanta<\/p>\n<p><strong>16h<\/strong><br \/>\nCoffee break<\/p>\n<p><strong>16h30<\/strong><br \/>\n<strong>Mesa 3: Planejamento e Gest\u00e3o<\/strong><br \/>\nEmenta: o papel do planejamento na gest\u00e3o de recursos h\u00eddricos<br \/>\nCoordena\u00e7\u00e3o: <strong>Prof. Dr. Alcindo Gon\u00e7alves<\/strong> \u2013 Coordenador do Programa de P\u00f3s-Gradua\u00e7\u00e3o Stricto Sensu em Direito da Universidade Cat\u00f3lica de Santos<br \/>\n\u2013 <em><strong>Planejamento de recursos h\u00eddricos: O Plano de Bacia Hidrogr\u00e1fica e revis\u00f5es como instrumentos das Pol\u00edticas de Recursos H\u00eddricos<\/strong><\/em><br \/>\n<strong>Prof. Dr. Patrick Alain Laigneau<\/strong> \u2013 Consultor e pesquisador em gest\u00e3o de \u00e1guas<br \/>\n<strong>Eduardo Cuoco L\u00e9o<\/strong> \u2013 Coordenador de Sistema de Informa\u00e7\u00f5es da Funda\u00e7\u00e3o da Ag\u00eancia das Bacias PCJ<\/p>\n<p><strong>Programa\u00e7\u00e3o do dia 5\/11<\/strong><br \/>\nVeja no <a href=\"https:\/\/www.youtube.com\/watch?v=YpEkghXWnoM&amp;t=10486s\" target=\"_blank\" rel=\"noopener\"><strong>canal do YouTube da UNISANTOS<\/strong><\/a><\/p>\n<p><strong>8h30<\/strong><br \/>\n<strong>Mesa 4: Eventos Clim\u00e1ticos Cr\u00edticos \u2013 Inunda\u00e7\u00f5es e ressaca<\/strong><br \/>\nEmenta: Os impactos das mudan\u00e7as do clima em \u00e1reas costeiras. Desafios para a gest\u00e3o.<br \/>\nCoordena\u00e7\u00e3o: <strong>Prof\u00aa. Dr\u00aa. Maria Fernanda Britto Neves<\/strong> \u2013 Programa de P\u00f3s-Gradua\u00e7\u00e3o Stricto Sensu em Direito da Universidade Cat\u00f3lica de Santos<br \/>\n\u2013 <em><strong>Mudan\u00e7as Clim\u00e1ticas e Recursos H\u00eddricos<\/strong><\/em><br \/>\n<strong>Prof. Dr. Oswaldo dos Santos Lucon<\/strong> \u2013 Coordenador do F\u00f3rum Brasileiro de Mudan\u00e7a do Clima \u2013 Secretaria de Infraestrutura e Meio Ambiente de S\u00e3o Paulo<br \/>\n\u2013 <em><strong>A ressaca na Baixada Santista<\/strong><\/em><br \/>\n<strong>Prof\u00aa. Dr\u00aa. Luc\u00ed Hidalgo Nunes<\/strong> \u2013 Membro da Academie Royale des Sciences D Outre-Mer, B\u00e9lgica<\/p>\n<p><strong>12h<\/strong><br \/>\nAlmo\u00e7o<\/p>\n<p><strong>14h<\/strong><br \/>\n<strong>Mesa 5: Planos Municipais de Saneamento B\u00e1sico<\/strong><br \/>\nEmenta: As interfaces entre os planos de saneamento b\u00e1sico e de recursos h\u00eddricos no \u00e2mbito das bacias hidrogr\u00e1ficas.<br \/>\nCoordena\u00e7\u00e3o: <strong>Prof. Dr. Jos\u00e9 Marques Carri\u00e7o<\/strong> \u2013 Programa de P\u00f3s-Gradua\u00e7\u00e3o Stricto Sensu em Direito da Universidade Cat\u00f3lica de Santos<br \/>\n<strong>Prof. Dr. Marco Ant\u00f4nio Palermo<\/strong> \u2013 Coordenador da Secretaria Municipal de Urbanismo e Licenciamento \u2013 Prefeitura de S\u00e3o Paulo<br \/>\n<strong>Antonio Carlos dos Santos<\/strong> \u2013 Companhia de Saneamento B\u00e1sico do Estado de S\u00e3o Paulo (Sabesp)<\/p>\n<p><strong>15h30<\/strong><br \/>\nCoffee break<\/p>\n<p><strong>16h<\/strong><br \/>\n<strong>Mesa 6: Arranjo institucional para implementa\u00e7\u00e3o do PBH-BS 2016-2027<\/strong><br \/>\nEmenta: Os desafios para a implementa\u00e7\u00e3o do Plano de Bacia Hidrogr\u00e1fica da Baixada Santista, frente aos problemas de saneamento b\u00e1sico. Experi\u00eancia internacional.<br \/>\nCoordena\u00e7\u00e3o: <strong>Prof\u00aa. Dr\u00aa. Maria Luiza Machado Granziera<\/strong> \u2013 Programa de P\u00f3s-Gradua\u00e7\u00e3o Stricto Sensu em Direito da Universidade Cat\u00f3lica de Santos<br \/>\n\u2013 <em><strong>Novo Marco Regulat\u00f3rio do Saneamento B\u00e1sico<\/strong><\/em><br \/>\n<strong>Carlos Roberto de Oliveira<\/strong> \u2013 Ag\u00eancia Reguladora PCJ \u2013 Piracicaba, Capivari e Jundia\u00ed<br \/>\n<strong>Prof. Dr. Jo\u00e3o Miranda<\/strong> \u2013 Docente da Universidade de Lisboa<br \/>\n<strong>Prof. Dr. Pedro Gon\u00e7alves<\/strong> \u2013 Docente da Universidade de Coimbra<\/p>\n<p><strong>19h<\/strong><br \/>\n<strong>Mesa 7: ODS e a Baixada Santista<\/strong><br \/>\nEmenta: A Agenda 2030 e os desafios para alcan\u00e7ar as metas estabelecidas nos ODS 6.<br \/>\nCoordena\u00e7\u00e3o: <strong>Prof. Dr. Fernando Fernandes Rei<\/strong> \u2013 Programa de P\u00f3s-Gradua\u00e7\u00e3o Stricto Sensu em Direito da Universidade Cat\u00f3lica de Santos<br \/>\n<strong>Pilar Carolina Villar<\/strong> \u2013 Universidade Federal de S\u00e3o Paulo (Unifesp)<br \/>\n<strong>Fernanda Faria Meneghello<\/strong> \u2013 Secretaria de Infraestrutura e Meio Ambiente do Estado de S\u00e3o Paulo (Sima)<\/p>\n<p><strong>21h<\/strong><br \/>\nSess\u00e3o de Encerramento<\/p>\n<p><strong>Outras informa\u00e7\u00f5es<br \/>\n<\/strong>Acesse o <a href=\"https:\/\/www.unisantos.br\/forumrecursoshidricos\/\" target=\"_blank\" rel=\"noopener\"><strong>hotsite do evento<\/strong><\/a><\/p>\n","protected":false},"excerpt":{"rendered":"<p>EXPERI\u00caNCIAS INTERNACIONAIS EM GEST\u00c3O E A IMPLEMENTA\u00c7\u00c3O DO PLANO DE BACIAS H\u00cdDRICAS DA BAIXADA SANTISTA De 4 a 5 de [&hellip;]<\/p>\n","protected":false},"author":1,"featured_media":0,"parent":604,"menu_order":0,"comment_status":"closed","ping_status":"closed","template":"","meta":{"footnotes":""},"_links":{"self":[{"href":"https:\/\/www.unisantos.br\/observacbhbs\/wp-json\/wp\/v2\/pages\/1205"}],"collection":[{"href":"https:\/\/www.unisantos.br\/observacbhbs\/wp-json\/wp\/v2\/pages"}],"about":[{"href":"https:\/\/www.unisantos.br\/observacbhbs\/wp-json\/wp\/v2\/types\/page"}],"author":[{"embeddable":true,"href":"https:\/\/www.unisantos.br\/observacbhbs\/wp-json\/wp\/v2\/users\/1"}],"replies":[{"embeddable":true,"href":"https:\/\/www.unisantos.br\/observacbhbs\/wp-json\/wp\/v2\/comments?post=1205"}],"version-history":[{"count":5,"href":"https:\/\/www.unisantos.br\/observacbhbs\/wp-json\/wp\/v2\/pages\/1205\/revisions"}],"predecessor-version":[{"id":1210,"href":"https:\/\/www.unisantos.br\/observacbhbs\/wp-json\/wp\/v2\/pages\/1205\/revisions\/1210"}],"up":[{"embeddable":true,"href":"https:\/\/www.unisantos.br\/observacbhbs\/wp-json\/wp\/v2\/pages\/604"}],"wp:attachment":[{"href":"https:\/\/www.unisantos.br\/observacbhbs\/wp-json\/wp\/v2\/media?parent=1205"}],"curies":[{"name":"wp","href":"https:\/\/api.w.org\/{rel}","templated":true}]}}