{"id":86,"date":"2018-05-18T11:55:46","date_gmt":"2018-05-18T14:55:46","guid":{"rendered":"http:\/\/www.unisantos.br\/mostradepesquisappge\/?page_id=86"},"modified":"2020-10-28T10:54:11","modified_gmt":"2020-10-28T13:54:11","slug":"anais","status":"publish","type":"page","link":"https:\/\/www.unisantos.br\/mostradepesquisappge\/anais\/","title":{"rendered":"ANAIS"},"content":{"rendered":"<p><strong>CADERNO DE RESUMOS E ANAIS<\/strong><\/p>\n<p>Os cadernos de resumos e os anais da edi\u00e7\u00e3o de 2020 da Mostra de Pesquisa ser\u00e3o publicados ap\u00f3s a realiza\u00e7\u00e3o do evento, em formato digital, com ISSN.<\/p>\n<p>Veja as publica\u00e7\u00f5es das \u00faltimas mostras:<\/p>\n<p><a href=\"https:\/\/www.unisantos.br\/wp-content\/uploads\/2020\/10\/CADERNO-RESUMOS.pdf\"><strong style=\"color: #333333;\"><img loading=\"lazy\" decoding=\"async\" class=\"wp-image-56567 size-thumbnail alignleft\" src=\"https:\/\/www.unisantos.br\/wp-content\/uploads\/2020\/10\/CADERNO-RESUMOS-EXPANDIDOS-1-150x150.jpg\" alt=\"\" width=\"150\" height=\"150\" \/><\/strong><\/a>\u2022<strong> Caderno de Resumos Expandidos<\/strong><br \/>\nLuiz Henrique Portela Faria (org.)<br \/>\nLeopoldianum, 2020<br \/>\nLivro que cont\u00e9m a programa\u00e7\u00e3o da XIV\u00a0Mostra de Pesquisa do Programa de P\u00f3s-Gradua\u00e7\u00e3o Stricto Sensu em Educa\u00e7\u00e3o da UniSantos. Aborda o tema Desafios da Pesquisa em Educa\u00e7\u00e3o:<br \/>\nHist\u00f3ria, Pol\u00edticas, Forma\u00e7\u00e3o.<\/p>\n<p><b>Fa\u00e7a o <a href=\"https:\/\/www.unisantos.br\/wp-content\/uploads\/2020\/10\/CADERNO-RESUMOS.pdf\" target=\"_blank\" rel=\"noopener\">download<\/a><\/b><\/p>\n<p><a href=\"https:\/\/www.unisantos.br\/wp-content\/uploads\/2019\/06\/Anais-XIII-Mostra-de-Pesquisa-em-Educa\u00e7\u00e3o.pdf\" target=\"_blank\" rel=\"noopener\"><img loading=\"lazy\" decoding=\"async\" class=\"alignleft wp-image-47935 size-thumbnail\" src=\"https:\/\/www.unisantos.br\/wp-content\/uploads\/2019\/06\/Anais-XIII-Mostra-de-Pesquisa-em-Educa\u00e7\u00e3o-1-150x150.jpg\" alt=\"\" width=\"150\" height=\"150\" \/><\/a>\u2022 <strong>XIII Mostra de Pesquisa em Educa\u00e7\u00e3o, VI Semin\u00e1rio Parfor, VI Encontro PIBID &#8211; O Direito \u00e0 Educa\u00e7\u00e3o: Pol\u00edticas, pesquisas e pr\u00e1ticas<\/strong><br \/>\nIvanise Monfredini e Ant\u00f4nio Miranda Galle\u00e3o (Orgs)<br \/>\nLeopoldianum, 2019<br \/>\nA mostra colocou em discuss\u00e3o a garantia do direito, do acesso e da perman\u00eancia a uma educa\u00e7\u00e3o de qualidade, num momento cr\u00edtico, em que os governos desmantelam o financiamento \u00e0s pol\u00edticas sociais nos pa\u00edses latino-americanos, colocando em risco a possibilidade de projetos nacionais e locais autodeterminados, com graves consequ\u00eancias para o presente e o futuro desta e das pr\u00f3ximas gera\u00e7\u00f5es.<\/p>\n<p><strong>Fa\u00e7a o\u00a0<\/strong><a href=\"https:\/\/www.unisantos.br\/wp-content\/uploads\/2019\/06\/Anais-XIII-Mostra-de-Pesquisa-em-Educa\u00e7\u00e3o.pdf\" target=\"_blank\" rel=\"noopener\"><strong>download<\/strong><\/a><\/p>\n","protected":false},"excerpt":{"rendered":"<p>CADERNO DE RESUMOS E ANAIS Os cadernos de resumos e os anais da edi\u00e7\u00e3o de 2020 da Mostra de Pesquisa [&hellip;]<\/p>\n","protected":false},"author":1,"featured_media":0,"parent":0,"menu_order":0,"comment_status":"closed","ping_status":"closed","template":"","meta":{"footnotes":""},"_links":{"self":[{"href":"https:\/\/www.unisantos.br\/mostradepesquisappge\/wp-json\/wp\/v2\/pages\/86"}],"collection":[{"href":"https:\/\/www.unisantos.br\/mostradepesquisappge\/wp-json\/wp\/v2\/pages"}],"about":[{"href":"https:\/\/www.unisantos.br\/mostradepesquisappge\/wp-json\/wp\/v2\/types\/page"}],"author":[{"embeddable":true,"href":"https:\/\/www.unisantos.br\/mostradepesquisappge\/wp-json\/wp\/v2\/users\/1"}],"replies":[{"embeddable":true,"href":"https:\/\/www.unisantos.br\/mostradepesquisappge\/wp-json\/wp\/v2\/comments?post=86"}],"version-history":[{"count":9,"href":"https:\/\/www.unisantos.br\/mostradepesquisappge\/wp-json\/wp\/v2\/pages\/86\/revisions"}],"predecessor-version":[{"id":290,"href":"https:\/\/www.unisantos.br\/mostradepesquisappge\/wp-json\/wp\/v2\/pages\/86\/revisions\/290"}],"wp:attachment":[{"href":"https:\/\/www.unisantos.br\/mostradepesquisappge\/wp-json\/wp\/v2\/media?parent=86"}],"curies":[{"name":"wp","href":"https:\/\/api.w.org\/{rel}","templated":true}]}}

<p><strong>CADERNO DE RESUMOS E ANAIS</strong></p>
<p>Os cadernos de resumos e os anais da edição de 2020 da Mostra de Pesquisa serão publicados após a realização do evento, em formato digital, com ISSN.</p>
<p>Veja as publicações das últimas mostras:</p>
<p><a href="https://www.unisantos.br/wp-content/uploads/2020/10/CADERNO-RESUMOS.pdf"><strong style="color: #333333;"><img loading="lazy" decoding="async" class="wp-image-56567 size-thumbnail alignleft" src="https://www.unisantos.br/wp-content/uploads/2020/10/CADERNO-RESUMOS-EXPANDIDOS-1-150x150.jpg" alt="" width="150" height="150" /></strong></a>•<strong> Caderno de Resumos Expandidos</strong><br />
Luiz Henrique Portela Faria (org.)<br />
Leopoldianum, 2020<br />
Livro que contém a programação da XIV Mostra de Pesquisa do Programa de Pós-Graduação Stricto Sensu em Educação da UniSantos. Aborda o tema Desafios da Pesquisa em Educação:<br />
História, Políticas, Formação.</p>
<p><b>Faça o <a href="https://www.unisantos.br/wp-content/uploads/2020/10/CADERNO-RESUMOS.pdf" target="_blank" rel="noopener">download</a></b></p>
<p><a href="https://www.unisantos.br/wp-content/uploads/2019/06/Anais-XIII-Mostra-de-Pesquisa-em-Educação.pdf" target="_blank" rel="noopener"><img loading="lazy" decoding="async" class="alignleft wp-image-47935 size-thumbnail" src="https://www.unisantos.br/wp-content/uploads/2019/06/Anais-XIII-Mostra-de-Pesquisa-em-Educação-1-150x150.jpg" alt="" width="150" height="150" /></a>• <strong>XIII Mostra de Pesquisa em Educação, VI Seminário Parfor, VI Encontro PIBID &#8211; O Direito à Educação: Políticas, pesquisas e práticas</strong><br />
Ivanise Monfredini e Antônio Miranda Galleão (Orgs)<br />
Leopoldianum, 2019<br />
A mostra colocou em discussão a garantia do direito, do acesso e da permanência a uma educação de qualidade, num momento crítico, em que os governos desmantelam o financiamento às políticas sociais nos países latino-americanos, colocando em risco a possibilidade de projetos nacionais e locais autodeterminados, com graves consequências para o presente e o futuro desta e das próximas gerações.</p>
<p><strong>Faça o </strong><a href="https://www.unisantos.br/wp-content/uploads/2019/06/Anais-XIII-Mostra-de-Pesquisa-em-Educação.pdf" target="_blank" rel="noopener"><strong>download</strong></a></p>

<p>CADERNO DE RESUMOS E ANAIS Os cadernos de resumos e os anais da edição de 2020 da Mostra de Pesquisa [&hellip;]</p>
