{"id":38,"date":"2018-03-23T15:29:51","date_gmt":"2018-03-23T18:29:51","guid":{"rendered":"http:\/\/www.unisantos.br\/mostradepesquisappge\/?page_id=38"},"modified":"2021-09-16T08:57:27","modified_gmt":"2021-09-16T11:57:27","slug":"comissao","status":"publish","type":"page","link":"https:\/\/www.unisantos.br\/mostradepesquisappge\/comissao\/","title":{"rendered":"COMISS\u00c3O"},"content":{"rendered":"<h4><b>COORDENA\u00c7\u00c3O<\/b><\/h4>\n<p>Prof\u00aa. Dr\u00aa. Irene Jeanete Lemos Gilberto &#8211; coordenadora do Programa de P\u00f3s-Gradua\u00e7\u00e3o <em>Stricto Sensu<\/em> em Educa\u00e7\u00e3o (PPGE)<\/p>\n<p>&nbsp;<\/p>\n<p><strong>COMISS\u00c3O CIENT\u00cdFICA<\/strong><\/p>\n<p>Profa. Dra. Maria Apparecida Franco Pereira<\/p>\n<p>Prof. Dr. Antonio Miranda Galle\u00e3o<\/p>\n<p>Adriana Mallmann Vilalva<\/p>\n<p>Cristiane Mello de Miranda Silva<\/p>\n<p>Fernando Leite Carvalho<\/p>\n<p>Luiz Carlos Nunes de Santana<\/p>\n<p>Nilc\u00e9ia Saldanha Carneiro<\/p>\n<p>Silvania Maria da Silva Gil<\/p>\n<p>Zulmira Ferreira de Jesus<\/p>\n<p>&nbsp;<\/p>\n<p><strong>COMISS\u00c3O DE PROGRAMA\u00c7\u00c3O<\/strong><\/p>\n<p>Gilson Braga<\/p>\n<p>Lucas Henrique Silva Gon\u00e7alves<\/p>\n<p>&nbsp;<\/p>\n<p><strong>COMISS\u00c3O DE DIVULGA\u00c7\u00c3O<\/strong><\/p>\n<p>Diego Gon\u00e7alves de Jesus<\/p>\n<p>Emilly Pereira Silva<\/p>\n<p>Fernando Leite Carvalho<\/p>\n<p>&nbsp;<\/p>\n<p><strong>COMISS\u00c3O CULTURAL<\/strong><\/p>\n<p>Alex da Silva Gon\u00e7alves<\/p>\n<p>Ana Akaui<\/p>\n<p>Gilson Braga<\/p>\n<p>Meire Quinta de Almeida Moura<\/p>\n<p>Monica Ferreira Costa<\/p>\n<p>&nbsp;<\/p>\n<p><strong>COMISS\u00c3O DE INFRAESTRUTURA<\/strong><\/p>\n<p>Gisele Villar Stipanich<\/p>\n<p>Roseli Fernandes Rocha<\/p>\n<p>Luiz \u00a0Carlos Rodrigues Tavares<\/p>\n<p>Thais Morgado dos Santos<\/p>\n","protected":false},"excerpt":{"rendered":"<p>COORDENA\u00c7\u00c3O Prof\u00aa. Dr\u00aa. Irene Jeanete Lemos Gilberto &#8211; coordenadora do Programa de P\u00f3s-Gradua\u00e7\u00e3o Stricto Sensu em Educa\u00e7\u00e3o (PPGE) &nbsp; COMISS\u00c3O [&hellip;]<\/p>\n","protected":false},"author":1,"featured_media":0,"parent":0,"menu_order":0,"comment_status":"closed","ping_status":"closed","template":"","meta":{"footnotes":""},"_links":{"self":[{"href":"https:\/\/www.unisantos.br\/mostradepesquisappge\/wp-json\/wp\/v2\/pages\/38"}],"collection":[{"href":"https:\/\/www.unisantos.br\/mostradepesquisappge\/wp-json\/wp\/v2\/pages"}],"about":[{"href":"https:\/\/www.unisantos.br\/mostradepesquisappge\/wp-json\/wp\/v2\/types\/page"}],"author":[{"embeddable":true,"href":"https:\/\/www.unisantos.br\/mostradepesquisappge\/wp-json\/wp\/v2\/users\/1"}],"replies":[{"embeddable":true,"href":"https:\/\/www.unisantos.br\/mostradepesquisappge\/wp-json\/wp\/v2\/comments?post=38"}],"version-history":[{"count":27,"href":"https:\/\/www.unisantos.br\/mostradepesquisappge\/wp-json\/wp\/v2\/pages\/38\/revisions"}],"predecessor-version":[{"id":371,"href":"https:\/\/www.unisantos.br\/mostradepesquisappge\/wp-json\/wp\/v2\/pages\/38\/revisions\/371"}],"wp:attachment":[{"href":"https:\/\/www.unisantos.br\/mostradepesquisappge\/wp-json\/wp\/v2\/media?parent=38"}],"curies":[{"name":"wp","href":"https:\/\/api.w.org\/{rel}","templated":true}]}}