{"id":42905,"date":"2025-11-21T17:35:00","date_gmt":"2025-11-21T20:35:00","guid":{"rendered":"https:\/\/www.unisantos.br\/graduacao\/?page_id=42905"},"modified":"2026-05-04T16:38:05","modified_gmt":"2026-05-04T19:38:05","slug":"ciencias-contabeis-ead","status":"publish","type":"page","link":"https:\/\/www.unisantos.br\/graduacao\/ciencias-contabeis-ead\/","title":{"rendered":"Ci\u00eancias Cont\u00e1beis"},"content":{"rendered":"","protected":false},"excerpt":{"rendered":"","protected":false},"author":1,"featured_media":0,"parent":0,"menu_order":0,"comment_status":"closed","ping_status":"closed","template":"curso.php","meta":{"footnotes":""},"acf":{"repetidor_video":[{"imagem_video":"https:\/\/www.unisantos.br\/graduacao\/wp-content\/uploads\/sites\/4\/2025\/11\/contabeis-scaled.jpg","video":"","link":""}],"icone":false,"subtitulo":"","selo":false,"texto_premio":"","premios":false,"titulo_conv":"Aguarde! Em breve, lan\u00e7amento do Edital. Junte-se a n\u00f3s!","convenios":false,"descricao_conv":"O Curso de Ci\u00eancias Cont\u00e1beis prepara voc\u00ea para atuar em uma \u00e1rea essencial em qualquer organiza\u00e7\u00e3o. Voc\u00ea aprende a garantir organiza\u00e7\u00e3o financeira, seguran\u00e7a fiscal e apoio \u00e0s decis\u00f5es estrat\u00e9gicas. A forma\u00e7\u00e3o alia teoria e pr\u00e1tica voltadas \u00e0s demandas reais do mercado. Desde o in\u00edcio, voc\u00ea desenvolve compet\u00eancias t\u00e9cnicas e anal\u00edticas. O contador \u00e9 um profissional valorizado e com alta empregabilidade. O curso abre oportunidades em empresas, escrit\u00f3rios ou atua\u00e7\u00e3o aut\u00f4noma. Tamb\u00e9m possibilita crescimento profissional e estabilidade na carreira. \u00c9 ideal para quem deseja se qualificar ou se recolocar com rapidez. Com suporte acad\u00eamico de qualidade, voc\u00ea constr\u00f3i uma base s\u00f3lida. Invista em uma carreira segura, estrat\u00e9gica e cheia de oportunidades.\r\n","conteudos":false,"titulo_diferenciais":"","diferenciais":false,"certificados":false,"estrutura_unica":"No curso de Ci\u00eancias Cont\u00e1beis EaD da UNISANTOS, voc\u00ea estuda com flexibilidade, no seu ritmo, e aprende exatamente o que o mercado exige: contabilidade geral, tribut\u00e1ria, de custos, auditoria e planejamento financeiro. \u00c9 uma forma\u00e7\u00e3o pr\u00e1tica e completa, ideal para quem precisa conciliar estudo e trabalho, e quer construir uma carreira consistente com o suporte de uma universidade tradicional e reconhecida.","onde_trabalhar":"O profissional de Contabilidade tem um dos perfis mais amplos e indispens\u00e1veis do mercado. Ele pode atuar em praticamente todos os setores da economia, j\u00e1 que toda organiza\u00e7\u00e3o \u2014 p\u00fablica ou privada \u2014 precisa de controle financeiro e conformidade fiscal.","coordenador":"","diretor":"","menu":false,"codigo":"903","endereco":"","rodape":"","percursos_formativos":false,"periodo":[],"duracao":"4 anos","conceito-mec":{"conceito":"Conceito MEC","valor":"EXCELENTE"},"conteudo_curricular":"https:\/\/www.unisantos.br\/wp-content\/uploads\/2026\/05\/Ciencias-Contabeis_curriculo.pdf","modalidade":["ead"],"mais_informacoes":[{"icone":false,"titulo":"Autorizado pelo MEC","link":""},{"icone":false,"titulo":"Curso em conformidade com o Decreto n\u00ba 12.456\/2025 ","link":""},{"icone":false,"titulo":"","link":""},{"icone":false,"titulo":"","link":""}],"botao_especial":{"imagem":false,"link":""},"depoimentos":false},"_links":{"self":[{"href":"https:\/\/www.unisantos.br\/graduacao\/wp-json\/wp\/v2\/pages\/42905"}],"collection":[{"href":"https:\/\/www.unisantos.br\/graduacao\/wp-json\/wp\/v2\/pages"}],"about":[{"href":"https:\/\/www.unisantos.br\/graduacao\/wp-json\/wp\/v2\/types\/page"}],"author":[{"embeddable":true,"href":"https:\/\/www.unisantos.br\/graduacao\/wp-json\/wp\/v2\/users\/1"}],"replies":[{"embeddable":true,"href":"https:\/\/www.unisantos.br\/graduacao\/wp-json\/wp\/v2\/comments?post=42905"}],"version-history":[{"count":18,"href":"https:\/\/www.unisantos.br\/graduacao\/wp-json\/wp\/v2\/pages\/42905\/revisions"}],"predecessor-version":[{"id":43296,"href":"https:\/\/www.unisantos.br\/graduacao\/wp-json\/wp\/v2\/pages\/42905\/revisions\/43296"}],"wp:attachment":[{"href":"https:\/\/www.unisantos.br\/graduacao\/wp-json\/wp\/v2\/media?parent=42905"}],"curies":[{"name":"wp","href":"https:\/\/api.w.org\/{rel}","templated":true}]}}