{"id":42892,"date":"2025-11-21T16:52:02","date_gmt":"2025-11-21T19:52:02","guid":{"rendered":"https:\/\/www.unisantos.br\/graduacao\/?page_id=42892"},"modified":"2026-05-04T16:37:36","modified_gmt":"2026-05-04T19:37:36","slug":"administracao-ead","status":"publish","type":"page","link":"https:\/\/www.unisantos.br\/graduacao\/administracao-ead\/","title":{"rendered":"Administra\u00e7\u00e3o"},"content":{"rendered":"","protected":false},"excerpt":{"rendered":"","protected":false},"author":1,"featured_media":0,"parent":0,"menu_order":0,"comment_status":"closed","ping_status":"closed","template":"curso.php","meta":{"footnotes":""},"acf":{"repetidor_video":[{"imagem_video":"https:\/\/www.unisantos.br\/graduacao\/wp-content\/uploads\/sites\/4\/2025\/11\/adm-scaled.jpg","video":"","link":""}],"icone":false,"subtitulo":"","selo":false,"texto_premio":"","premios":false,"titulo_conv":"Aguarde! Em breve, lan\u00e7amento do Edital. Junte-se a n\u00f3s!","convenios":false,"descricao_conv":"O Curso de Administra\u00e7\u00e3o prepara voc\u00ea para liderar, inovar e tomar decis\u00f5es estrat\u00e9gicas em um mercado competitivo. Mais do que teoria, voc\u00ea desenvolve habilidades pr\u00e1ticas para planejar, organizar e gerar resultados. Desde os primeiros m\u00f3dulos, h\u00e1 contato com situa\u00e7\u00f5es reais e desafios do mercado. A forma\u00e7\u00e3o conecta conhecimento acad\u00eamico com as demandas atuais das organiza\u00e7\u00f5es. Voc\u00ea aprende a transformar ideias em solu\u00e7\u00f5es, e oportunidades em crescimento profissional. O curso oferece base s\u00f3lida para atuar em empresas, ou empreender. Tamb\u00e9m desenvolve vis\u00e3o estrat\u00e9gica, lideran\u00e7a e capacidade de gest\u00e3o. Em uma universidade reconhecida, voc\u00ea conta com suporte e qualidade de ensino. \u00c9 uma forma\u00e7\u00e3o vers\u00e1til, com diversas possibilidades de carreira. Invista no seu futuro e construa uma trajet\u00f3ria profissional de sucesso.","conteudos":false,"titulo_diferenciais":"","diferenciais":false,"certificados":false,"estrutura_unica":"A gradua\u00e7\u00e3o em Administra\u00e7\u00e3o EaD da UNISANTOS \u00e9 a escolha ideal para quem quer crescer profissionalmente sem abrir m\u00e3o do trabalho ou da rotina. Tudo pensado para quem busca promo\u00e7\u00e3o, recoloca\u00e7\u00e3o ou uma mudan\u00e7a real de carreira. Com flexibilidade, voc\u00ea estuda no seu tempo e aprende conte\u00fados que fazem diferen\u00e7a imediata no mercado: gest\u00e3o estrat\u00e9gica, marketing, finan\u00e7as, empreendedorismo, lideran\u00e7a e an\u00e1lise de dados.","onde_trabalhar":"Um administrador de empresas tem um dos perfis profissionais mais vers\u00e1teis do mercado. Ele pode atuar em praticamente qualquer tipo de organiza\u00e7\u00e3o, p\u00fablica ou privada, de pequeno a grande porte.","coordenador":"","diretor":"","menu":false,"codigo":"905","endereco":"","rodape":"","percursos_formativos":false,"periodo":[],"duracao":"4 anos","conceito-mec":{"conceito":"Conceito MEC","valor":"EXCELENTE"},"conteudo_curricular":"https:\/\/www.unisantos.br\/wp-content\/uploads\/2026\/05\/Administracao_curriculo.pdf","modalidade":["ead"],"mais_informacoes":[{"icone":false,"titulo":"Autorizado pelo MEC","link":""},{"icone":false,"titulo":"Curso em conformidade com o Decreto n\u00ba 12.456\/2025","link":""},{"icone":false,"titulo":"","link":""},{"icone":false,"titulo":"","link":""}],"botao_especial":{"imagem":false,"link":""},"depoimentos":false},"_links":{"self":[{"href":"https:\/\/www.unisantos.br\/graduacao\/wp-json\/wp\/v2\/pages\/42892"}],"collection":[{"href":"https:\/\/www.unisantos.br\/graduacao\/wp-json\/wp\/v2\/pages"}],"about":[{"href":"https:\/\/www.unisantos.br\/graduacao\/wp-json\/wp\/v2\/types\/page"}],"author":[{"embeddable":true,"href":"https:\/\/www.unisantos.br\/graduacao\/wp-json\/wp\/v2\/users\/1"}],"replies":[{"embeddable":true,"href":"https:\/\/www.unisantos.br\/graduacao\/wp-json\/wp\/v2\/comments?post=42892"}],"version-history":[{"count":22,"href":"https:\/\/www.unisantos.br\/graduacao\/wp-json\/wp\/v2\/pages\/42892\/revisions"}],"predecessor-version":[{"id":43295,"href":"https:\/\/www.unisantos.br\/graduacao\/wp-json\/wp\/v2\/pages\/42892\/revisions\/43295"}],"wp:attachment":[{"href":"https:\/\/www.unisantos.br\/graduacao\/wp-json\/wp\/v2\/media?parent=42892"}],"curies":[{"name":"wp","href":"https:\/\/api.w.org\/{rel}","templated":true}]}}