{"id":39139,"date":"2021-11-05T14:41:30","date_gmt":"2021-11-05T17:41:30","guid":{"rendered":"http:\/\/www.unisantos.br\/teste-vest22\/?page_id=39139"},"modified":"2025-12-04T15:00:02","modified_gmt":"2025-12-04T18:00:02","slug":"desempenho-aproveitamento","status":"publish","type":"page","link":"https:\/\/www.unisantos.br\/graduacao\/desempenho-aproveitamento\/","title":{"rendered":"Desempenho\/Aproveitamento"},"content":{"rendered":"","protected":false},"excerpt":{"rendered":"","protected":false},"author":12,"featured_media":0,"parent":0,"menu_order":0,"comment_status":"closed","ping_status":"closed","template":"","meta":{"footnotes":""},"acf":{"conteudo":[{"acf_fc_layout":"texto","texto":"<h1><strong>Aproveitamento de Desempenho no Ensino M\u00e9dio<\/strong><\/h1>\n<p>A Universidade Cat\u00f3lica de Santos utiliza o desempenho dos estudantes das Escolas com Conv\u00eanio de Aproveitamento de Desempenho no Ensino M\u00e9dio, como forma de classifica\u00e7\u00e3o \u00fanica neste Processo Seletivo.<\/p>\n<p>O candidato, no ato da inscri\u00e7\u00e3o, opta por utilizar o desempenho oriundo da escola Conveniada ou por prestar o Processo Seletivo, conforme as normas estabelecidas neste Edital, sendo certo que uma op\u00e7\u00e3o anula a outra.<\/p>\n<p>O desempenho no Ensino M\u00e9dio cursado na Escola Conveniada (concluintes entre 2012 e 2022) ser\u00e1 convertido e usado para classifica\u00e7\u00e3o \u00fanica neste Processo Seletivo, considerados os limites m\u00e1ximos de 60 (sessenta) pontos para as quest\u00f5es objetivas e de 40 (quarenta) pontos para a reda\u00e7\u00e3o.<\/p>\n<p>&nbsp;<\/p>\n<h1><strong>Escolas com\u00a0Conv\u00eanio de Aproveitamento de Desempenho no Ensino M\u00e9dio:<\/strong><\/h1>\n<ul>\n<li>Col\u00e9gio Liceu Santista<\/li>\n<li>Col\u00e9gio S\u00e3o Jos\u00e9<\/li>\n<li>Col\u00e9gio Stella Maris<\/li>\n<li>Col\u00e9gio Passionista Santa Maria<\/li>\n<\/ul>\n"},{"acf_fc_layout":"botoes","botoes":false}]},"_links":{"self":[{"href":"https:\/\/www.unisantos.br\/graduacao\/wp-json\/wp\/v2\/pages\/39139"}],"collection":[{"href":"https:\/\/www.unisantos.br\/graduacao\/wp-json\/wp\/v2\/pages"}],"about":[{"href":"https:\/\/www.unisantos.br\/graduacao\/wp-json\/wp\/v2\/types\/page"}],"author":[{"embeddable":true,"href":"https:\/\/www.unisantos.br\/graduacao\/wp-json\/wp\/v2\/users\/12"}],"replies":[{"embeddable":true,"href":"https:\/\/www.unisantos.br\/graduacao\/wp-json\/wp\/v2\/comments?post=39139"}],"version-history":[{"count":2,"href":"https:\/\/www.unisantos.br\/graduacao\/wp-json\/wp\/v2\/pages\/39139\/revisions"}],"predecessor-version":[{"id":43004,"href":"https:\/\/www.unisantos.br\/graduacao\/wp-json\/wp\/v2\/pages\/39139\/revisions\/43004"}],"wp:attachment":[{"href":"https:\/\/www.unisantos.br\/graduacao\/wp-json\/wp\/v2\/media?parent=39139"}],"curies":[{"name":"wp","href":"https:\/\/api.w.org\/{rel}","templated":true}]}}