{"id":39135,"date":"2021-11-05T14:31:29","date_gmt":"2021-11-05T17:31:29","guid":{"rendered":"http:\/\/www.unisantos.br\/teste-vest22\/?page_id=39135"},"modified":"2026-04-07T14:09:41","modified_gmt":"2026-04-07T17:09:41","slug":"enem-exame-nacional-do-ensino-medio","status":"publish","type":"page","link":"https:\/\/www.unisantos.br\/graduacao\/enem-exame-nacional-do-ensino-medio\/","title":{"rendered":"ENEM &#8211; Exame Nacional do Ensino M\u00e9dio"},"content":{"rendered":"","protected":false},"excerpt":{"rendered":"","protected":false},"author":12,"featured_media":0,"parent":0,"menu_order":0,"comment_status":"closed","ping_status":"closed","template":"","meta":{"footnotes":""},"acf":{"conteudo":[{"acf_fc_layout":"texto","texto":"<h1 class=\"entry-sub-title\">Exame Nacional do Ensino M\u00e9dio<\/h1>\n<div class=\"entry-content\">\n<p>A Universidade Cat\u00f3lica de Santos utiliza os resultados do Boletim de Desempenho do Exame Nacional do Ensino M\u00e9dio \u2013 ENEM como acesso.<\/p>\n<p>O candidato opta no ato da inscri\u00e7\u00e3o por utilizar as notas do Boletim de Desempenho do ENEM ou Desempenho Escolar nas Escolas Cat\u00f3licas ou realizar a prova (uma op\u00e7\u00e3o anula a outra). \u00c9 de inteira responsabilidade do candidato o n\u00famero do ENEM digitado em sua ficha de inscri\u00e7\u00e3o pela internet, correspondente ao ano no qual o candidato teve maior pontua\u00e7\u00e3o.<\/p>\n<p>O Sistema Acad\u00eamico converter\u00e1 a pontua\u00e7\u00e3o do boletim do ENEM para a pontua\u00e7\u00e3o da prova do nosso vestibular (no m\u00e1ximo 60 pontos para as quest\u00f5es objetivas e no m\u00e1ximo 40 pontos para a reda\u00e7\u00e3o). Ap\u00f3s a realiza\u00e7\u00e3o das provas, o Sistema Acad\u00eamico realizar\u00e1 uma classifica\u00e7\u00e3o \u00fanica, envolvendo inscritos utilizando notas do Boletim do ENEM e inscritos com notas da prova.<\/p>\n<\/div>\n"},{"acf_fc_layout":"botoes","botoes":false}]},"_links":{"self":[{"href":"https:\/\/www.unisantos.br\/graduacao\/wp-json\/wp\/v2\/pages\/39135"}],"collection":[{"href":"https:\/\/www.unisantos.br\/graduacao\/wp-json\/wp\/v2\/pages"}],"about":[{"href":"https:\/\/www.unisantos.br\/graduacao\/wp-json\/wp\/v2\/types\/page"}],"author":[{"embeddable":true,"href":"https:\/\/www.unisantos.br\/graduacao\/wp-json\/wp\/v2\/users\/12"}],"replies":[{"embeddable":true,"href":"https:\/\/www.unisantos.br\/graduacao\/wp-json\/wp\/v2\/comments?post=39135"}],"version-history":[{"count":6,"href":"https:\/\/www.unisantos.br\/graduacao\/wp-json\/wp\/v2\/pages\/39135\/revisions"}],"predecessor-version":[{"id":43263,"href":"https:\/\/www.unisantos.br\/graduacao\/wp-json\/wp\/v2\/pages\/39135\/revisions\/43263"}],"wp:attachment":[{"href":"https:\/\/www.unisantos.br\/graduacao\/wp-json\/wp\/v2\/media?parent=39135"}],"curies":[{"name":"wp","href":"https:\/\/api.w.org\/{rel}","templated":true}]}}