{"id":101,"date":"2013-06-18T15:03:58","date_gmt":"2013-06-18T18:03:58","guid":{"rendered":"https:\/\/www.unisantos.br\/?page_id=101"},"modified":"2026-02-09T13:43:51","modified_gmt":"2026-02-09T16:43:51","slug":"ciencias-economicas","status":"publish","type":"page","link":"https:\/\/www.unisantos.br\/graduacao\/ciencias-economicas\/","title":{"rendered":"Ci\u00eancias Econ\u00f4micas"},"content":{"rendered":"<p><strong>Per\u00edodos<br \/>\n<\/strong>Manh\u00e3 e Noite<br \/>\n(O curso \u00e9 oferecido no per\u00edodo matutino at\u00e9 o 4\u00ba. semestre. A partir do 5\u00ba.,<br \/>\nos estudantes cursam no per\u00edodo noturno)<\/p>\n<p><strong style=\"line-height: 1.5em;\">Dura\u00e7\u00e3o<br \/>\n<\/strong><span style=\"line-height: 1.5em;\">8 semestres<\/span><\/p>\n<p><strong>Conceito Enade 3<\/strong><\/p>\n<p><a class=\"botao-curso\" href=\"https:\/\/www.unisantos.br\/graduacao\/ciencias-economicas\/diferenciais-unicos-de-ciencias-economicas\/\" target=\"_blank\" rel=\"noopener\">Diferenciais<\/a> <a class=\"botao-curso\" href=\"https:\/\/www.unisantos.br\/bolsas\/\">Bolsas<\/a> <a class=\"botao-curso\" href=\"https:\/\/www.unisantos.br\/convenio-com-empresas\/\">Conv\u00eanios<\/a> <a class=\"botao-curso\" href=\"https:\/\/www.unisantos.br\/graduacao\/ciencias-economicas\/programa-de-estagio\/\" target=\"_blank\" rel=\"noopener\">Est\u00e1gio<\/a> <a class=\"botao-curso\" href=\"https:\/\/www.unisantos.br\/internacional\/convenios\/\">Interc\u00e2mbio<\/a> <a class=\"botao-curso\" href=\"https:\/\/www.unisantos.br\/graduacao\/ciencias-economicas\/noticias-do-curso-de-ciencias-economicas\/\" target=\"_blank\" rel=\"noopener\">Not\u00edcias<\/a><\/p>\n<p><img loading=\"lazy\" decoding=\"async\" class=\"alignnone size-full wp-image-32395\" src=\"https:\/\/www.unisantos.br\/graduacao\/wp-content\/uploads\/sites\/4\/2018\/07\/ciencias-economicas.jpg\" alt=\"\" width=\"1280\" height=\"720\" \/><\/p>\n<p>O Curso de CI\u00caNCIAS ECON\u00d4MICAS\u00a0da Cat\u00f3lica de Santos prepara voc\u00ea para planejar solu\u00e7\u00f5es para avaliar as causas e consequ\u00eancias dos fen\u00f4menos econ\u00f4micos elaborando planos para propiciar crescimento buscando a sustentabilidade, atuar junto aos agentes econ\u00f4micos do setor p\u00fablico e privado com a\u00e7\u00f5es de melhoria \u00e0 sociedade, compreendendo a economia brasileira e mundial.<\/p>\n<p><strong>Onde voc\u00ea pode trabalhar<\/strong><br \/>\n\u2022 Ind\u00fastrias<br \/>\n\u2022\u00a0Institui\u00e7\u00f5es financeiras<br \/>\n\u2022 Servi\u00e7os e agroind\u00fastria<br \/>\n\u2022 Setor p\u00fablico ou privado<br \/>\n\u2022 Pequenas, m\u00e9dias e microempresas<br \/>\n\u2022 Grandes corpora\u00e7\u00f5es<\/p>\n<p><strong>Estrutura \u00daNICA que une teoria e pr\u00e1tica<\/strong><br \/>\nPara preparar voc\u00ea para o mercado de trabalho, o Curso de CI\u00caNCIAS ECON\u00d4MICAS\u00a0conta com\u00a0o\u00a0Laborat\u00f3rio Econ\u00f4mico Social (Labores) \u2013 uma estrutura completa para os alunos desenvolverem projetos.\u00a0O curso tamb\u00e9m oferece laborat\u00f3rios de inform\u00e1tica atualizados e biblioteca especializada com acervo espec\u00edfico. Possui tamb\u00e9m base de dados e peri\u00f3dicos eletr\u00f4nicos exclusivos.<\/p>\n","protected":false},"excerpt":{"rendered":"<p>Per\u00edodos Manh\u00e3 e Noite (O curso \u00e9 oferecido no per\u00edodo matutino at\u00e9 o 4\u00ba. semestre. A partir do 5\u00ba., os estudantes cursam [&hellip;]<\/p>\n","protected":false},"author":1,"featured_media":38403,"parent":0,"menu_order":0,"comment_status":"open","ping_status":"closed","template":"curso.php","meta":{"footnotes":""},"acf":{"endereco":"<p><strong><img loading=\"lazy\" decoding=\"async\" class=\"alignnone size-full wp-image-35713\" src=\"https:\/\/www.unisantos.br\/graduacao\/wp-content\/uploads\/sites\/4\/2020\/09\/pin.png\" alt=\"\" width=\"24\" height=\"31\" \/><br \/>\n<\/strong>Campus Dom Id\u00edlio Jos\u00e9 Soares<br \/>\nAvenida Conselheiro N\u00e9bias, 300 &#8211; Vila Mathias<\/p>\n","coordenador":"<p>&nbsp;<\/p>\n<p><strong>Coordenador do Curso de Ci\u00eancias Econ\u00f4micas<\/strong><br \/>\nProf. Me. Kerginaldo Tomio Yamashiro<\/p>\n<p><img loading=\"lazy\" decoding=\"async\" class=\"alignnone size-full wp-image-35714\" src=\"https:\/\/www.unisantos.br\/graduacao\/wp-content\/uploads\/sites\/4\/2020\/09\/tel.png\" alt=\"\" width=\"17\" height=\"24\" \/>Telefone: 3205-5555 \u2013 ramal 1318<br \/>\n<img loading=\"lazy\" decoding=\"async\" class=\"alignnone size-full wp-image-35712\" src=\"https:\/\/www.unisantos.br\/graduacao\/wp-content\/uploads\/sites\/4\/2020\/09\/email.png\" alt=\"\" width=\"23\" height=\"18\" \/>E-mail: coord.econ@unisantos.br<\/p>\n","diretor":"","rodape":"<p><strong>Fundamento legal para o funcionamento do curso<\/strong><br \/>\n<strong>Autoriza\u00e7\u00e3o:\u00a0<\/strong>Decreto n\u00ba 66.507\/1970<br \/>\n<strong>Reconhecimento:\u00a0<\/strong>Decreto n\u00ba 29.182\/1951<br \/>\n<strong>\u00daltima renova\u00e7\u00e3o de reconhecimento:\u00a0<\/strong>Portaria MEC n\u00ba. 271\/2017<\/p>\n","periodo":["manha","noite"],"duracao":"8 semestres","estrutura_unica":"Para preparar voc\u00ea para o mercado de trabalho, o Curso de CI\u00caNCIAS ECON\u00d4MICAS\u00a0conta com\u00a0o\u00a0Laborat\u00f3rio de Solu\u00e7\u00f5es Organizacionais (Labson).\u00a0O curso tamb\u00e9m oferece laborat\u00f3rios de inform\u00e1tica atualizados e biblioteca especializada com acervo espec\u00edfico. Disp\u00f5e tamb\u00e9m peri\u00f3dicos eletr\u00f4nicos exclusivos.","onde_trabalhar":"Ind\u00fastrias \/\u00a0Institui\u00e7\u00f5es financeiras \/ Servi\u00e7os e agroind\u00fastria \/ Setor p\u00fablico ou privado \/ Pequenas, m\u00e9dias e microempresas \/ Grandes corpora\u00e7\u00f5es","conceito-mec":{"conceito":"Conceito Enade","valor":"4"},"modalidade":["presencial"],"video":"","icone":"https:\/\/www.unisantos.br\/graduacao\/wp-content\/uploads\/sites\/4\/2021\/11\/CIENCIAS-ECONOMICAS.svg","texto_premio":"VENHA FAZER UM DOS <br \/>\r\nCURSOS <B>MAIS PREMIADOS<\/B> <br \/>\r\nDO PA\u00cdS E O <B>MELHOR<\/B> <br \/>\r\nDA REGI\u00c3O","premios":[{"imagem":"https:\/\/www.unisantos.br\/graduacao\/wp-content\/uploads\/sites\/4\/2024\/10\/mec4-e1727894041648.png","link":""},{"imagem":"https:\/\/www.unisantos.br\/graduacao\/wp-content\/uploads\/sites\/4\/2024\/10\/SELO-PROJETO-INOVADOR.png","link":""},{"imagem":"https:\/\/www.unisantos.br\/graduacao\/wp-content\/uploads\/sites\/4\/2024\/10\/selo-ciencias-economicas.png","link":""}],"titulo_conv":"<b>PARCERIAS<\/b> ESTRAT\u00c9GICAS","convenios":[{"logo":"https:\/\/www.unisantos.br\/graduacao\/wp-content\/uploads\/sites\/4\/2021\/11\/pref-santos-2.png","link":""},{"logo":"https:\/\/www.unisantos.br\/graduacao\/wp-content\/uploads\/sites\/4\/2021\/11\/receita-federal-br.png","link":""},{"logo":"https:\/\/www.unisantos.br\/graduacao\/wp-content\/uploads\/sites\/4\/2025\/09\/jornal-orla-e1758563207819.png","link":""},{"logo":"https:\/\/www.unisantos.br\/graduacao\/wp-content\/uploads\/sites\/4\/2021\/11\/associacao-comercial-santos.png","link":""},{"logo":"https:\/\/www.unisantos.br\/graduacao\/wp-content\/uploads\/sites\/4\/2021\/11\/fund-parque-tecnologico-1.png","link":""},{"logo":"https:\/\/www.unisantos.br\/graduacao\/wp-content\/uploads\/sites\/4\/2021\/11\/santander.png","link":""},{"logo":"https:\/\/www.unisantos.br\/graduacao\/wp-content\/uploads\/sites\/4\/2021\/11\/google-1.png","link":""},{"logo":"https:\/\/www.unisantos.br\/graduacao\/wp-content\/uploads\/sites\/4\/2021\/11\/dell.png","link":""},{"logo":"https:\/\/www.unisantos.br\/graduacao\/wp-content\/uploads\/sites\/4\/2021\/11\/Latin-american-universities-alliance.png","link":""},{"logo":"https:\/\/www.unisantos.br\/graduacao\/wp-content\/uploads\/sites\/4\/2021\/11\/bookman-2.png","link":""},{"logo":"https:\/\/www.unisantos.br\/graduacao\/wp-content\/uploads\/sites\/4\/2021\/11\/BIBLIOTECA-DIGITAL-SARAIVA-2.png","link":""},{"logo":"https:\/\/www.unisantos.br\/graduacao\/wp-content\/uploads\/sites\/4\/2021\/11\/thomson.png","link":""},{"logo":"https:\/\/www.unisantos.br\/graduacao\/wp-content\/uploads\/sites\/4\/2021\/11\/ABTRA-1.png","link":""},{"logo":"https:\/\/www.unisantos.br\/graduacao\/wp-content\/uploads\/sites\/4\/2021\/11\/microsoft-1.png","link":""},{"logo":"https:\/\/www.unisantos.br\/graduacao\/wp-content\/uploads\/sites\/4\/2021\/11\/c\u00e1ritas.png","link":""},{"logo":"https:\/\/www.unisantos.br\/graduacao\/wp-content\/uploads\/sites\/4\/2021\/11\/pref-cubatao-1.png","link":""},{"logo":"https:\/\/www.unisantos.br\/graduacao\/wp-content\/uploads\/sites\/4\/2021\/11\/pref-guaruja-2.png","link":""},{"logo":"https:\/\/www.unisantos.br\/graduacao\/wp-content\/uploads\/sites\/4\/2021\/11\/pref-praia-grande-3.png","link":""},{"logo":"https:\/\/www.unisantos.br\/graduacao\/wp-content\/uploads\/sites\/4\/2021\/11\/pref-sao-vicente-2.png","link":""},{"logo":"https:\/\/www.unisantos.br\/graduacao\/wp-content\/uploads\/sites\/4\/2021\/11\/PREFEITURA-BERTIOGA-2.png","link":""},{"logo":"https:\/\/www.unisantos.br\/graduacao\/wp-content\/uploads\/sites\/4\/2021\/11\/IMERSYS-2.png","link":""},{"logo":"https:\/\/www.unisantos.br\/graduacao\/wp-content\/uploads\/sites\/4\/2021\/11\/ALGETEC-2.png","link":""},{"logo":"https:\/\/www.unisantos.br\/graduacao\/wp-content\/uploads\/sites\/4\/2021\/11\/pearson.png","link":""},{"logo":"https:\/\/www.unisantos.br\/graduacao\/wp-content\/uploads\/sites\/4\/2021\/11\/mcgraw-2.png","link":""}],"descricao_conv":"O Curso de CI\u00caNCIAS ECON\u00d4MICAS da UNISANTOS prepara voc\u00ea para planejar solu\u00e7\u00f5es para avaliar as causas e consequ\u00eancias dos fen\u00f4menos econ\u00f4micos elaborando planos para propiciar crescimento buscando a sustentabilidade, atuar junto aos agentes econ\u00f4micos do setor p\u00fablico e privado com a\u00e7\u00f5es de melhoria \u00e0 sociedade, compreendendo a economia brasileira e mundial.","conteudos":[{"area":{"value":"pesquisa","label":"Pesquisa"},"tipo":"texto","texto":"<p>A UNISANTOS \u00e9 uma institui\u00e7\u00e3o de pesquisa que valoriza o\u00a0<strong>esp\u00edrito investigativo<\/strong>\u00a0e a\u00a0<strong>inova\u00e7\u00e3o<\/strong>, e entende o desenvolvimento do esp\u00edrito cient\u00edfico como fundamental para uma\u00a0<strong>forma\u00e7\u00e3o completa<\/strong>\u00a0e um diferencial decisivo no mundo globalizado em que vivemos. Por meio do Programa de Inicia\u00e7\u00e3o Cient\u00edfica e das Atividades Curriculares de Pesquisa, inseridos e articulados com as estruturas curriculares,\u00a0<strong>todo estudante da UNISANTOS \u00e9 um pesquisador<\/strong>.<\/p>\n<ul>\n<li><strong>\u00c1reas de pesquisa:<\/strong><\/li>\n<\/ul>\n<p>Conjuntura Econ\u00f4mica da Baixada Santista<\/p>\n<ul>\n<li><strong>Grupos de pesquisa:<\/strong><\/li>\n<\/ul>\n<p>Conjuntura Econ\u00f4mica da Baixada Santista<\/p>\n<p>Grupo de Pesquisa em Governan\u00e7a Global e Regimes Internacionais.<\/p>\n","link":""},{"area":{"value":"extensao","label":"Extens\u00e3o"},"tipo":"texto","texto":"<p>Comprometida com a forma\u00e7\u00e3o do aluno, a UNISANTOS promove a extens\u00e3o universit\u00e1ria por meio de\u00a0<strong>diversos servi\u00e7os e projetos<\/strong>\u00a0<strong>desenvolvidos pelos estudantes, durante a forma\u00e7\u00e3o<\/strong>. S\u00e3o oportunidades para desenvolver novas compet\u00eancias, adquirir experi\u00eancias pr\u00e1ticas e participar do encaminhamento de solu\u00e7\u00f5es para problemas e quest\u00f5es sociais. Por meio desses projetos, a Universidade estimula o desenvolvimento de valores como cidadania, \u00e9tica, responsabilidade, cultura da paz, respeito ao pr\u00f3ximo, solidariedade e justi\u00e7a, entre outros.<\/p>\n<p><strong>Laborat\u00f3rio de Solu\u00e7\u00f5es Organizacionais (Labson) \u2013<\/strong>\u00a0que desenvolve o relacionamento e proporciona campos de atua\u00e7\u00e3o para a pr\u00e1tica da extens\u00e3o aos estudantes da \u00e1rea de Neg\u00f3cios.<\/p>\n<p><strong>N\u00facleo de Apoio Cont\u00e1bil e Fiscal (NAF) \u2013<\/strong>\u00a0programa de extens\u00e3o firmado com a Receita Federal por meio de um termo de colabora\u00e7\u00e3o t\u00e9cnica, voltado \u00e0 capacita\u00e7\u00e3o dos estudantes, que veem o aprendizado acad\u00eamico na pr\u00e1tica de suas obriga\u00e7\u00f5es como profissionais.<\/p>\n<p><strong>C\u00e1lculo do\u00a0\u00cdndice do Custo da Cesta B\u00e1sica de Alimentos<\/strong>\u00a0(ICCB-UNISANTOS)<\/p>\n<p>Elabora\u00e7\u00e3o do\u00a0<strong>Boletim An\u00e1lise dos Indicadores de Gest\u00e3o P\u00fablica da Baixada Santista<\/strong><\/p>\n<p>&nbsp;<\/p>\n","link":""},{"area":{"value":"conteudo-curricular","label":"Conte\u00fado Curricular"},"tipo":"link","texto":"<p>Comprometida com a forma\u00e7\u00e3o do aluno, a UNISANTOS promove a extens\u00e3o universit\u00e1ria por meio de\u00a0<strong>diversos servi\u00e7os e projetos<\/strong>\u00a0<strong>desenvolvidos pelos estudantes, durante a forma\u00e7\u00e3o<\/strong>. S\u00e3o oportunidades para desenvolver novas compet\u00eancias, adquirir experi\u00eancias pr\u00e1ticas e participar do encaminhamento de solu\u00e7\u00f5es para problemas e quest\u00f5es sociais. Por meio desses projetos, a Universidade estimula o desenvolvimento de valores como cidadania, \u00e9tica, responsabilidade, cultura da paz, respeito ao pr\u00f3ximo, solidariedade e justi\u00e7a, entre outros.<\/p>\n<p><strong>Laborat\u00f3rio de Observa\u00e7\u00e3o Econ\u00f4mica Social (Labores) \u2013<\/strong>\u00a0programa de extens\u00e3o que busca e analisa informa\u00e7\u00f5es econ\u00f4micas da Baixada Santista, com a finalidade de promover o maior entendimento da realidade regional.<\/p>\n<p><strong>Laborat\u00f3rio de Solu\u00e7\u00f5es Organizacionais (Labson) \u2013<\/strong>\u00a0que desenvolve o relacionamento e proporciona campos de atua\u00e7\u00e3o para a pr\u00e1tica da extens\u00e3o aos estudantes da \u00e1rea de Neg\u00f3cios.<\/p>\n<p><strong>N\u00facleo de Apoio Cont\u00e1bil e Fiscal (NAF) \u2013<\/strong>\u00a0programa de extens\u00e3o firmado com a Receita Federal por meio de um termo de colabora\u00e7\u00e3o t\u00e9cnica, voltado \u00e0 capacita\u00e7\u00e3o dos estudantes, que veem o aprendizado acad\u00eamico na pr\u00e1tica de suas obriga\u00e7\u00f5es como profissionais.<\/p>\n<p><strong>C\u00e1lculo do\u00a0\u00cdndice do Custo da Cesta B\u00e1sica de Alimentos<\/strong>\u00a0(ICCB-UNISANTOS)<\/p>\n<p>Elabora\u00e7\u00e3o do\u00a0<strong>Boletim An\u00e1lise de Conjuntura Econ\u00f4mica Regional<\/strong><\/p>\n<p><strong>Laborat\u00f3rio de Simula\u00e7\u00e3o e Log\u00edstica<\/strong>\u00a0para uso acad\u00eamico e cient\u00edfico, com modernos softwares: modelagem, simula\u00e7\u00e3o e otimiza\u00e7\u00e3o de processos log\u00edsticos e suporte a opera\u00e7\u00f5es de Com\u00e9rcio Exterior.<\/p>\n<p><strong>Empreendedorismo e Inova\u00e7\u00e3o \u2013<\/strong>\u00a0orienta\u00e7\u00e3o mercadol\u00f3gica e legal para elabora\u00e7\u00e3o de Plano de Neg\u00f3cios.<\/p>\n","link":""},{"area":{"value":"estagio","label":"Est\u00e1gio"},"tipo":"link","texto":"","link":""},{"area":{"value":"noticias","label":"Not\u00edcias"},"tipo":"link","texto":"<p>A UNISANTOS mant\u00e9m um programa de conv\u00eanios com centenas de empresas da regi\u00e3o, onde voc\u00ea ter\u00e1 a oportunidade de estagiar na sua \u00e1rea, com o acompanhamento do setor de est\u00e1gios.<\/p>\n","link":""}],"certificados":false,"subtitulo":"","menu":[{"icone":"https:\/\/www.unisantos.br\/graduacao\/wp-content\/uploads\/sites\/4\/2021\/11\/barra-escura-bolsas-1.svg","link":{"title":"Bolsas","url":" https:\/\/portal.unisantos.br\/bolsas\/","target":""}},{"icone":"https:\/\/www.unisantos.br\/graduacao\/wp-content\/uploads\/sites\/4\/2021\/11\/barra-escura-intercambio.svg","link":{"title":"Interc\u00e2mbio","url":"https:\/\/www.unisantos.br\/internacional\/intercambio-mobilidade-academica\/","target":""}}],"codigo":"301","percursos_formativos":[{"titulo":"Produ\u00e7\u00e3o e Log\u00edstica Integrada","conteudo":[{"acf_fc_layout":"imagem","imagem":{"ID":39936,"id":39936,"title":"percurso formativo - cursos_Opera\u00e7\u00f5es Produ\u00e7\u00e3o e Suprimentos","filename":"percurso-formativo-cursos_Opera\u00e7\u00f5es-Produ\u00e7\u00e3o-e-Suprimentos.jpg","filesize":304818,"url":"https:\/\/www.unisantos.br\/graduacao\/wp-content\/uploads\/sites\/4\/2021\/11\/percurso-formativo-cursos_Opera\u00e7\u00f5es-Produ\u00e7\u00e3o-e-Suprimentos.jpg","link":"https:\/\/www.unisantos.br\/graduacao\/ciencias-economicas\/percurso-formativo-cursos_operacoes-producao-e-suprimentos\/","alt":"","author":"1","description":"","caption":"","name":"percurso-formativo-cursos_operacoes-producao-e-suprimentos","status":"inherit","uploaded_to":101,"date":"2021-11-10 18:37:29","modified":"2021-11-10 18:37:29","menu_order":0,"mime_type":"image\/jpeg","type":"image","subtype":"jpeg","icon":"https:\/\/www.unisantos.br\/graduacao\/wp-includes\/images\/media\/default.png","width":1949,"height":1109,"sizes":{"thumbnail":"https:\/\/www.unisantos.br\/graduacao\/wp-content\/uploads\/sites\/4\/2021\/11\/percurso-formativo-cursos_Opera\u00e7\u00f5es-Produ\u00e7\u00e3o-e-Suprimentos-150x150.jpg","thumbnail-width":150,"thumbnail-height":150,"medium":"https:\/\/www.unisantos.br\/graduacao\/wp-content\/uploads\/sites\/4\/2021\/11\/percurso-formativo-cursos_Opera\u00e7\u00f5es-Produ\u00e7\u00e3o-e-Suprimentos-300x171.jpg","medium-width":300,"medium-height":171,"medium_large":"https:\/\/www.unisantos.br\/graduacao\/wp-content\/uploads\/sites\/4\/2021\/11\/percurso-formativo-cursos_Opera\u00e7\u00f5es-Produ\u00e7\u00e3o-e-Suprimentos-768x437.jpg","medium_large-width":768,"medium_large-height":437,"large":"https:\/\/www.unisantos.br\/graduacao\/wp-content\/uploads\/sites\/4\/2021\/11\/percurso-formativo-cursos_Opera\u00e7\u00f5es-Produ\u00e7\u00e3o-e-Suprimentos-1024x583.jpg","large-width":1024,"large-height":583,"1536x1536":"https:\/\/www.unisantos.br\/graduacao\/wp-content\/uploads\/sites\/4\/2021\/11\/percurso-formativo-cursos_Opera\u00e7\u00f5es-Produ\u00e7\u00e3o-e-Suprimentos.jpg","1536x1536-width":1536,"1536x1536-height":874,"2048x2048":"https:\/\/www.unisantos.br\/graduacao\/wp-content\/uploads\/sites\/4\/2021\/11\/percurso-formativo-cursos_Opera\u00e7\u00f5es-Produ\u00e7\u00e3o-e-Suprimentos.jpg","2048x2048-width":1949,"2048x2048-height":1109}}},{"acf_fc_layout":"texto","texto":"<p>Este percurso formativo contribui para que o economista tenha ampla vis\u00e3o da gest\u00e3o de neg\u00f3cios, principalmente na \u00e1rea de opera\u00e7\u00f5es que envolvem suprimentos e produ\u00e7\u00e3o. Esse conhecimento complementa os aspectos relacionados \u00e0s decis\u00f5es das empresas sobre custos de materiais e distribui\u00e7\u00e3o log\u00edstica, o que aumenta o entendimento sobre toda a cadeia produtiva, desde o segmento de insumos at\u00e9 o cliente final. Assim, o economista poder\u00e1 desenvolver a habilidade de identificar, gerir e solucionar gargalos.<\/p>\n"}]},{"titulo":"Pessoas, Mercado e a Tomada de Decis\u00e3o","conteudo":[{"acf_fc_layout":"imagem","imagem":{"ID":39938,"id":39938,"title":"percurso formativo - cursos_Gest\u00e3o economicas","filename":"percurso-formativo-cursos_Gest\u00e3o-economicas.jpg","filesize":319383,"url":"https:\/\/www.unisantos.br\/graduacao\/wp-content\/uploads\/sites\/4\/2021\/11\/percurso-formativo-cursos_Gest\u00e3o-economicas.jpg","link":"https:\/\/www.unisantos.br\/graduacao\/ciencias-economicas\/percurso-formativo-cursos_gestao-economicas\/","alt":"","author":"1","description":"","caption":"","name":"percurso-formativo-cursos_gestao-economicas","status":"inherit","uploaded_to":101,"date":"2021-11-10 18:39:19","modified":"2021-11-10 18:39:19","menu_order":0,"mime_type":"image\/jpeg","type":"image","subtype":"jpeg","icon":"https:\/\/www.unisantos.br\/graduacao\/wp-includes\/images\/media\/default.png","width":1949,"height":1109,"sizes":{"thumbnail":"https:\/\/www.unisantos.br\/graduacao\/wp-content\/uploads\/sites\/4\/2021\/11\/percurso-formativo-cursos_Gest\u00e3o-economicas-150x150.jpg","thumbnail-width":150,"thumbnail-height":150,"medium":"https:\/\/www.unisantos.br\/graduacao\/wp-content\/uploads\/sites\/4\/2021\/11\/percurso-formativo-cursos_Gest\u00e3o-economicas-300x171.jpg","medium-width":300,"medium-height":171,"medium_large":"https:\/\/www.unisantos.br\/graduacao\/wp-content\/uploads\/sites\/4\/2021\/11\/percurso-formativo-cursos_Gest\u00e3o-economicas-768x437.jpg","medium_large-width":768,"medium_large-height":437,"large":"https:\/\/www.unisantos.br\/graduacao\/wp-content\/uploads\/sites\/4\/2021\/11\/percurso-formativo-cursos_Gest\u00e3o-economicas-1024x583.jpg","large-width":1024,"large-height":583,"1536x1536":"https:\/\/www.unisantos.br\/graduacao\/wp-content\/uploads\/sites\/4\/2021\/11\/percurso-formativo-cursos_Gest\u00e3o-economicas.jpg","1536x1536-width":1536,"1536x1536-height":874,"2048x2048":"https:\/\/www.unisantos.br\/graduacao\/wp-content\/uploads\/sites\/4\/2021\/11\/percurso-formativo-cursos_Gest\u00e3o-economicas.jpg","2048x2048-width":1949,"2048x2048-height":1109}}},{"acf_fc_layout":"texto","texto":"<p>O objetivo deste percurso formativo \u00e9 que o economista amplie habilidades na \u00e1rea de gest\u00e3o, principalmente de pessoas e neg\u00f3cios, fundamentais para as organiza\u00e7\u00f5es. Al\u00e9m do acompanhamento da conjuntura econ\u00f4mica e da proje\u00e7\u00e3o de cen\u00e1rios, o economista moderno precisa, muitas vezes, trabalhar com quest\u00f5es mais pr\u00e1ticas relacionadas \u00e0 administra\u00e7\u00e3o das empresas, como gest\u00e3o, planejamento e tomada de decis\u00f5es.<\/p>\n"}]}],"imagem_video":false,"repetidor_video":false,"mais_informacoes":false,"botao_especial":{"imagem":false,"link":""},"depoimentos":false,"selo":false,"titulo_diferenciais":"Diferenciais do curso","diferenciais":[{"area":"Qualidade comprovada","texto":"<p>Nota 4 na avalia\u00e7\u00e3o do MEC e 4 estrelas do Guia da Faculdade do Estad\u00e3o.<\/p>\n"},{"area":"C\u00e1lculo do \u00cdndice do Custo da Cesta B\u00e1sica de Alimentos (ICCB-UNISANTOS).","texto":"<p>Parceria do Curso de Ci\u00eancias Econ\u00f4micas com a Prefeitura de Santos para pesquisa e publica\u00e7\u00e3o mensal (nos sites do Jornal da Orla e da Prefeitura) da Cesta B\u00e1sica da Cidade de Santos.<\/p>\n"},{"area":"Laborat\u00f3rio de Solu\u00e7\u00f5es Organizacionais (Labson)","texto":"<p>Desenvolve o relacionamento e proporciona campos de atua\u00e7\u00e3o para a pr\u00e1tica da extens\u00e3o aos estudantes da \u00e1rea de Neg\u00f3cios.<\/p>\n"},{"area":"N\u00facleo de Apoio Cont\u00e1bil e Fiscal (NAF)","texto":"<p>Programa de extens\u00e3o firmado com a Receita Federal por meio de um termo de colabora\u00e7\u00e3o t\u00e9cnica voltado \u00e0 capacita\u00e7\u00e3o dos estudantes, que veem o aprendizado acad\u00eamico na pr\u00e1tica de suas obriga\u00e7\u00f5es como profissionais.<\/p>\n"},{"area":"Outros diferenciais","texto":"<p>Conquistou o 2\u00ba. lugar na Gincana Estadual de Economia, realizada pelo Conselho Regional de Economia (Corecon).<\/p>\n<p>Elabora\u00e7\u00e3o do Boletim An\u00e1lise dos Indicadores de Gest\u00e3o P\u00fablica da Baixada Santista.<\/p>\n<p>Conv\u00eanios com universidades internacionais que proporcionam interc\u00e2mbio aos alunos.<\/p>\n<p>Grupo de Pesquisa em Governan\u00e7a Global e Regimes Internacionais.<\/p>\n<p>Maior infraestrutura laboratorial da regi\u00e3o.<\/p>\n<p>Software Gretl\u00ae de suporte aos estudos de econometria.<\/p>\n<p>Feira de Carreiras que atrai dezenas de empresas \u00e0 procura de alunos para vagas de est\u00e1gio, <em>trainee<\/em> e empregos.<\/p>\n<p>Instituto de Pesquisas Cient\u00edficas e Tecnol\u00f3gicas (Ipeci), com mais de 50 grupos de pesquisa cadastrados no CNPq.<\/p>\n<p>Maiores programas de Inicia\u00e7\u00e3o Cient\u00edfica e Inicia\u00e7\u00e3o Tecnol\u00f3gica da regi\u00e3o com bolsas do CNPq.<\/p>\n<p>Maior complexo de bibliotecas da Baixada, com bases de dados e peri\u00f3dicos eletr\u00f4nicos exclusivos.<\/p>\n"}],"conteudo_curricular":"https:\/\/www.unisantos.br\/wp-content\/uploads\/2026\/02\/Ciencias-Economicas_2026-em-andamento.pdf"},"_links":{"self":[{"href":"https:\/\/www.unisantos.br\/graduacao\/wp-json\/wp\/v2\/pages\/101"}],"collection":[{"href":"https:\/\/www.unisantos.br\/graduacao\/wp-json\/wp\/v2\/pages"}],"about":[{"href":"https:\/\/www.unisantos.br\/graduacao\/wp-json\/wp\/v2\/types\/page"}],"author":[{"embeddable":true,"href":"https:\/\/www.unisantos.br\/graduacao\/wp-json\/wp\/v2\/users\/1"}],"replies":[{"embeddable":true,"href":"https:\/\/www.unisantos.br\/graduacao\/wp-json\/wp\/v2\/comments?post=101"}],"version-history":[{"count":9,"href":"https:\/\/www.unisantos.br\/graduacao\/wp-json\/wp\/v2\/pages\/101\/revisions"}],"predecessor-version":[{"id":43232,"href":"https:\/\/www.unisantos.br\/graduacao\/wp-json\/wp\/v2\/pages\/101\/revisions\/43232"}],"wp:featuredmedia":[{"embeddable":true,"href":"https:\/\/www.unisantos.br\/graduacao\/wp-json\/wp\/v2\/media\/38403"}],"wp:attachment":[{"href":"https:\/\/www.unisantos.br\/graduacao\/wp-json\/wp\/v2\/media?parent=101"}],"curies":[{"name":"wp","href":"https:\/\/api.w.org\/{rel}","templated":true}]}}