{"id":57,"date":"2024-06-01T20:04:05","date_gmt":"2024-06-01T23:04:05","guid":{"rendered":"https:\/\/www.unisantos.br\/educacaocientifica2\/?page_id=57"},"modified":"2025-02-18T15:35:46","modified_gmt":"2025-02-18T18:35:46","slug":"modalidades-de-bolsas","status":"publish","type":"page","link":"https:\/\/www.unisantos.br\/educacaocientifica2\/ensino-medio\/modalidades-de-bolsas\/","title":{"rendered":"Modalidades de Bolsas"},"content":{"rendered":"<p>Os estudantes possuem a oportunidade de serem contemplados com bolsas provenientes de duas entidades de fomento: CNPq e UniSantos.<\/p>\n<p><strong>Modalidades de bolsa<\/strong><br \/>\nBolsas de Inicia\u00e7\u00e3o Cient\u00edfica para o Ensino M\u00e9dio\/ T\u00e9cnico &#8211;\u00a0PIBIC-EM, CNPq<br \/>\nBolsas de Inicia\u00e7\u00e3o Cient\u00edfica para o Ensino M\u00e9dio\/ T\u00e9cnico &#8211;\u00a0PROIN-EM, UniSantos<\/p>\n<p>&nbsp;<\/p>\n","protected":false},"excerpt":{"rendered":"<p>Os estudantes possuem a oportunidade de serem contemplados com bolsas provenientes de duas entidades de fomento: CNPq e UniSantos. Modalidades [&hellip;]<\/p>\n","protected":false},"author":1,"featured_media":0,"parent":19,"menu_order":2,"comment_status":"closed","ping_status":"closed","template":"","meta":{"_acf_changed":false,"footnotes":""},"acf":[],"_links":{"self":[{"href":"https:\/\/www.unisantos.br\/educacaocientifica2\/wp-json\/wp\/v2\/pages\/57"}],"collection":[{"href":"https:\/\/www.unisantos.br\/educacaocientifica2\/wp-json\/wp\/v2\/pages"}],"about":[{"href":"https:\/\/www.unisantos.br\/educacaocientifica2\/wp-json\/wp\/v2\/types\/page"}],"author":[{"embeddable":true,"href":"https:\/\/www.unisantos.br\/educacaocientifica2\/wp-json\/wp\/v2\/users\/1"}],"replies":[{"embeddable":true,"href":"https:\/\/www.unisantos.br\/educacaocientifica2\/wp-json\/wp\/v2\/comments?post=57"}],"version-history":[{"count":6,"href":"https:\/\/www.unisantos.br\/educacaocientifica2\/wp-json\/wp\/v2\/pages\/57\/revisions"}],"predecessor-version":[{"id":141,"href":"https:\/\/www.unisantos.br\/educacaocientifica2\/wp-json\/wp\/v2\/pages\/57\/revisions\/141"}],"up":[{"embeddable":true,"href":"https:\/\/www.unisantos.br\/educacaocientifica2\/wp-json\/wp\/v2\/pages\/19"}],"wp:attachment":[{"href":"https:\/\/www.unisantos.br\/educacaocientifica2\/wp-json\/wp\/v2\/media?parent=57"}],"curies":[{"name":"wp","href":"https:\/\/api.w.org\/{rel}","templated":true}]}}